{"id":987,"date":"2014-08-01T07:52:37","date_gmt":"2014-08-01T07:52:37","guid":{"rendered":"https:\/\/www.travel-slovenia.si\/?page_id=987"},"modified":"2015-09-17T12:12:51","modified_gmt":"2015-09-17T12:12:51","slug":"lipicanec","status":"publish","type":"page","link":"https:\/\/www.travel-slovenia.si\/slo\/slovensko\/lipicanec\/","title":{"rendered":"Lipicanec"},"content":{"rendered":"<figure id=\"attachment_3600\" class=\"wp-caption alignleft\" style=\"max-width: 300px\"><img loading=\"lazy\" decoding=\"async\" class=\"wp-image-3600\" src=\"https:\/\/www.travel-slovenia.si\/slo\/wp-content\/uploads\/2014\/08\/travel-slovenia-lipicanec.jpg\" alt=\"Lipicanec za leseno ogrado\" width=\"300\" height=\"400\" srcset=\"https:\/\/www.travel-slovenia.si\/slo\/wp-content\/uploads\/2014\/08\/travel-slovenia-lipicanec.jpg 600w, https:\/\/www.travel-slovenia.si\/slo\/wp-content\/uploads\/2014\/08\/travel-slovenia-lipicanec-225x300.jpg 225w, https:\/\/www.travel-slovenia.si\/slo\/wp-content\/uploads\/2014\/08\/travel-slovenia-lipicanec-18x24.jpg 18w, https:\/\/www.travel-slovenia.si\/slo\/wp-content\/uploads\/2014\/08\/travel-slovenia-lipicanec-27x36.jpg 27w, https:\/\/www.travel-slovenia.si\/slo\/wp-content\/uploads\/2014\/08\/travel-slovenia-lipicanec-36x48.jpg 36w\" sizes=\"auto, (max-width: 300px) 100vw, 300px\" \/><figcaption class=\"wp-caption-text\">Lipicanec za leseno ogrado<\/figcaption><\/figure>\n<p style=\"text-align: justify;\">Lipicanec je \u010dlan pasme konj, vzrejene v Lipici. Pasmo je leta 1580 v Habsbur\u0161ki monarhiji usatnovil Karel, natan\u010dneje na obmo\u010dju slovenskega krasa in je najstarej\u0161a kulturna pasma konj na svetu. Izoblikovali so ga s kri\u017eanjem kra\u0161kih, \u0161panskih in napolitanskih konj, kasneje pa \u0161e z kladrub\u0161kim in arabskim. 19. in 20. Stoletja se je pasma pri\u010dela \u0161iriti, tako ga danes redijo v ve\u010d kot 20 dr\u017eavah po svetu. Skupno \u0161tevilo konj te pasme pa je okoli 3000. Konj je slovenski simbol, upodobljen na slovenskem kovancu za 20 centov.<\/p>\n<h3 style=\"text-align: justify;\">ZNA\u010cILNOSTI PASME<\/h3>\n<p style=\"text-align: justify;\">\u017drebci so visoki 155-158 centimetrov, kobile 153-158 centimetrov, glava je srednje velikosti, suha, zmerno konveksnega profila. O\u010di so velike, temne, \u017eivahnega pogleda,\u00a0s srednje velikimi u\u0161esi, velikimi nosnicami. Vrat je srednje dol\u017eine, nastavljen visoko, konveksen in mi\u0161i\u010dast. Telo je dolgo, \u0161iroko in globoko, noge so \u010dvrste in ozke.<\/p>\n<p style=\"text-align: justify;\">Lipicanec ima \u017eivahen temperament, je dober za dresuro, primeren za izvajanje elementov klasi\u010dne dresure in tudi za vse oblike konjeni\u0161kih udele\u017eb pod sedlom in konjskimi vpregami. Pasma je zelo plodna, dolgo \u017eive\u010da in krmo dobro izkori\u0161\u010da.<\/p>\n<h3>BARVA LIPICANCA<\/h3>\n<p style=\"text-align: justify;\">Lipicanci nisp \u010disto beli konji, in z leti osivijo, nekje med pet in sedem let postanejo skoraj povsem bele barve, kar je posledica sivenja oziroma depigmentacije. Do pred 200 leti so obstajali Lipicanci tudi \u010drne in rjave barve, z belimi lisami. Tradicialno je znano, da ima \u010dreda Lipicancev vedno enega \u010drnega konja.<\/p>\n<p>&nbsp;<\/p>\n<hr \/>\n<p style=\"text-align: justify;\"><img loading=\"lazy\" decoding=\"async\" class=\"alignleft size-full wp-image-3629\" src=\"https:\/\/www.travel-slovenia.si\/slo\/wp-content\/uploads\/2015\/09\/travel-slovenia-edvard-kocbek-lipicanci.jpg\" alt=\"travel-slovenia-edvard-kocbek-lipicanci\" width=\"150\" height=\"150\" srcset=\"https:\/\/www.travel-slovenia.si\/slo\/wp-content\/uploads\/2015\/09\/travel-slovenia-edvard-kocbek-lipicanci.jpg 150w, https:\/\/www.travel-slovenia.si\/slo\/wp-content\/uploads\/2015\/09\/travel-slovenia-edvard-kocbek-lipicanci-83x83.jpg 83w, https:\/\/www.travel-slovenia.si\/slo\/wp-content\/uploads\/2015\/09\/travel-slovenia-edvard-kocbek-lipicanci-55x55.jpg 55w, https:\/\/www.travel-slovenia.si\/slo\/wp-content\/uploads\/2015\/09\/travel-slovenia-edvard-kocbek-lipicanci-24x24.jpg 24w, https:\/\/www.travel-slovenia.si\/slo\/wp-content\/uploads\/2015\/09\/travel-slovenia-edvard-kocbek-lipicanci-36x36.jpg 36w, https:\/\/www.travel-slovenia.si\/slo\/wp-content\/uploads\/2015\/09\/travel-slovenia-edvard-kocbek-lipicanci-48x48.jpg 48w\" sizes=\"auto, (max-width: 150px) 100vw, 150px\" \/><em><strong>Edvard Kocbek<\/strong> <strong>\u2013 Lipicanci<\/strong><\/em><br \/>\nEdvard Kocbek je v pesmi Lipicanci na poeti\u010den na\u010din na\u010din izrazil temeljne zna\u010dilnosti plemenitega belega konja, lipicanca. Konj je nastal s kri\u017eanjem kra\u0161kega konja in drugih konjskih vrst na slovenskem Krasu. Edvard Kocbek je lipicanca upsenil kot sveto \u017eival. [<a href=\"https:\/\/www.travel-slovenia.si\/slo\/edvard-kocbek-lipicanci\/\">_Read more_<\/a>]\n","protected":false},"excerpt":{"rendered":"<p>Lipicanec je \u010dlan pasme konj, vzrejene v Lipici. Pasmo je leta 1580 v Habsbur\u0161ki monarhiji usatnovil Karel, natan\u010dneje na obmo\u010dju slovenskega krasa in je najstarej\u0161a kulturna pasma konj na svetu. Izoblikovali so ga s kri\u017eanjem kra\u0161kih, \u0161panskih in napolitanskih konj, kasneje pa \u0161e z kladrub\u0161kim in arabskim. 19. in 20. Stoletja se je pasma pri\u010dela [&hellip;]<\/p>\n","protected":false},"author":111,"featured_media":0,"parent":10,"menu_order":0,"comment_status":"closed","ping_status":"closed","template":"","meta":{"footnotes":""},"class_list":["post-987","page","type-page","status-publish","hentry"],"yoast_head":"<!-- This site is optimized with the Yoast SEO plugin v25.4 - https:\/\/yoast.com\/wordpress\/plugins\/seo\/ -->\n<title>Lipicanec : Travel-Slovenia<\/title>\n<meta name=\"description\" content=\"Lipicanec je \u010dlan pasme konj, vzrejene v Lipici. Pasmo je leta 1580 v Habsbur\u0161ki monarhiji usatnovil Karel na obmo\u010dju slovenskega krasa.\" \/>\n<meta name=\"robots\" content=\"index, follow, max-snippet:-1, max-image-preview:large, max-video-preview:-1\" \/>\n<link rel=\"canonical\" href=\"https:\/\/www.travel-slovenia.si\/slo\/slovensko\/lipicanec\/\" \/>\n<meta property=\"og:locale\" content=\"sl_SI\" \/>\n<meta property=\"og:type\" content=\"article\" \/>\n<meta property=\"og:title\" content=\"Lipicanec : Travel-Slovenia\" \/>\n<meta property=\"og:description\" content=\"Lipicanec je \u010dlan pasme konj, vzrejene v Lipici. Pasmo je leta 1580 v Habsbur\u0161ki monarhiji usatnovil Karel na obmo\u010dju slovenskega krasa.\" \/>\n<meta property=\"og:url\" content=\"https:\/\/www.travel-slovenia.si\/slo\/slovensko\/lipicanec\/\" \/>\n<meta property=\"og:site_name\" content=\"Travel Slovenia - Sledite lepotam na\u0161e male dr\u017eavice\" \/>\n<meta property=\"article:modified_time\" content=\"2015-09-17T12:12:51+00:00\" \/>\n<meta property=\"og:image\" content=\"https:\/\/www.travel-slovenia.si\/slo\/wp-content\/uploads\/2014\/08\/travel-slovenia-lipicanec.jpg\" \/>\n\t<meta property=\"og:image:width\" content=\"600\" \/>\n\t<meta property=\"og:image:height\" content=\"800\" \/>\n\t<meta property=\"og:image:type\" content=\"image\/jpeg\" \/>\n<meta name=\"twitter:card\" content=\"summary_large_image\" \/>\n<meta name=\"twitter:title\" content=\"Lipicanec : Travel-Slovenia\" \/>\n<meta name=\"twitter:description\" content=\"Lipicanec je \u010dlan pasme konj, vzrejene v Lipici. Pasmo je leta 1580 v Habsbur\u0161ki monarhiji usatnovil Karel na obmo\u010dju slovenskega krasa.\" \/>\n<meta name=\"twitter:image\" content=\"https:\/\/www.travel-slovenia.si\/slo\/wp-content\/uploads\/2014\/08\/travel-slovenia-lipicanec.jpg\" \/>\n<meta name=\"twitter:label1\" content=\"Est. reading time\" \/>\n\t<meta name=\"twitter:data1\" content=\"2 minuti\" \/>\n<script type=\"application\/ld+json\" class=\"yoast-schema-graph\">{\"@context\":\"https:\/\/schema.org\",\"@graph\":[{\"@type\":\"WebPage\",\"@id\":\"https:\/\/www.travel-slovenia.si\/slo\/slovensko\/lipicanec\/\",\"url\":\"https:\/\/www.travel-slovenia.si\/slo\/slovensko\/lipicanec\/\",\"name\":\"Lipicanec : Travel-Slovenia\",\"isPartOf\":{\"@id\":\"https:\/\/www.travel-slovenia.si\/slo\/#website\"},\"primaryImageOfPage\":{\"@id\":\"https:\/\/www.travel-slovenia.si\/slo\/slovensko\/lipicanec\/#primaryimage\"},\"image\":{\"@id\":\"https:\/\/www.travel-slovenia.si\/slo\/slovensko\/lipicanec\/#primaryimage\"},\"thumbnailUrl\":\"https:\/\/www.travel-slovenia.si\/slo\/wp-content\/uploads\/2014\/08\/travel-slovenia-lipicanec.jpg\",\"datePublished\":\"2014-08-01T07:52:37+00:00\",\"dateModified\":\"2015-09-17T12:12:51+00:00\",\"description\":\"Lipicanec je \u010dlan pasme konj, vzrejene v Lipici. Pasmo je leta 1580 v Habsbur\u0161ki monarhiji usatnovil Karel na obmo\u010dju slovenskega krasa.\",\"breadcrumb\":{\"@id\":\"https:\/\/www.travel-slovenia.si\/slo\/slovensko\/lipicanec\/#breadcrumb\"},\"inLanguage\":\"sl-SI\",\"potentialAction\":[{\"@type\":\"ReadAction\",\"target\":[\"https:\/\/www.travel-slovenia.si\/slo\/slovensko\/lipicanec\/\"]}]},{\"@type\":\"ImageObject\",\"inLanguage\":\"sl-SI\",\"@id\":\"https:\/\/www.travel-slovenia.si\/slo\/slovensko\/lipicanec\/#primaryimage\",\"url\":\"https:\/\/www.travel-slovenia.si\/slo\/wp-content\/uploads\/2014\/08\/travel-slovenia-lipicanec.jpg\",\"contentUrl\":\"https:\/\/www.travel-slovenia.si\/slo\/wp-content\/uploads\/2014\/08\/travel-slovenia-lipicanec.jpg\",\"width\":600,\"height\":800},{\"@type\":\"BreadcrumbList\",\"@id\":\"https:\/\/www.travel-slovenia.si\/slo\/slovensko\/lipicanec\/#breadcrumb\",\"itemListElement\":[{\"@type\":\"ListItem\",\"position\":1,\"name\":\"Home\",\"item\":\"https:\/\/www.travel-slovenia.si\/slo\/\"},{\"@type\":\"ListItem\",\"position\":2,\"name\":\"SLOVENSKO\",\"item\":\"https:\/\/www.travel-slovenia.si\/slo\/slovensko\/\"},{\"@type\":\"ListItem\",\"position\":3,\"name\":\"Lipicanec\"}]},{\"@type\":\"WebSite\",\"@id\":\"https:\/\/www.travel-slovenia.si\/slo\/#website\",\"url\":\"https:\/\/www.travel-slovenia.si\/slo\/\",\"name\":\"Travel Slovenia - Sledite lepotam na\u0161e male dr\u017eavice\",\"description\":\"\",\"potentialAction\":[{\"@type\":\"SearchAction\",\"target\":{\"@type\":\"EntryPoint\",\"urlTemplate\":\"https:\/\/www.travel-slovenia.si\/slo\/?s={search_term_string}\"},\"query-input\":{\"@type\":\"PropertyValueSpecification\",\"valueRequired\":true,\"valueName\":\"search_term_string\"}}],\"inLanguage\":\"sl-SI\"}]}<\/script>\n<!-- \/ Yoast SEO plugin. -->","yoast_head_json":{"title":"Lipicanec : Travel-Slovenia","description":"Lipicanec je \u010dlan pasme konj, vzrejene v Lipici. Pasmo je leta 1580 v Habsbur\u0161ki monarhiji usatnovil Karel na obmo\u010dju slovenskega krasa.","robots":{"index":"index","follow":"follow","max-snippet":"max-snippet:-1","max-image-preview":"max-image-preview:large","max-video-preview":"max-video-preview:-1"},"canonical":"https:\/\/www.travel-slovenia.si\/slo\/slovensko\/lipicanec\/","og_locale":"sl_SI","og_type":"article","og_title":"Lipicanec : Travel-Slovenia","og_description":"Lipicanec je \u010dlan pasme konj, vzrejene v Lipici. Pasmo je leta 1580 v Habsbur\u0161ki monarhiji usatnovil Karel na obmo\u010dju slovenskega krasa.","og_url":"https:\/\/www.travel-slovenia.si\/slo\/slovensko\/lipicanec\/","og_site_name":"Travel Slovenia - Sledite lepotam na\u0161e male dr\u017eavice","article_modified_time":"2015-09-17T12:12:51+00:00","og_image":[{"width":600,"height":800,"url":"https:\/\/www.travel-slovenia.si\/slo\/wp-content\/uploads\/2014\/08\/travel-slovenia-lipicanec.jpg","type":"image\/jpeg"}],"twitter_card":"summary_large_image","twitter_title":"Lipicanec : Travel-Slovenia","twitter_description":"Lipicanec je \u010dlan pasme konj, vzrejene v Lipici. Pasmo je leta 1580 v Habsbur\u0161ki monarhiji usatnovil Karel na obmo\u010dju slovenskega krasa.","twitter_image":"https:\/\/www.travel-slovenia.si\/slo\/wp-content\/uploads\/2014\/08\/travel-slovenia-lipicanec.jpg","twitter_misc":{"Est. reading time":"2 minuti"},"schema":{"@context":"https:\/\/schema.org","@graph":[{"@type":"WebPage","@id":"https:\/\/www.travel-slovenia.si\/slo\/slovensko\/lipicanec\/","url":"https:\/\/www.travel-slovenia.si\/slo\/slovensko\/lipicanec\/","name":"Lipicanec : Travel-Slovenia","isPartOf":{"@id":"https:\/\/www.travel-slovenia.si\/slo\/#website"},"primaryImageOfPage":{"@id":"https:\/\/www.travel-slovenia.si\/slo\/slovensko\/lipicanec\/#primaryimage"},"image":{"@id":"https:\/\/www.travel-slovenia.si\/slo\/slovensko\/lipicanec\/#primaryimage"},"thumbnailUrl":"https:\/\/www.travel-slovenia.si\/slo\/wp-content\/uploads\/2014\/08\/travel-slovenia-lipicanec.jpg","datePublished":"2014-08-01T07:52:37+00:00","dateModified":"2015-09-17T12:12:51+00:00","description":"Lipicanec je \u010dlan pasme konj, vzrejene v Lipici. Pasmo je leta 1580 v Habsbur\u0161ki monarhiji usatnovil Karel na obmo\u010dju slovenskega krasa.","breadcrumb":{"@id":"https:\/\/www.travel-slovenia.si\/slo\/slovensko\/lipicanec\/#breadcrumb"},"inLanguage":"sl-SI","potentialAction":[{"@type":"ReadAction","target":["https:\/\/www.travel-slovenia.si\/slo\/slovensko\/lipicanec\/"]}]},{"@type":"ImageObject","inLanguage":"sl-SI","@id":"https:\/\/www.travel-slovenia.si\/slo\/slovensko\/lipicanec\/#primaryimage","url":"https:\/\/www.travel-slovenia.si\/slo\/wp-content\/uploads\/2014\/08\/travel-slovenia-lipicanec.jpg","contentUrl":"https:\/\/www.travel-slovenia.si\/slo\/wp-content\/uploads\/2014\/08\/travel-slovenia-lipicanec.jpg","width":600,"height":800},{"@type":"BreadcrumbList","@id":"https:\/\/www.travel-slovenia.si\/slo\/slovensko\/lipicanec\/#breadcrumb","itemListElement":[{"@type":"ListItem","position":1,"name":"Home","item":"https:\/\/www.travel-slovenia.si\/slo\/"},{"@type":"ListItem","position":2,"name":"SLOVENSKO","item":"https:\/\/www.travel-slovenia.si\/slo\/slovensko\/"},{"@type":"ListItem","position":3,"name":"Lipicanec"}]},{"@type":"WebSite","@id":"https:\/\/www.travel-slovenia.si\/slo\/#website","url":"https:\/\/www.travel-slovenia.si\/slo\/","name":"Travel Slovenia - Sledite lepotam na\u0161e male dr\u017eavice","description":"","potentialAction":[{"@type":"SearchAction","target":{"@type":"EntryPoint","urlTemplate":"https:\/\/www.travel-slovenia.si\/slo\/?s={search_term_string}"},"query-input":{"@type":"PropertyValueSpecification","valueRequired":true,"valueName":"search_term_string"}}],"inLanguage":"sl-SI"}]}},"post_mailing_queue_ids":[],"_links":{"self":[{"href":"https:\/\/www.travel-slovenia.si\/slo\/wp-json\/wp\/v2\/pages\/987","targetHints":{"allow":["GET"]}}],"collection":[{"href":"https:\/\/www.travel-slovenia.si\/slo\/wp-json\/wp\/v2\/pages"}],"about":[{"href":"https:\/\/www.travel-slovenia.si\/slo\/wp-json\/wp\/v2\/types\/page"}],"author":[{"embeddable":true,"href":"https:\/\/www.travel-slovenia.si\/slo\/wp-json\/wp\/v2\/users\/111"}],"replies":[{"embeddable":true,"href":"https:\/\/www.travel-slovenia.si\/slo\/wp-json\/wp\/v2\/comments?post=987"}],"version-history":[{"count":11,"href":"https:\/\/www.travel-slovenia.si\/slo\/wp-json\/wp\/v2\/pages\/987\/revisions"}],"predecessor-version":[{"id":3634,"href":"https:\/\/www.travel-slovenia.si\/slo\/wp-json\/wp\/v2\/pages\/987\/revisions\/3634"}],"up":[{"embeddable":true,"href":"https:\/\/www.travel-slovenia.si\/slo\/wp-json\/wp\/v2\/pages\/10"}],"wp:attachment":[{"href":"https:\/\/www.travel-slovenia.si\/slo\/wp-json\/wp\/v2\/media?parent=987"}],"curies":[{"name":"wp","href":"https:\/\/api.w.org\/{rel}","templated":true}]}}