{"id":8980,"date":"2020-06-29T12:33:56","date_gmt":"2020-06-29T10:33:56","guid":{"rendered":"https:\/\/www.travel-slovenia.si\/slo\/?page_id=8980"},"modified":"2020-06-29T12:36:35","modified_gmt":"2020-06-29T10:36:35","slug":"bivanje-v-sloveniji","status":"publish","type":"page","link":"https:\/\/www.travel-slovenia.si\/slo\/bivanje-v-sloveniji\/","title":{"rendered":"Bivanje v Sloveniji"},"content":{"rendered":"<p style=\"text-align: justify;\"><a href=\"https:\/\/www.travel-slovenia.si\/slo\/apartmaji\/\"><img loading=\"lazy\" decoding=\"async\" class=\"alignleft size-full wp-image-10134\" src=\"https:\/\/www.travel-slovenia.si\/wp-content\/uploads\/2020\/06\/travel-slovenia-apartment.jpg\" alt=\"\" width=\"150\" height=\"150\" \/><\/a><a href=\"https:\/\/www.travel-slovenia.si\/slo\/apartmaji\/\"><strong><em>Apartmaji<\/em><\/strong><\/a><br \/>\nApartma je poslovni nastanitveni prostor, ki je lahko enosobni ali ve\u010dsobni in se navadno uporabljajo za turisti\u010dne no\u010ditve oziroma pre\u017eivljanje dopusta na izbrani lokaciji. Glede na lokacijo apartmaja lastniki ponujajo razli\u010dne dodatne dejavnosti ali nudijo predloge kaj po\u010deti v okolici. [<a href=\"https:\/\/www.travel-slovenia.si\/slo\/apartmaji\/\">_Preberite ve\u010d_<\/a>]\n","protected":false},"excerpt":{"rendered":"<p>Apartmaji Apartma je poslovni nastanitveni prostor, ki je lahko enosobni ali ve\u010dsobni in se navadno uporabljajo za turisti\u010dne no\u010ditve oziroma pre\u017eivljanje dopusta na izbrani lokaciji. Glede na lokacijo apartmaja lastniki ponujajo razli\u010dne dodatne dejavnosti ali nudijo predloge kaj po\u010deti v okolici. [_Preberite ve\u010d_]<\/p>\n","protected":false},"author":111,"featured_media":0,"parent":0,"menu_order":0,"comment_status":"closed","ping_status":"closed","template":"","meta":{"footnotes":""},"class_list":["post-8980","page","type-page","status-publish","hentry"],"yoast_head":"<!-- This site is optimized with the Yoast SEO plugin v25.4 - https:\/\/yoast.com\/wordpress\/plugins\/seo\/ -->\n<title>Bivanje v Sloveniji - Travel Slovenia - Sledite lepotam na\u0161e male dr\u017eavice<\/title>\n<meta name=\"robots\" content=\"index, follow, max-snippet:-1, max-image-preview:large, max-video-preview:-1\" \/>\n<link rel=\"canonical\" href=\"https:\/\/www.travel-slovenia.si\/slo\/bivanje-v-sloveniji\/\" \/>\n<meta property=\"og:locale\" content=\"sl_SI\" \/>\n<meta property=\"og:type\" content=\"article\" \/>\n<meta property=\"og:title\" content=\"Bivanje v Sloveniji - Travel Slovenia - Sledite lepotam na\u0161e male dr\u017eavice\" \/>\n<meta property=\"og:description\" content=\"Apartmaji Apartma je poslovni nastanitveni prostor, ki je lahko enosobni ali ve\u010dsobni in se navadno uporabljajo za turisti\u010dne no\u010ditve oziroma pre\u017eivljanje dopusta na izbrani lokaciji. Glede na lokacijo apartmaja lastniki ponujajo razli\u010dne dodatne dejavnosti ali nudijo predloge kaj po\u010deti v okolici. [_Preberite ve\u010d_]\" \/>\n<meta property=\"og:url\" content=\"https:\/\/www.travel-slovenia.si\/slo\/bivanje-v-sloveniji\/\" \/>\n<meta property=\"og:site_name\" content=\"Travel Slovenia - Sledite lepotam na\u0161e male dr\u017eavice\" \/>\n<meta property=\"article:modified_time\" content=\"2020-06-29T10:36:35+00:00\" \/>\n<meta property=\"og:image\" content=\"https:\/\/www.travel-slovenia.si\/wp-content\/uploads\/2020\/06\/travel-slovenia-apartment.jpg\" \/>\n<meta name=\"twitter:card\" content=\"summary_large_image\" \/>\n<script type=\"application\/ld+json\" class=\"yoast-schema-graph\">{\"@context\":\"https:\/\/schema.org\",\"@graph\":[{\"@type\":\"WebPage\",\"@id\":\"https:\/\/www.travel-slovenia.si\/slo\/bivanje-v-sloveniji\/\",\"url\":\"https:\/\/www.travel-slovenia.si\/slo\/bivanje-v-sloveniji\/\",\"name\":\"Bivanje v Sloveniji - Travel Slovenia - Sledite lepotam na\u0161e male dr\u017eavice\",\"isPartOf\":{\"@id\":\"https:\/\/www.travel-slovenia.si\/slo\/#website\"},\"primaryImageOfPage\":{\"@id\":\"https:\/\/www.travel-slovenia.si\/slo\/bivanje-v-sloveniji\/#primaryimage\"},\"image\":{\"@id\":\"https:\/\/www.travel-slovenia.si\/slo\/bivanje-v-sloveniji\/#primaryimage\"},\"thumbnailUrl\":\"https:\/\/www.travel-slovenia.si\/wp-content\/uploads\/2020\/06\/travel-slovenia-apartment.jpg\",\"datePublished\":\"2020-06-29T10:33:56+00:00\",\"dateModified\":\"2020-06-29T10:36:35+00:00\",\"breadcrumb\":{\"@id\":\"https:\/\/www.travel-slovenia.si\/slo\/bivanje-v-sloveniji\/#breadcrumb\"},\"inLanguage\":\"sl-SI\",\"potentialAction\":[{\"@type\":\"ReadAction\",\"target\":[\"https:\/\/www.travel-slovenia.si\/slo\/bivanje-v-sloveniji\/\"]}]},{\"@type\":\"ImageObject\",\"inLanguage\":\"sl-SI\",\"@id\":\"https:\/\/www.travel-slovenia.si\/slo\/bivanje-v-sloveniji\/#primaryimage\",\"url\":\"https:\/\/www.travel-slovenia.si\/wp-content\/uploads\/2020\/06\/travel-slovenia-apartment.jpg\",\"contentUrl\":\"https:\/\/www.travel-slovenia.si\/wp-content\/uploads\/2020\/06\/travel-slovenia-apartment.jpg\"},{\"@type\":\"BreadcrumbList\",\"@id\":\"https:\/\/www.travel-slovenia.si\/slo\/bivanje-v-sloveniji\/#breadcrumb\",\"itemListElement\":[{\"@type\":\"ListItem\",\"position\":1,\"name\":\"Home\",\"item\":\"https:\/\/www.travel-slovenia.si\/slo\/\"},{\"@type\":\"ListItem\",\"position\":2,\"name\":\"Bivanje v Sloveniji\"}]},{\"@type\":\"WebSite\",\"@id\":\"https:\/\/www.travel-slovenia.si\/slo\/#website\",\"url\":\"https:\/\/www.travel-slovenia.si\/slo\/\",\"name\":\"Travel Slovenia - Sledite lepotam na\u0161e male dr\u017eavice\",\"description\":\"\",\"potentialAction\":[{\"@type\":\"SearchAction\",\"target\":{\"@type\":\"EntryPoint\",\"urlTemplate\":\"https:\/\/www.travel-slovenia.si\/slo\/?s={search_term_string}\"},\"query-input\":{\"@type\":\"PropertyValueSpecification\",\"valueRequired\":true,\"valueName\":\"search_term_string\"}}],\"inLanguage\":\"sl-SI\"}]}<\/script>\n<!-- \/ Yoast SEO plugin. -->","yoast_head_json":{"title":"Bivanje v Sloveniji - Travel Slovenia - Sledite lepotam na\u0161e male dr\u017eavice","robots":{"index":"index","follow":"follow","max-snippet":"max-snippet:-1","max-image-preview":"max-image-preview:large","max-video-preview":"max-video-preview:-1"},"canonical":"https:\/\/www.travel-slovenia.si\/slo\/bivanje-v-sloveniji\/","og_locale":"sl_SI","og_type":"article","og_title":"Bivanje v Sloveniji - Travel Slovenia - Sledite lepotam na\u0161e male dr\u017eavice","og_description":"Apartmaji Apartma je poslovni nastanitveni prostor, ki je lahko enosobni ali ve\u010dsobni in se navadno uporabljajo za turisti\u010dne no\u010ditve oziroma pre\u017eivljanje dopusta na izbrani lokaciji. Glede na lokacijo apartmaja lastniki ponujajo razli\u010dne dodatne dejavnosti ali nudijo predloge kaj po\u010deti v okolici. [_Preberite ve\u010d_]","og_url":"https:\/\/www.travel-slovenia.si\/slo\/bivanje-v-sloveniji\/","og_site_name":"Travel Slovenia - Sledite lepotam na\u0161e male dr\u017eavice","article_modified_time":"2020-06-29T10:36:35+00:00","og_image":[{"url":"https:\/\/www.travel-slovenia.si\/wp-content\/uploads\/2020\/06\/travel-slovenia-apartment.jpg","type":"","width":"","height":""}],"twitter_card":"summary_large_image","schema":{"@context":"https:\/\/schema.org","@graph":[{"@type":"WebPage","@id":"https:\/\/www.travel-slovenia.si\/slo\/bivanje-v-sloveniji\/","url":"https:\/\/www.travel-slovenia.si\/slo\/bivanje-v-sloveniji\/","name":"Bivanje v Sloveniji - Travel Slovenia - Sledite lepotam na\u0161e male dr\u017eavice","isPartOf":{"@id":"https:\/\/www.travel-slovenia.si\/slo\/#website"},"primaryImageOfPage":{"@id":"https:\/\/www.travel-slovenia.si\/slo\/bivanje-v-sloveniji\/#primaryimage"},"image":{"@id":"https:\/\/www.travel-slovenia.si\/slo\/bivanje-v-sloveniji\/#primaryimage"},"thumbnailUrl":"https:\/\/www.travel-slovenia.si\/wp-content\/uploads\/2020\/06\/travel-slovenia-apartment.jpg","datePublished":"2020-06-29T10:33:56+00:00","dateModified":"2020-06-29T10:36:35+00:00","breadcrumb":{"@id":"https:\/\/www.travel-slovenia.si\/slo\/bivanje-v-sloveniji\/#breadcrumb"},"inLanguage":"sl-SI","potentialAction":[{"@type":"ReadAction","target":["https:\/\/www.travel-slovenia.si\/slo\/bivanje-v-sloveniji\/"]}]},{"@type":"ImageObject","inLanguage":"sl-SI","@id":"https:\/\/www.travel-slovenia.si\/slo\/bivanje-v-sloveniji\/#primaryimage","url":"https:\/\/www.travel-slovenia.si\/wp-content\/uploads\/2020\/06\/travel-slovenia-apartment.jpg","contentUrl":"https:\/\/www.travel-slovenia.si\/wp-content\/uploads\/2020\/06\/travel-slovenia-apartment.jpg"},{"@type":"BreadcrumbList","@id":"https:\/\/www.travel-slovenia.si\/slo\/bivanje-v-sloveniji\/#breadcrumb","itemListElement":[{"@type":"ListItem","position":1,"name":"Home","item":"https:\/\/www.travel-slovenia.si\/slo\/"},{"@type":"ListItem","position":2,"name":"Bivanje v Sloveniji"}]},{"@type":"WebSite","@id":"https:\/\/www.travel-slovenia.si\/slo\/#website","url":"https:\/\/www.travel-slovenia.si\/slo\/","name":"Travel Slovenia - Sledite lepotam na\u0161e male dr\u017eavice","description":"","potentialAction":[{"@type":"SearchAction","target":{"@type":"EntryPoint","urlTemplate":"https:\/\/www.travel-slovenia.si\/slo\/?s={search_term_string}"},"query-input":{"@type":"PropertyValueSpecification","valueRequired":true,"valueName":"search_term_string"}}],"inLanguage":"sl-SI"}]}},"post_mailing_queue_ids":[],"_links":{"self":[{"href":"https:\/\/www.travel-slovenia.si\/slo\/wp-json\/wp\/v2\/pages\/8980","targetHints":{"allow":["GET"]}}],"collection":[{"href":"https:\/\/www.travel-slovenia.si\/slo\/wp-json\/wp\/v2\/pages"}],"about":[{"href":"https:\/\/www.travel-slovenia.si\/slo\/wp-json\/wp\/v2\/types\/page"}],"author":[{"embeddable":true,"href":"https:\/\/www.travel-slovenia.si\/slo\/wp-json\/wp\/v2\/users\/111"}],"replies":[{"embeddable":true,"href":"https:\/\/www.travel-slovenia.si\/slo\/wp-json\/wp\/v2\/comments?post=8980"}],"version-history":[{"count":3,"href":"https:\/\/www.travel-slovenia.si\/slo\/wp-json\/wp\/v2\/pages\/8980\/revisions"}],"predecessor-version":[{"id":8986,"href":"https:\/\/www.travel-slovenia.si\/slo\/wp-json\/wp\/v2\/pages\/8980\/revisions\/8986"}],"wp:attachment":[{"href":"https:\/\/www.travel-slovenia.si\/slo\/wp-json\/wp\/v2\/media?parent=8980"}],"curies":[{"name":"wp","href":"https:\/\/api.w.org\/{rel}","templated":true}]}}