{"id":8504,"date":"2019-11-11T10:39:54","date_gmt":"2019-11-11T09:39:54","guid":{"rendered":"https:\/\/www.travel-slovenia.si\/slo\/?page_id=8504"},"modified":"2019-11-11T10:42:19","modified_gmt":"2019-11-11T09:42:19","slug":"ptujski-luk","status":"publish","type":"page","link":"https:\/\/www.travel-slovenia.si\/slo\/ptujski-luk\/","title":{"rendered":"Ptujski l\u00fck"},"content":{"rendered":"<p style=\"text-align: justify;\"><img loading=\"lazy\" decoding=\"async\" class=\"alignleft wp-image-9501\" src=\"https:\/\/www.travel-slovenia.si\/wp-content\/uploads\/2019\/11\/travel-slovenia-ptuj-onion-certificate.jpg\" alt=\"\" width=\"300\" height=\"577\" \/>Ptujski l\u00fck je slovenska sorta \u010debule in staro ime za \u010debulo. Na Ptujskem polju jo pridelujejo \u017ee ve\u010d kot 200 let in je posebnega izgleda ter okusa, zaradi \u010desar je pridobila oznako za\u0161\u010ditena geografska ozna\u010dba, vpisan kot Ptujska rde\u010da. Je za\u0161\u010ditena slovenska zelenjava s certifikatom, za\u0161\u010ditena z geografsko ozna\u010dbo. Ptujski l\u00fck je edinstven, saj v Sloveniji ni druge sorte ali hibrida, ki bi bil tako podoben Ptujskemu l\u00fcku, da bi ga lahko zamenjali z njim.<\/p>\n<p style=\"text-align: justify;\">Obmo\u010dje pridelovanja ptujske \u010debule je zgodovinsko pogojeno in obsega ravninski del ptujskega polja, ki se razteza med reko Dravo, reko Pesnico, mestoma Ptuj in Ormo\u017e ter obronki Slovenskih goric. Podnebje je na tem koncu ravno pravo za pridelavo, saj ima ustrezno razporeditev padavin in plitva tla, ki so humozna, hitro ogreta in suha. Prav to je vzrok, da je Ptujski l\u00fck razvil ostrej\u0161i okus, po katerem je najbolj prepoznaven.<\/p>\n<div>\n<p style=\"text-align: justify;\">Ptujski l\u00fck je izredne kakovosti in ima odli\u010dne lastnosti v kuhinji. Primeren je za sve\u017eo uporabo in skladi\u0161\u010denje. \u010cebula lahko vzdr\u017ei dolgo v tudi manj primernih skladi\u0161\u010dih. Njegov okus vedno pomaga pri ustvarjanju kulinari\u010dnih dobrot. Pri kuhanju hitro razpade in ne porjavi, kar ga naredi primernega za kuhanje. Njegova zmerna ostrina daje jedem izjemen okus. Ptujski l\u00fck se vedno nare\u017ee tik pred uporabo, saj se takrat aktivira veliko koristnih stvari. Narezan ne sme stati predolgo, saj se to odra\u017ea v postanem okusu. Najbolj koristen je sve\u017e, zato je priporo\u010dljivo, da ga tak\u0161nega tudi u\u017eivate.<\/p>\n<p style=\"text-align: justify;\">\u010cebula ima visoko vsebnost su\u0161ine, vitaminov in mineralov ter dobro vpliva na zdravje, kar je njena posebnost. Zaradi bakteriocidnih u\u010dinkov ga \u0161tejemo med naravne antibiotike.<\/p>\n<table style=\"width: 100%; border-collapse: collapse;\">\n<tbody>\n<tr>\n<td style=\"width: 100%;\">\n<figure id=\"attachment_9500\" class=\"wp-caption alignleft\" style=\"max-width: 290px\"><img loading=\"lazy\" decoding=\"async\" class=\"wp-image-9500\" src=\"https:\/\/www.travel-slovenia.si\/wp-content\/uploads\/2019\/11\/travel-slovenia-ptuj-onion-02-300x200.jpg\" alt=\"\" width=\"290\" height=\"193\" \/><figcaption class=\"wp-caption-text\">Ptujski l\u00fck<\/figcaption><\/figure> <figure id=\"attachment_9499\" class=\"wp-caption alignright\" style=\"max-width: 290px\"><img loading=\"lazy\" decoding=\"async\" class=\"wp-image-9499\" src=\"https:\/\/www.travel-slovenia.si\/wp-content\/uploads\/2019\/11\/travel-slovenia-ptuj-onion-01-300x200.jpg\" alt=\"\" width=\"290\" height=\"193\" \/><figcaption class=\"wp-caption-text\">Ptujski l\u00fck<\/figcaption><\/figure><\/td>\n<\/tr>\n<\/tbody>\n<\/table>\n<h3>Tradicija in kultura l\u00fckarjev<\/h3>\n<p style=\"text-align: justify;\">Po starih legendah naj bi to \u010debulo na na\u0161e obmo\u010dje prinesli Turki in je neko\u010d pomenila glavni vir dohodka. Starej\u0161i l\u00fckarji pripovedujejo, da so lahko na 10ih arih pridelali dovolj l\u00fcka za \u0161tipendijo ali pre\u017eivetje male do srednje kmetije. Najve\u010d so ga prodajali pozno jeseni in \u010dez zimo, zato je morala biti debela, dobro posu\u0161ena in morala je pozno kaliti. V ve\u010dini primerov so jo prodajali za kuhanje, zato je bil Ptujski l\u00fck najbolj\u0161a izbira: ob kuhanju hitro razpade, vendar obdr\u017ei zna\u010dilen okus.<\/p>\n<p style=\"text-align: justify;\">L\u00fckarji s Ptujskega polja so tradicijo triletne pridelave \u010debule ohranili vse do danes. Tako kot nekdaj, ga tudi danes pridelujejo na naravi prijazen na\u010din integriran ali ekolo\u0161ki, ki zagotavlja visoko kakovost njegovih plodov. Skladno z dolgo zgodovino pridelave so se v teh krajih razvili in obdr\u017eali mnogi l\u00fckarski obi\u010daji, tradicionalne jedi in tudi arhitektura hi\u0161, katerih napu\u0161\u010di so bili prilagojeni za su\u0161enje l\u00fcka.<\/p>\n<p style=\"text-align: justify;\"><em><strong>Po \u010dem prepoznate Ptujski l\u00fck z za\u0161\u010diteno geografsko ozna\u010dbo:<\/strong><\/em><\/p>\n<ul>\n<li>sr\u010dasta &#8211; plo\u0161\u010data oblika<\/li>\n<li>rde\u010derjava do svetlo rde\u010da barva zunanjih suhih luskolistov<\/li>\n<li>belo meso z vijoli\u010dno rde\u010dim nadihom in mo\u010dnej\u0161im vijoli\u010dnim robom<\/li>\n<li>dobro prena\u0161a skladi\u0161\u010denje<\/li>\n<li>hitro razpade ob kuhanju<\/li>\n<li>najbolj zna\u010dilen je zmerno oster okus<\/li>\n<li>mo\u010dan vonj po \u010debuli<\/li>\n<\/ul>\n<h3>Venci Ptujskega l\u00fcka<\/h3>\n<p style=\"text-align: justify;\">Najdemo ga v obliki tradicionalnih vencev in manj\u0161ih pakiranjih. Zaradi pletenja v kite ima Ptujski l\u00fck z za\u0161\u010diteno geografsko ozna\u010dbo ve\u010d zelenega listja, listje je bolj \u017eilavo in se ne lomi ob puljenju. Slednje je zelo pomembno, saj \u017ee od nekdaj Ptujski l\u00fck spravljajo izklju\u010dno ro\u010dno.<\/p>\n<p style=\"text-align: justify;\"><em><strong>Uporaba Ptujskega l\u00fcka:<\/strong><\/em><\/p>\n<ul>\n<li>za zbijanje temperature, pri pikih os in drugih insektov<\/li>\n<li>razku\u017euje ustno votlino in celoten prebavni trakt<\/li>\n<li>pospe\u0161uje prebavo in olaj\u0161uje izka\u0161ljevanje<\/li>\n<li>odli\u010dno u\u010dinkuje tudi pri razli\u010dnih prehladnih obolenjih<\/li>\n<li>pomaga pri odvajanju vode iz telesa, zni\u017euje krvni tlak in raven holesterola v krvi<\/li>\n<li>uporaben je tudi za pripravo obkladkov za razku\u017eevanje ran<\/li>\n<li>pomaga pri vzbujanju teka, zaradi specifi\u010dnega okusa in vonja<\/li>\n<\/ul>\n<p>&nbsp;<\/p>\n<table>\n<tbody>\n<tr>\n<td style=\"text-align: center;\"><a href=\"https:\/\/www.travel-slovenia.si\/slo\/slovensko\/kulinaricne-dobrote\/\"><img loading=\"lazy\" decoding=\"async\" class=\"alignleft wp-image-4499 size-full\" src=\"https:\/\/www.travel-slovenia.si\/slo\/wp-content\/uploads\/2014\/09\/travel-slovenia-povezava-na-drugo.jpg\" alt=\"travel-slovenia-povezava-na-drugo\" width=\"128\" height=\"22\" srcset=\"https:\/\/www.travel-slovenia.si\/slo\/wp-content\/uploads\/2014\/09\/travel-slovenia-povezava-na-drugo.jpg 128w, https:\/\/www.travel-slovenia.si\/slo\/wp-content\/uploads\/2014\/09\/travel-slovenia-povezava-na-drugo-24x4.jpg 24w, https:\/\/www.travel-slovenia.si\/slo\/wp-content\/uploads\/2014\/09\/travel-slovenia-povezava-na-drugo-36x6.jpg 36w, https:\/\/www.travel-slovenia.si\/slo\/wp-content\/uploads\/2014\/09\/travel-slovenia-povezava-na-drugo-48x8.jpg 48w\" sizes=\"auto, (max-width: 128px) 100vw, 128px\" \/><\/a><a href=\"https:\/\/www.travel-slovenia.si\/slo\/slovensko\/kulinaricne-dobrote\/\">Poglejte \u0161e druge kulinari\u010dna dobrote!<\/a><a href=\"https:\/\/www.travel-slovenia.si\/slo\/slovensko\/kulinaricne-dobrote\/\"><img loading=\"lazy\" decoding=\"async\" class=\"alignright wp-image-4500 size-full\" src=\"https:\/\/www.travel-slovenia.si\/slo\/wp-content\/uploads\/2014\/09\/travel-slovenia-povezava-na-drugo2.jpg\" alt=\"travel-slovenia-povezava-na-drugo2\" width=\"128\" height=\"22\" srcset=\"https:\/\/www.travel-slovenia.si\/slo\/wp-content\/uploads\/2014\/09\/travel-slovenia-povezava-na-drugo2.jpg 128w, https:\/\/www.travel-slovenia.si\/slo\/wp-content\/uploads\/2014\/09\/travel-slovenia-povezava-na-drugo2-24x4.jpg 24w, https:\/\/www.travel-slovenia.si\/slo\/wp-content\/uploads\/2014\/09\/travel-slovenia-povezava-na-drugo2-36x6.jpg 36w, https:\/\/www.travel-slovenia.si\/slo\/wp-content\/uploads\/2014\/09\/travel-slovenia-povezava-na-drugo2-48x8.jpg 48w\" sizes=\"auto, (max-width: 128px) 100vw, 128px\" \/><\/a><\/td>\n<\/tr>\n<\/tbody>\n<\/table>\n<\/div>\n","protected":false},"excerpt":{"rendered":"<p>Ptujski l\u00fck je slovenska sorta \u010debule in staro ime za \u010debulo. Na Ptujskem polju jo pridelujejo \u017ee ve\u010d kot 200 let in je posebnega izgleda ter okusa, zaradi \u010desar je pridobila oznako za\u0161\u010ditena geografska ozna\u010dba, vpisan kot Ptujska rde\u010da. Je za\u0161\u010ditena slovenska zelenjava s certifikatom, za\u0161\u010ditena z geografsko ozna\u010dbo. Ptujski l\u00fck je edinstven, saj v [&hellip;]<\/p>\n","protected":false},"author":111,"featured_media":0,"parent":0,"menu_order":0,"comment_status":"closed","ping_status":"closed","template":"","meta":{"footnotes":""},"class_list":["post-8504","page","type-page","status-publish","hentry"],"yoast_head":"<!-- This site is optimized with the Yoast SEO plugin v25.4 - https:\/\/yoast.com\/wordpress\/plugins\/seo\/ -->\n<title>Ptujski l\u00fck : Travel-Slovenia<\/title>\n<meta name=\"description\" content=\"Ptujski l\u00fck je slovenska sorta \u010debule in staro ime za \u010debulo. Na Ptujskem polju jo pridelujejo \u017ee ve\u010d kot 200 let in je posebnega izgleda ter okusa.\" \/>\n<meta name=\"robots\" content=\"index, follow, max-snippet:-1, max-image-preview:large, max-video-preview:-1\" \/>\n<link rel=\"canonical\" href=\"https:\/\/www.travel-slovenia.si\/slo\/ptujski-luk\/\" \/>\n<meta property=\"og:locale\" content=\"sl_SI\" \/>\n<meta property=\"og:type\" content=\"article\" \/>\n<meta property=\"og:title\" content=\"Ptujski l\u00fck : Travel-Slovenia\" \/>\n<meta property=\"og:description\" content=\"Ptujski l\u00fck je slovenska sorta \u010debule in staro ime za \u010debulo. Na Ptujskem polju jo pridelujejo \u017ee ve\u010d kot 200 let in je posebnega izgleda ter okusa.\" \/>\n<meta property=\"og:url\" content=\"https:\/\/www.travel-slovenia.si\/slo\/ptujski-luk\/\" \/>\n<meta property=\"og:site_name\" content=\"Travel Slovenia - Sledite lepotam na\u0161e male dr\u017eavice\" \/>\n<meta property=\"article:modified_time\" content=\"2019-11-11T09:42:19+00:00\" \/>\n<meta property=\"og:image\" content=\"https:\/\/www.travel-slovenia.si\/slo\/wp-content\/uploads\/2019\/11\/travel-slovenia-ptuj-onion-02.jpg\" \/>\n\t<meta property=\"og:image:width\" content=\"600\" \/>\n\t<meta property=\"og:image:height\" content=\"400\" \/>\n\t<meta property=\"og:image:type\" content=\"image\/jpeg\" \/>\n<meta name=\"twitter:card\" content=\"summary_large_image\" \/>\n<meta name=\"twitter:title\" content=\"Ptujski l\u00fck : Travel-Slovenia\" \/>\n<meta name=\"twitter:description\" content=\"Ptujski l\u00fck je slovenska sorta \u010debule in staro ime za \u010debulo. Na Ptujskem polju jo pridelujejo \u017ee ve\u010d kot 200 let in je posebnega izgleda ter okusa.\" \/>\n<meta name=\"twitter:image\" content=\"https:\/\/www.travel-slovenia.si\/slo\/wp-content\/uploads\/2019\/11\/travel-slovenia-ptuj-onion-02.jpg\" \/>\n<meta name=\"twitter:label1\" content=\"Est. reading time\" \/>\n\t<meta name=\"twitter:data1\" content=\"3 minute\" \/>\n<script type=\"application\/ld+json\" class=\"yoast-schema-graph\">{\"@context\":\"https:\/\/schema.org\",\"@graph\":[{\"@type\":\"WebPage\",\"@id\":\"https:\/\/www.travel-slovenia.si\/slo\/ptujski-luk\/\",\"url\":\"https:\/\/www.travel-slovenia.si\/slo\/ptujski-luk\/\",\"name\":\"Ptujski l\u00fck : Travel-Slovenia\",\"isPartOf\":{\"@id\":\"https:\/\/www.travel-slovenia.si\/slo\/#website\"},\"primaryImageOfPage\":{\"@id\":\"https:\/\/www.travel-slovenia.si\/slo\/ptujski-luk\/#primaryimage\"},\"image\":{\"@id\":\"https:\/\/www.travel-slovenia.si\/slo\/ptujski-luk\/#primaryimage\"},\"thumbnailUrl\":\"https:\/\/www.travel-slovenia.si\/wp-content\/uploads\/2019\/11\/travel-slovenia-ptuj-onion-certificate.jpg\",\"datePublished\":\"2019-11-11T09:39:54+00:00\",\"dateModified\":\"2019-11-11T09:42:19+00:00\",\"description\":\"Ptujski l\u00fck je slovenska sorta \u010debule in staro ime za \u010debulo. Na Ptujskem polju jo pridelujejo \u017ee ve\u010d kot 200 let in je posebnega izgleda ter okusa.\",\"breadcrumb\":{\"@id\":\"https:\/\/www.travel-slovenia.si\/slo\/ptujski-luk\/#breadcrumb\"},\"inLanguage\":\"sl-SI\",\"potentialAction\":[{\"@type\":\"ReadAction\",\"target\":[\"https:\/\/www.travel-slovenia.si\/slo\/ptujski-luk\/\"]}]},{\"@type\":\"ImageObject\",\"inLanguage\":\"sl-SI\",\"@id\":\"https:\/\/www.travel-slovenia.si\/slo\/ptujski-luk\/#primaryimage\",\"url\":\"https:\/\/www.travel-slovenia.si\/wp-content\/uploads\/2019\/11\/travel-slovenia-ptuj-onion-certificate.jpg\",\"contentUrl\":\"https:\/\/www.travel-slovenia.si\/wp-content\/uploads\/2019\/11\/travel-slovenia-ptuj-onion-certificate.jpg\"},{\"@type\":\"BreadcrumbList\",\"@id\":\"https:\/\/www.travel-slovenia.si\/slo\/ptujski-luk\/#breadcrumb\",\"itemListElement\":[{\"@type\":\"ListItem\",\"position\":1,\"name\":\"Home\",\"item\":\"https:\/\/www.travel-slovenia.si\/slo\/\"},{\"@type\":\"ListItem\",\"position\":2,\"name\":\"Ptujski l\u00fck\"}]},{\"@type\":\"WebSite\",\"@id\":\"https:\/\/www.travel-slovenia.si\/slo\/#website\",\"url\":\"https:\/\/www.travel-slovenia.si\/slo\/\",\"name\":\"Travel Slovenia - Sledite lepotam na\u0161e male dr\u017eavice\",\"description\":\"\",\"potentialAction\":[{\"@type\":\"SearchAction\",\"target\":{\"@type\":\"EntryPoint\",\"urlTemplate\":\"https:\/\/www.travel-slovenia.si\/slo\/?s={search_term_string}\"},\"query-input\":{\"@type\":\"PropertyValueSpecification\",\"valueRequired\":true,\"valueName\":\"search_term_string\"}}],\"inLanguage\":\"sl-SI\"}]}<\/script>\n<!-- \/ Yoast SEO plugin. -->","yoast_head_json":{"title":"Ptujski l\u00fck : Travel-Slovenia","description":"Ptujski l\u00fck je slovenska sorta \u010debule in staro ime za \u010debulo. Na Ptujskem polju jo pridelujejo \u017ee ve\u010d kot 200 let in je posebnega izgleda ter okusa.","robots":{"index":"index","follow":"follow","max-snippet":"max-snippet:-1","max-image-preview":"max-image-preview:large","max-video-preview":"max-video-preview:-1"},"canonical":"https:\/\/www.travel-slovenia.si\/slo\/ptujski-luk\/","og_locale":"sl_SI","og_type":"article","og_title":"Ptujski l\u00fck : Travel-Slovenia","og_description":"Ptujski l\u00fck je slovenska sorta \u010debule in staro ime za \u010debulo. Na Ptujskem polju jo pridelujejo \u017ee ve\u010d kot 200 let in je posebnega izgleda ter okusa.","og_url":"https:\/\/www.travel-slovenia.si\/slo\/ptujski-luk\/","og_site_name":"Travel Slovenia - Sledite lepotam na\u0161e male dr\u017eavice","article_modified_time":"2019-11-11T09:42:19+00:00","og_image":[{"width":600,"height":400,"url":"https:\/\/www.travel-slovenia.si\/slo\/wp-content\/uploads\/2019\/11\/travel-slovenia-ptuj-onion-02.jpg","type":"image\/jpeg"}],"twitter_card":"summary_large_image","twitter_title":"Ptujski l\u00fck : Travel-Slovenia","twitter_description":"Ptujski l\u00fck je slovenska sorta \u010debule in staro ime za \u010debulo. Na Ptujskem polju jo pridelujejo \u017ee ve\u010d kot 200 let in je posebnega izgleda ter okusa.","twitter_image":"https:\/\/www.travel-slovenia.si\/slo\/wp-content\/uploads\/2019\/11\/travel-slovenia-ptuj-onion-02.jpg","twitter_misc":{"Est. reading time":"3 minute"},"schema":{"@context":"https:\/\/schema.org","@graph":[{"@type":"WebPage","@id":"https:\/\/www.travel-slovenia.si\/slo\/ptujski-luk\/","url":"https:\/\/www.travel-slovenia.si\/slo\/ptujski-luk\/","name":"Ptujski l\u00fck : Travel-Slovenia","isPartOf":{"@id":"https:\/\/www.travel-slovenia.si\/slo\/#website"},"primaryImageOfPage":{"@id":"https:\/\/www.travel-slovenia.si\/slo\/ptujski-luk\/#primaryimage"},"image":{"@id":"https:\/\/www.travel-slovenia.si\/slo\/ptujski-luk\/#primaryimage"},"thumbnailUrl":"https:\/\/www.travel-slovenia.si\/wp-content\/uploads\/2019\/11\/travel-slovenia-ptuj-onion-certificate.jpg","datePublished":"2019-11-11T09:39:54+00:00","dateModified":"2019-11-11T09:42:19+00:00","description":"Ptujski l\u00fck je slovenska sorta \u010debule in staro ime za \u010debulo. Na Ptujskem polju jo pridelujejo \u017ee ve\u010d kot 200 let in je posebnega izgleda ter okusa.","breadcrumb":{"@id":"https:\/\/www.travel-slovenia.si\/slo\/ptujski-luk\/#breadcrumb"},"inLanguage":"sl-SI","potentialAction":[{"@type":"ReadAction","target":["https:\/\/www.travel-slovenia.si\/slo\/ptujski-luk\/"]}]},{"@type":"ImageObject","inLanguage":"sl-SI","@id":"https:\/\/www.travel-slovenia.si\/slo\/ptujski-luk\/#primaryimage","url":"https:\/\/www.travel-slovenia.si\/wp-content\/uploads\/2019\/11\/travel-slovenia-ptuj-onion-certificate.jpg","contentUrl":"https:\/\/www.travel-slovenia.si\/wp-content\/uploads\/2019\/11\/travel-slovenia-ptuj-onion-certificate.jpg"},{"@type":"BreadcrumbList","@id":"https:\/\/www.travel-slovenia.si\/slo\/ptujski-luk\/#breadcrumb","itemListElement":[{"@type":"ListItem","position":1,"name":"Home","item":"https:\/\/www.travel-slovenia.si\/slo\/"},{"@type":"ListItem","position":2,"name":"Ptujski l\u00fck"}]},{"@type":"WebSite","@id":"https:\/\/www.travel-slovenia.si\/slo\/#website","url":"https:\/\/www.travel-slovenia.si\/slo\/","name":"Travel Slovenia - Sledite lepotam na\u0161e male dr\u017eavice","description":"","potentialAction":[{"@type":"SearchAction","target":{"@type":"EntryPoint","urlTemplate":"https:\/\/www.travel-slovenia.si\/slo\/?s={search_term_string}"},"query-input":{"@type":"PropertyValueSpecification","valueRequired":true,"valueName":"search_term_string"}}],"inLanguage":"sl-SI"}]}},"post_mailing_queue_ids":[],"_links":{"self":[{"href":"https:\/\/www.travel-slovenia.si\/slo\/wp-json\/wp\/v2\/pages\/8504","targetHints":{"allow":["GET"]}}],"collection":[{"href":"https:\/\/www.travel-slovenia.si\/slo\/wp-json\/wp\/v2\/pages"}],"about":[{"href":"https:\/\/www.travel-slovenia.si\/slo\/wp-json\/wp\/v2\/types\/page"}],"author":[{"embeddable":true,"href":"https:\/\/www.travel-slovenia.si\/slo\/wp-json\/wp\/v2\/users\/111"}],"replies":[{"embeddable":true,"href":"https:\/\/www.travel-slovenia.si\/slo\/wp-json\/wp\/v2\/comments?post=8504"}],"version-history":[{"count":4,"href":"https:\/\/www.travel-slovenia.si\/slo\/wp-json\/wp\/v2\/pages\/8504\/revisions"}],"predecessor-version":[{"id":8511,"href":"https:\/\/www.travel-slovenia.si\/slo\/wp-json\/wp\/v2\/pages\/8504\/revisions\/8511"}],"wp:attachment":[{"href":"https:\/\/www.travel-slovenia.si\/slo\/wp-json\/wp\/v2\/media?parent=8504"}],"curies":[{"name":"wp","href":"https:\/\/api.w.org\/{rel}","templated":true}]}}