{"id":7617,"date":"2018-09-17T12:56:19","date_gmt":"2018-09-17T10:56:19","guid":{"rendered":"https:\/\/www.travel-slovenia.si\/slo\/?page_id=7617"},"modified":"2019-10-03T10:25:25","modified_gmt":"2019-10-03T08:25:25","slug":"17-september","status":"publish","type":"page","link":"https:\/\/www.travel-slovenia.si\/slo\/17-september\/","title":{"rendered":"17. september"},"content":{"rendered":"<p style=\"text-align: justify;\"><a href=\"https:\/\/www.travel-slovenia.si\/slo\/france-bevk\/\"><img loading=\"lazy\" decoding=\"async\" class=\"alignleft size-full wp-image-9243\" src=\"https:\/\/www.travel-slovenia.si\/wp-content\/uploads\/2019\/10\/travel-slovenia-france-bevk-view.jpg\" alt=\"\" width=\"150\" height=\"150\" \/><\/a><a href=\"https:\/\/www.travel-slovenia.si\/slo\/france-bevk\/\"><strong><em>France Bevk<\/em><\/strong><\/a><br \/>\nNa dana\u0161nji dan leta 1890 se je rodil slovenski pisatelj, pesnik, dramatik, prevajalec, urednik in politik France Bevk. Umrl je 17. septembra 1970 v Ljubljani, pokopan je v Solkanu. Bil je najstarej\u0161i od osmih otrok va\u0161kega \u010devljarja Ivana in matere Katarine.  \u0160olal se je v ljudski \u0161oli v Bukovem. [<a href=\"https:\/\/www.travel-slovenia.si\/slo\/france-bevk\/\">_Read more_<\/a>]\n<p style=\"text-align: justify;\"><a href=\"https:\/\/www.travel-slovenia.si\/slo\/miha-arih\/\"><img loading=\"lazy\" decoding=\"async\" class=\"alignleft size-full wp-image-8148\" src=\"https:\/\/www.travel-slovenia.si\/wp-content\/uploads\/2018\/09\/travel-slovenia-miha-arih-view.jpg\" alt=\"\" width=\"150\" height=\"150\" \/><\/a><a href=\"https:\/\/www.travel-slovenia.si\/slo\/miha-arih\/\"><strong><em>Miha Arih<\/em><\/strong><\/a><br \/>\nNa dana\u0161nji dan leta 1918 se je rodil slovenski alpinist in partizan Miha Arih. Umrl je 9. februarja 1944 v Podkorenu zaradi izdajstva doma\u010dina. Poznan je bil pod vzdevkom Mihol. Bil je gorski re\u0161evalec in eden najbolj\u0161ih zimskih alpinistov svojega \u010dasa. V \u010dasu druge svetovne vojne je sodeloval v NOB. [<a href=\"https:\/\/www.travel-slovenia.si\/slo\/miha-arih\/\">_Preberite ve\u010d_<\/a>]\n","protected":false},"excerpt":{"rendered":"<p>France Bevk Na dana\u0161nji dan leta 1890 se je rodil slovenski pisatelj, pesnik, dramatik, prevajalec, urednik in politik France Bevk. Umrl je 17. septembra 1970 v Ljubljani, pokopan je v Solkanu. Bil je najstarej\u0161i od osmih otrok va\u0161kega \u010devljarja Ivana in matere Katarine. \u0160olal se je v ljudski \u0161oli v Bukovem. [_Read more_] Miha Arih [&hellip;]<\/p>\n","protected":false},"author":111,"featured_media":0,"parent":0,"menu_order":0,"comment_status":"closed","ping_status":"closed","template":"","meta":{"footnotes":""},"class_list":["post-7617","page","type-page","status-publish","hentry"],"yoast_head":"<!-- This site is optimized with the Yoast SEO plugin v25.4 - https:\/\/yoast.com\/wordpress\/plugins\/seo\/ -->\n<title>17. september : Travel-Slovenia<\/title>\n<meta name=\"description\" content=\"Pretekli dogodki, ki so se zgodili na datum 17. septembra in so v dolo\u010deni meri zaznamovali Slovenijo.\" \/>\n<meta name=\"robots\" content=\"index, follow, max-snippet:-1, max-image-preview:large, max-video-preview:-1\" \/>\n<link rel=\"canonical\" href=\"https:\/\/www.travel-slovenia.si\/slo\/17-september\/\" \/>\n<meta property=\"og:locale\" content=\"sl_SI\" \/>\n<meta property=\"og:type\" content=\"article\" \/>\n<meta property=\"og:title\" content=\"17. september : Travel-Slovenia\" \/>\n<meta property=\"og:description\" content=\"Pretekli dogodki, ki so se zgodili na datum 17. septembra in so v dolo\u010deni meri zaznamovali Slovenijo.\" \/>\n<meta property=\"og:url\" content=\"https:\/\/www.travel-slovenia.si\/slo\/17-september\/\" \/>\n<meta property=\"og:site_name\" content=\"Travel Slovenia - Sledite lepotam na\u0161e male dr\u017eavice\" \/>\n<meta property=\"article:modified_time\" content=\"2019-10-03T08:25:25+00:00\" \/>\n<meta property=\"og:image\" content=\"https:\/\/www.travel-slovenia.si\/slo\/wp-content\/uploads\/2018\/09\/travel-slovenia-miha-arih.jpg\" \/>\n\t<meta property=\"og:image:width\" content=\"495\" \/>\n\t<meta property=\"og:image:height\" content=\"290\" \/>\n\t<meta property=\"og:image:type\" content=\"image\/jpeg\" \/>\n<meta name=\"twitter:card\" content=\"summary_large_image\" \/>\n<meta name=\"twitter:title\" content=\"17. september : Travel-Slovenia\" \/>\n<meta name=\"twitter:description\" content=\"Pretekli dogodki, ki so se zgodili na datum 17. septembra in so v dolo\u010deni meri zaznamovali Slovenijo.\" \/>\n<meta name=\"twitter:image\" content=\"https:\/\/www.travel-slovenia.si\/slo\/wp-content\/uploads\/2018\/09\/travel-slovenia-miha-arih.jpg\" \/>\n<meta name=\"twitter:label1\" content=\"Est. reading time\" \/>\n\t<meta name=\"twitter:data1\" content=\"1 minuta\" \/>\n<script type=\"application\/ld+json\" class=\"yoast-schema-graph\">{\"@context\":\"https:\/\/schema.org\",\"@graph\":[{\"@type\":\"WebPage\",\"@id\":\"https:\/\/www.travel-slovenia.si\/slo\/17-september\/\",\"url\":\"https:\/\/www.travel-slovenia.si\/slo\/17-september\/\",\"name\":\"17. september : Travel-Slovenia\",\"isPartOf\":{\"@id\":\"https:\/\/www.travel-slovenia.si\/slo\/#website\"},\"primaryImageOfPage\":{\"@id\":\"https:\/\/www.travel-slovenia.si\/slo\/17-september\/#primaryimage\"},\"image\":{\"@id\":\"https:\/\/www.travel-slovenia.si\/slo\/17-september\/#primaryimage\"},\"thumbnailUrl\":\"https:\/\/www.travel-slovenia.si\/wp-content\/uploads\/2019\/10\/travel-slovenia-france-bevk-view.jpg\",\"datePublished\":\"2018-09-17T10:56:19+00:00\",\"dateModified\":\"2019-10-03T08:25:25+00:00\",\"description\":\"Pretekli dogodki, ki so se zgodili na datum 17. septembra in so v dolo\u010deni meri zaznamovali Slovenijo.\",\"breadcrumb\":{\"@id\":\"https:\/\/www.travel-slovenia.si\/slo\/17-september\/#breadcrumb\"},\"inLanguage\":\"sl-SI\",\"potentialAction\":[{\"@type\":\"ReadAction\",\"target\":[\"https:\/\/www.travel-slovenia.si\/slo\/17-september\/\"]}]},{\"@type\":\"ImageObject\",\"inLanguage\":\"sl-SI\",\"@id\":\"https:\/\/www.travel-slovenia.si\/slo\/17-september\/#primaryimage\",\"url\":\"https:\/\/www.travel-slovenia.si\/wp-content\/uploads\/2019\/10\/travel-slovenia-france-bevk-view.jpg\",\"contentUrl\":\"https:\/\/www.travel-slovenia.si\/wp-content\/uploads\/2019\/10\/travel-slovenia-france-bevk-view.jpg\"},{\"@type\":\"BreadcrumbList\",\"@id\":\"https:\/\/www.travel-slovenia.si\/slo\/17-september\/#breadcrumb\",\"itemListElement\":[{\"@type\":\"ListItem\",\"position\":1,\"name\":\"Home\",\"item\":\"https:\/\/www.travel-slovenia.si\/slo\/\"},{\"@type\":\"ListItem\",\"position\":2,\"name\":\"17. september\"}]},{\"@type\":\"WebSite\",\"@id\":\"https:\/\/www.travel-slovenia.si\/slo\/#website\",\"url\":\"https:\/\/www.travel-slovenia.si\/slo\/\",\"name\":\"Travel Slovenia - Sledite lepotam na\u0161e male dr\u017eavice\",\"description\":\"\",\"potentialAction\":[{\"@type\":\"SearchAction\",\"target\":{\"@type\":\"EntryPoint\",\"urlTemplate\":\"https:\/\/www.travel-slovenia.si\/slo\/?s={search_term_string}\"},\"query-input\":{\"@type\":\"PropertyValueSpecification\",\"valueRequired\":true,\"valueName\":\"search_term_string\"}}],\"inLanguage\":\"sl-SI\"}]}<\/script>\n<!-- \/ Yoast SEO plugin. -->","yoast_head_json":{"title":"17. september : Travel-Slovenia","description":"Pretekli dogodki, ki so se zgodili na datum 17. septembra in so v dolo\u010deni meri zaznamovali Slovenijo.","robots":{"index":"index","follow":"follow","max-snippet":"max-snippet:-1","max-image-preview":"max-image-preview:large","max-video-preview":"max-video-preview:-1"},"canonical":"https:\/\/www.travel-slovenia.si\/slo\/17-september\/","og_locale":"sl_SI","og_type":"article","og_title":"17. september : Travel-Slovenia","og_description":"Pretekli dogodki, ki so se zgodili na datum 17. septembra in so v dolo\u010deni meri zaznamovali Slovenijo.","og_url":"https:\/\/www.travel-slovenia.si\/slo\/17-september\/","og_site_name":"Travel Slovenia - Sledite lepotam na\u0161e male dr\u017eavice","article_modified_time":"2019-10-03T08:25:25+00:00","og_image":[{"width":495,"height":290,"url":"https:\/\/www.travel-slovenia.si\/slo\/wp-content\/uploads\/2018\/09\/travel-slovenia-miha-arih.jpg","type":"image\/jpeg"}],"twitter_card":"summary_large_image","twitter_title":"17. september : Travel-Slovenia","twitter_description":"Pretekli dogodki, ki so se zgodili na datum 17. septembra in so v dolo\u010deni meri zaznamovali Slovenijo.","twitter_image":"https:\/\/www.travel-slovenia.si\/slo\/wp-content\/uploads\/2018\/09\/travel-slovenia-miha-arih.jpg","twitter_misc":{"Est. reading time":"1 minuta"},"schema":{"@context":"https:\/\/schema.org","@graph":[{"@type":"WebPage","@id":"https:\/\/www.travel-slovenia.si\/slo\/17-september\/","url":"https:\/\/www.travel-slovenia.si\/slo\/17-september\/","name":"17. september : Travel-Slovenia","isPartOf":{"@id":"https:\/\/www.travel-slovenia.si\/slo\/#website"},"primaryImageOfPage":{"@id":"https:\/\/www.travel-slovenia.si\/slo\/17-september\/#primaryimage"},"image":{"@id":"https:\/\/www.travel-slovenia.si\/slo\/17-september\/#primaryimage"},"thumbnailUrl":"https:\/\/www.travel-slovenia.si\/wp-content\/uploads\/2019\/10\/travel-slovenia-france-bevk-view.jpg","datePublished":"2018-09-17T10:56:19+00:00","dateModified":"2019-10-03T08:25:25+00:00","description":"Pretekli dogodki, ki so se zgodili na datum 17. septembra in so v dolo\u010deni meri zaznamovali Slovenijo.","breadcrumb":{"@id":"https:\/\/www.travel-slovenia.si\/slo\/17-september\/#breadcrumb"},"inLanguage":"sl-SI","potentialAction":[{"@type":"ReadAction","target":["https:\/\/www.travel-slovenia.si\/slo\/17-september\/"]}]},{"@type":"ImageObject","inLanguage":"sl-SI","@id":"https:\/\/www.travel-slovenia.si\/slo\/17-september\/#primaryimage","url":"https:\/\/www.travel-slovenia.si\/wp-content\/uploads\/2019\/10\/travel-slovenia-france-bevk-view.jpg","contentUrl":"https:\/\/www.travel-slovenia.si\/wp-content\/uploads\/2019\/10\/travel-slovenia-france-bevk-view.jpg"},{"@type":"BreadcrumbList","@id":"https:\/\/www.travel-slovenia.si\/slo\/17-september\/#breadcrumb","itemListElement":[{"@type":"ListItem","position":1,"name":"Home","item":"https:\/\/www.travel-slovenia.si\/slo\/"},{"@type":"ListItem","position":2,"name":"17. september"}]},{"@type":"WebSite","@id":"https:\/\/www.travel-slovenia.si\/slo\/#website","url":"https:\/\/www.travel-slovenia.si\/slo\/","name":"Travel Slovenia - Sledite lepotam na\u0161e male dr\u017eavice","description":"","potentialAction":[{"@type":"SearchAction","target":{"@type":"EntryPoint","urlTemplate":"https:\/\/www.travel-slovenia.si\/slo\/?s={search_term_string}"},"query-input":{"@type":"PropertyValueSpecification","valueRequired":true,"valueName":"search_term_string"}}],"inLanguage":"sl-SI"}]}},"post_mailing_queue_ids":[],"_links":{"self":[{"href":"https:\/\/www.travel-slovenia.si\/slo\/wp-json\/wp\/v2\/pages\/7617","targetHints":{"allow":["GET"]}}],"collection":[{"href":"https:\/\/www.travel-slovenia.si\/slo\/wp-json\/wp\/v2\/pages"}],"about":[{"href":"https:\/\/www.travel-slovenia.si\/slo\/wp-json\/wp\/v2\/types\/page"}],"author":[{"embeddable":true,"href":"https:\/\/www.travel-slovenia.si\/slo\/wp-json\/wp\/v2\/users\/111"}],"replies":[{"embeddable":true,"href":"https:\/\/www.travel-slovenia.si\/slo\/wp-json\/wp\/v2\/comments?post=7617"}],"version-history":[{"count":4,"href":"https:\/\/www.travel-slovenia.si\/slo\/wp-json\/wp\/v2\/pages\/7617\/revisions"}],"predecessor-version":[{"id":8357,"href":"https:\/\/www.travel-slovenia.si\/slo\/wp-json\/wp\/v2\/pages\/7617\/revisions\/8357"}],"wp:attachment":[{"href":"https:\/\/www.travel-slovenia.si\/slo\/wp-json\/wp\/v2\/media?parent=7617"}],"curies":[{"name":"wp","href":"https:\/\/api.w.org\/{rel}","templated":true}]}}