{"id":7212,"date":"2018-02-21T11:46:41","date_gmt":"2018-02-21T10:46:41","guid":{"rendered":"https:\/\/www.travel-slovenia.si\/slo\/?page_id=7212"},"modified":"2018-02-21T11:46:41","modified_gmt":"2018-02-21T10:46:41","slug":"sukenski-regut","status":"publish","type":"page","link":"https:\/\/www.travel-slovenia.si\/slo\/sukenski-regut\/","title":{"rendered":"Sukenski regut"},"content":{"rendered":"<figure id=\"attachment_7214\" class=\"wp-caption alignleft\" style=\"max-width: 300px\"><img loading=\"lazy\" decoding=\"async\" class=\"size-medium wp-image-7214\" src=\"https:\/\/www.travel-slovenia.si\/slo\/wp-content\/uploads\/2018\/02\/travel-slovenia-solkan-radicchio-300x196.jpg\" alt=\"\" width=\"300\" height=\"196\" srcset=\"https:\/\/www.travel-slovenia.si\/slo\/wp-content\/uploads\/2018\/02\/travel-slovenia-solkan-radicchio-300x196.jpg 300w, https:\/\/www.travel-slovenia.si\/slo\/wp-content\/uploads\/2018\/02\/travel-slovenia-solkan-radicchio-24x16.jpg 24w, https:\/\/www.travel-slovenia.si\/slo\/wp-content\/uploads\/2018\/02\/travel-slovenia-solkan-radicchio-36x23.jpg 36w, https:\/\/www.travel-slovenia.si\/slo\/wp-content\/uploads\/2018\/02\/travel-slovenia-solkan-radicchio-48x31.jpg 48w, https:\/\/www.travel-slovenia.si\/slo\/wp-content\/uploads\/2018\/02\/travel-slovenia-solkan-radicchio.jpg 600w\" sizes=\"auto, (max-width: 300px) 100vw, 300px\" \/><figcaption class=\"wp-caption-text\">Solkanski radi\u010d ali Sukenski regut<\/figcaption><\/figure>\n<p style=\"text-align: justify;\">Sukenski regut (tudi gori\u0161ki radi\u010d ali gori\u0161ka vrtnica) je avtohtona slovenska sorta, ki izvira iz Solkana. Najbolj\u0161e in najlep\u0161e raste ravno v okolici Solkana. Botani\u010dno spada med cirkorijo, po doma\u010de se imenuje regrat oziroma regvat (prvotno ime). Seme zanj v Solkanu \u0161e vedno vzgajajo sami, vanj pa vlo\u017eijo vse svoje znanje in ljubezen. Na podro\u010dju Solkana gojijo dve vrsti radi\u010da: rde\u010da sorta ali sorta rose, ki prehaja od \u017eivo rde\u010de do ro\u017enate barve &#8211; v manj\u0161i koli\u010dini pa gojijo kanarino, radi\u010d rumenega odtenka. Sukenski regut izstopa tudi po obliki, saj najbolj spominja na vrtnico. Na otip pa spominja na porcelanaste ro\u017ee, ki so pred stoletji krasile sve\u010dnike. Rde\u010di radi\u010d je krhek, ne greni in je odli\u010dnega okusa. Dodatno na njegov okus vpliva zemlja, najbolj\u0161a je s prepustnim dnom in mnogo kamenja, da se rastlina mo\u010dno ukorenini.<\/p>\n<p style=\"text-align: justify;\">Sukenski regut vsebuje visoko raven rudnin in zdravilnih u\u010dinkov, pomembni za zdravje, dobro po\u010dutje in krepitev imunskega sistema v \u010dasu zime. Primeren je za siljenje (spodbujanje rastlin, da zacvetijo pred njihovim obi\u010dajnim \u010dasom) in sve\u017eo zelo zgodnjo zelenjavo. Glede na pisne vire, za\u010detek prodaje na gori\u0161ki tr\u017enici sega v sedemdeseta leta 19. stoletja. Izpostaviti je potrebno poseben na\u010din pridelave radi\u010da, saj sloni na bledenju rastlin v hlevih, ob toploti gnoja in hlevskih \u017eivali stari listi zgnijejo, iz korenine pa po\u017eene nova glavica, \u0161krlatne barve in sne\u017eno belih reber. Od samega sajenja do priprave je dolga pot, v tem \u010dasu potrebno rastlino vsaj devetkrat prijeti v roke predno so jo vlo\u017eili v jerbase, od koder so potem pri\u0161li na trg. Regutu pa ne sme\u0161 ukazovati, zahteva svoj \u010das in ustrezne vremenske razmere.<\/p>\n<p>&nbsp;<\/p>\n<table>\n<tbody>\n<tr>\n<td style=\"text-align: center;\"><a href=\"https:\/\/www.travel-slovenia.si\/slo\/slovensko\/kulinaricne-dobrote\/\"><img loading=\"lazy\" decoding=\"async\" class=\"alignleft wp-image-4499 size-full\" src=\"https:\/\/www.travel-slovenia.si\/slo\/wp-content\/uploads\/2014\/09\/travel-slovenia-povezava-na-drugo.jpg\" alt=\"travel-slovenia-povezava-na-drugo\" width=\"128\" height=\"22\" srcset=\"https:\/\/www.travel-slovenia.si\/slo\/wp-content\/uploads\/2014\/09\/travel-slovenia-povezava-na-drugo.jpg 128w, https:\/\/www.travel-slovenia.si\/slo\/wp-content\/uploads\/2014\/09\/travel-slovenia-povezava-na-drugo-24x4.jpg 24w, https:\/\/www.travel-slovenia.si\/slo\/wp-content\/uploads\/2014\/09\/travel-slovenia-povezava-na-drugo-36x6.jpg 36w, https:\/\/www.travel-slovenia.si\/slo\/wp-content\/uploads\/2014\/09\/travel-slovenia-povezava-na-drugo-48x8.jpg 48w\" sizes=\"auto, (max-width: 128px) 100vw, 128px\" \/><\/a><a href=\"https:\/\/www.travel-slovenia.si\/slo\/slovensko\/kulinaricne-dobrote\/\">Poglejte \u0161e druge kulinari\u010dne dobrote!<\/a><a href=\"https:\/\/www.travel-slovenia.si\/slo\/slovensko\/kulinaricne-dobrote\/\"><img loading=\"lazy\" decoding=\"async\" class=\"alignright wp-image-4500 size-full\" src=\"https:\/\/www.travel-slovenia.si\/slo\/wp-content\/uploads\/2014\/09\/travel-slovenia-povezava-na-drugo2.jpg\" alt=\"travel-slovenia-povezava-na-drugo2\" width=\"128\" height=\"22\" srcset=\"https:\/\/www.travel-slovenia.si\/slo\/wp-content\/uploads\/2014\/09\/travel-slovenia-povezava-na-drugo2.jpg 128w, https:\/\/www.travel-slovenia.si\/slo\/wp-content\/uploads\/2014\/09\/travel-slovenia-povezava-na-drugo2-24x4.jpg 24w, https:\/\/www.travel-slovenia.si\/slo\/wp-content\/uploads\/2014\/09\/travel-slovenia-povezava-na-drugo2-36x6.jpg 36w, https:\/\/www.travel-slovenia.si\/slo\/wp-content\/uploads\/2014\/09\/travel-slovenia-povezava-na-drugo2-48x8.jpg 48w\" sizes=\"auto, (max-width: 128px) 100vw, 128px\" \/><\/a><\/td>\n<\/tr>\n<\/tbody>\n<\/table>\n","protected":false},"excerpt":{"rendered":"<p>Sukenski regut (tudi gori\u0161ki radi\u010d ali gori\u0161ka vrtnica) je avtohtona slovenska sorta, ki izvira iz Solkana. Najbolj\u0161e in najlep\u0161e raste ravno v okolici Solkana. Botani\u010dno spada med cirkorijo, po doma\u010de se imenuje regrat oziroma regvat (prvotno ime). Seme zanj v Solkanu \u0161e vedno vzgajajo sami, vanj pa vlo\u017eijo vse svoje znanje in ljubezen. Na podro\u010dju [&hellip;]<\/p>\n","protected":false},"author":111,"featured_media":0,"parent":0,"menu_order":0,"comment_status":"closed","ping_status":"closed","template":"","meta":{"footnotes":""},"class_list":["post-7212","page","type-page","status-publish","hentry"],"yoast_head":"<!-- This site is optimized with the Yoast SEO plugin v25.4 - https:\/\/yoast.com\/wordpress\/plugins\/seo\/ -->\n<title>Sukenski regut : Travel-Slovenia<\/title>\n<meta name=\"description\" content=\"Sukenski regut (tudi gori\u0161ki radi\u010d ali gori\u0161ka vrtnica) je avtohtona slovenska sorta, ki izvira iz Solkana. Najbolj\u0161e in najlep\u0161e raste ravno v okolici Solkana. Botani\u010dno spada med cirkorijo, po doma\u010de se imenuje regrat oziroma regvat (prvotno ime).\" \/>\n<meta name=\"robots\" content=\"index, follow, max-snippet:-1, max-image-preview:large, max-video-preview:-1\" \/>\n<link rel=\"canonical\" href=\"https:\/\/www.travel-slovenia.si\/slo\/sukenski-regut\/\" \/>\n<meta property=\"og:locale\" content=\"sl_SI\" \/>\n<meta property=\"og:type\" content=\"article\" \/>\n<meta property=\"og:title\" content=\"Sukenski regut : Travel-Slovenia\" \/>\n<meta property=\"og:description\" content=\"Sukenski regut (tudi gori\u0161ki radi\u010d ali gori\u0161ka vrtnica) je avtohtona slovenska sorta, ki izvira iz Solkana. Najbolj\u0161e in najlep\u0161e raste ravno v okolici Solkana. Botani\u010dno spada med cirkorijo, po doma\u010de se imenuje regrat oziroma regvat (prvotno ime).\" \/>\n<meta property=\"og:url\" content=\"https:\/\/www.travel-slovenia.si\/slo\/sukenski-regut\/\" \/>\n<meta property=\"og:site_name\" content=\"Travel Slovenia - Sledite lepotam na\u0161e male dr\u017eavice\" \/>\n<meta property=\"og:image\" content=\"https:\/\/www.travel-slovenia.si\/slo\/wp-content\/uploads\/2018\/02\/travel-slovenia-solkan-radicchio.jpg\" \/>\n\t<meta property=\"og:image:width\" content=\"600\" \/>\n\t<meta property=\"og:image:height\" content=\"391\" \/>\n\t<meta property=\"og:image:type\" content=\"image\/jpeg\" \/>\n<meta name=\"twitter:card\" content=\"summary_large_image\" \/>\n<meta name=\"twitter:title\" content=\"Sukenski regut : Travel-Slovenia\" \/>\n<meta name=\"twitter:description\" content=\"Sukenski regut (tudi gori\u0161ki radi\u010d ali gori\u0161ka vrtnica) je avtohtona slovenska sorta, ki izvira iz Solkana. Najbolj\u0161e in najlep\u0161e raste ravno v okolici Solkana. Botani\u010dno spada med cirkorijo, po doma\u010de se imenuje regrat oziroma regvat (prvotno ime).\" \/>\n<meta name=\"twitter:image\" content=\"https:\/\/www.travel-slovenia.si\/slo\/wp-content\/uploads\/2018\/02\/travel-slovenia-solkan-radicchio.jpg\" \/>\n<meta name=\"twitter:label1\" content=\"Est. reading time\" \/>\n\t<meta name=\"twitter:data1\" content=\"2 minuti\" \/>\n<script type=\"application\/ld+json\" class=\"yoast-schema-graph\">{\"@context\":\"https:\/\/schema.org\",\"@graph\":[{\"@type\":\"WebPage\",\"@id\":\"https:\/\/www.travel-slovenia.si\/slo\/sukenski-regut\/\",\"url\":\"https:\/\/www.travel-slovenia.si\/slo\/sukenski-regut\/\",\"name\":\"Sukenski regut : Travel-Slovenia\",\"isPartOf\":{\"@id\":\"https:\/\/www.travel-slovenia.si\/slo\/#website\"},\"primaryImageOfPage\":{\"@id\":\"https:\/\/www.travel-slovenia.si\/slo\/sukenski-regut\/#primaryimage\"},\"image\":{\"@id\":\"https:\/\/www.travel-slovenia.si\/slo\/sukenski-regut\/#primaryimage\"},\"thumbnailUrl\":\"https:\/\/www.travel-slovenia.si\/slo\/wp-content\/uploads\/2018\/02\/travel-slovenia-solkan-radicchio-300x196.jpg\",\"datePublished\":\"2018-02-21T10:46:41+00:00\",\"description\":\"Sukenski regut (tudi gori\u0161ki radi\u010d ali gori\u0161ka vrtnica) je avtohtona slovenska sorta, ki izvira iz Solkana. Najbolj\u0161e in najlep\u0161e raste ravno v okolici Solkana. Botani\u010dno spada med cirkorijo, po doma\u010de se imenuje regrat oziroma regvat (prvotno ime).\",\"breadcrumb\":{\"@id\":\"https:\/\/www.travel-slovenia.si\/slo\/sukenski-regut\/#breadcrumb\"},\"inLanguage\":\"sl-SI\",\"potentialAction\":[{\"@type\":\"ReadAction\",\"target\":[\"https:\/\/www.travel-slovenia.si\/slo\/sukenski-regut\/\"]}]},{\"@type\":\"ImageObject\",\"inLanguage\":\"sl-SI\",\"@id\":\"https:\/\/www.travel-slovenia.si\/slo\/sukenski-regut\/#primaryimage\",\"url\":\"https:\/\/www.travel-slovenia.si\/slo\/wp-content\/uploads\/2018\/02\/travel-slovenia-solkan-radicchio.jpg\",\"contentUrl\":\"https:\/\/www.travel-slovenia.si\/slo\/wp-content\/uploads\/2018\/02\/travel-slovenia-solkan-radicchio.jpg\",\"width\":600,\"height\":391,\"caption\":\"Solkanski radi\u010d ali Sukenski regut\"},{\"@type\":\"BreadcrumbList\",\"@id\":\"https:\/\/www.travel-slovenia.si\/slo\/sukenski-regut\/#breadcrumb\",\"itemListElement\":[{\"@type\":\"ListItem\",\"position\":1,\"name\":\"Home\",\"item\":\"https:\/\/www.travel-slovenia.si\/slo\/\"},{\"@type\":\"ListItem\",\"position\":2,\"name\":\"Sukenski regut\"}]},{\"@type\":\"WebSite\",\"@id\":\"https:\/\/www.travel-slovenia.si\/slo\/#website\",\"url\":\"https:\/\/www.travel-slovenia.si\/slo\/\",\"name\":\"Travel Slovenia - Sledite lepotam na\u0161e male dr\u017eavice\",\"description\":\"\",\"potentialAction\":[{\"@type\":\"SearchAction\",\"target\":{\"@type\":\"EntryPoint\",\"urlTemplate\":\"https:\/\/www.travel-slovenia.si\/slo\/?s={search_term_string}\"},\"query-input\":{\"@type\":\"PropertyValueSpecification\",\"valueRequired\":true,\"valueName\":\"search_term_string\"}}],\"inLanguage\":\"sl-SI\"}]}<\/script>\n<!-- \/ Yoast SEO plugin. -->","yoast_head_json":{"title":"Sukenski regut : Travel-Slovenia","description":"Sukenski regut (tudi gori\u0161ki radi\u010d ali gori\u0161ka vrtnica) je avtohtona slovenska sorta, ki izvira iz Solkana. Najbolj\u0161e in najlep\u0161e raste ravno v okolici Solkana. Botani\u010dno spada med cirkorijo, po doma\u010de se imenuje regrat oziroma regvat (prvotno ime).","robots":{"index":"index","follow":"follow","max-snippet":"max-snippet:-1","max-image-preview":"max-image-preview:large","max-video-preview":"max-video-preview:-1"},"canonical":"https:\/\/www.travel-slovenia.si\/slo\/sukenski-regut\/","og_locale":"sl_SI","og_type":"article","og_title":"Sukenski regut : Travel-Slovenia","og_description":"Sukenski regut (tudi gori\u0161ki radi\u010d ali gori\u0161ka vrtnica) je avtohtona slovenska sorta, ki izvira iz Solkana. Najbolj\u0161e in najlep\u0161e raste ravno v okolici Solkana. Botani\u010dno spada med cirkorijo, po doma\u010de se imenuje regrat oziroma regvat (prvotno ime).","og_url":"https:\/\/www.travel-slovenia.si\/slo\/sukenski-regut\/","og_site_name":"Travel Slovenia - Sledite lepotam na\u0161e male dr\u017eavice","og_image":[{"width":600,"height":391,"url":"https:\/\/www.travel-slovenia.si\/slo\/wp-content\/uploads\/2018\/02\/travel-slovenia-solkan-radicchio.jpg","type":"image\/jpeg"}],"twitter_card":"summary_large_image","twitter_title":"Sukenski regut : Travel-Slovenia","twitter_description":"Sukenski regut (tudi gori\u0161ki radi\u010d ali gori\u0161ka vrtnica) je avtohtona slovenska sorta, ki izvira iz Solkana. Najbolj\u0161e in najlep\u0161e raste ravno v okolici Solkana. Botani\u010dno spada med cirkorijo, po doma\u010de se imenuje regrat oziroma regvat (prvotno ime).","twitter_image":"https:\/\/www.travel-slovenia.si\/slo\/wp-content\/uploads\/2018\/02\/travel-slovenia-solkan-radicchio.jpg","twitter_misc":{"Est. reading time":"2 minuti"},"schema":{"@context":"https:\/\/schema.org","@graph":[{"@type":"WebPage","@id":"https:\/\/www.travel-slovenia.si\/slo\/sukenski-regut\/","url":"https:\/\/www.travel-slovenia.si\/slo\/sukenski-regut\/","name":"Sukenski regut : Travel-Slovenia","isPartOf":{"@id":"https:\/\/www.travel-slovenia.si\/slo\/#website"},"primaryImageOfPage":{"@id":"https:\/\/www.travel-slovenia.si\/slo\/sukenski-regut\/#primaryimage"},"image":{"@id":"https:\/\/www.travel-slovenia.si\/slo\/sukenski-regut\/#primaryimage"},"thumbnailUrl":"https:\/\/www.travel-slovenia.si\/slo\/wp-content\/uploads\/2018\/02\/travel-slovenia-solkan-radicchio-300x196.jpg","datePublished":"2018-02-21T10:46:41+00:00","description":"Sukenski regut (tudi gori\u0161ki radi\u010d ali gori\u0161ka vrtnica) je avtohtona slovenska sorta, ki izvira iz Solkana. Najbolj\u0161e in najlep\u0161e raste ravno v okolici Solkana. Botani\u010dno spada med cirkorijo, po doma\u010de se imenuje regrat oziroma regvat (prvotno ime).","breadcrumb":{"@id":"https:\/\/www.travel-slovenia.si\/slo\/sukenski-regut\/#breadcrumb"},"inLanguage":"sl-SI","potentialAction":[{"@type":"ReadAction","target":["https:\/\/www.travel-slovenia.si\/slo\/sukenski-regut\/"]}]},{"@type":"ImageObject","inLanguage":"sl-SI","@id":"https:\/\/www.travel-slovenia.si\/slo\/sukenski-regut\/#primaryimage","url":"https:\/\/www.travel-slovenia.si\/slo\/wp-content\/uploads\/2018\/02\/travel-slovenia-solkan-radicchio.jpg","contentUrl":"https:\/\/www.travel-slovenia.si\/slo\/wp-content\/uploads\/2018\/02\/travel-slovenia-solkan-radicchio.jpg","width":600,"height":391,"caption":"Solkanski radi\u010d ali Sukenski regut"},{"@type":"BreadcrumbList","@id":"https:\/\/www.travel-slovenia.si\/slo\/sukenski-regut\/#breadcrumb","itemListElement":[{"@type":"ListItem","position":1,"name":"Home","item":"https:\/\/www.travel-slovenia.si\/slo\/"},{"@type":"ListItem","position":2,"name":"Sukenski regut"}]},{"@type":"WebSite","@id":"https:\/\/www.travel-slovenia.si\/slo\/#website","url":"https:\/\/www.travel-slovenia.si\/slo\/","name":"Travel Slovenia - Sledite lepotam na\u0161e male dr\u017eavice","description":"","potentialAction":[{"@type":"SearchAction","target":{"@type":"EntryPoint","urlTemplate":"https:\/\/www.travel-slovenia.si\/slo\/?s={search_term_string}"},"query-input":{"@type":"PropertyValueSpecification","valueRequired":true,"valueName":"search_term_string"}}],"inLanguage":"sl-SI"}]}},"post_mailing_queue_ids":[],"_links":{"self":[{"href":"https:\/\/www.travel-slovenia.si\/slo\/wp-json\/wp\/v2\/pages\/7212","targetHints":{"allow":["GET"]}}],"collection":[{"href":"https:\/\/www.travel-slovenia.si\/slo\/wp-json\/wp\/v2\/pages"}],"about":[{"href":"https:\/\/www.travel-slovenia.si\/slo\/wp-json\/wp\/v2\/types\/page"}],"author":[{"embeddable":true,"href":"https:\/\/www.travel-slovenia.si\/slo\/wp-json\/wp\/v2\/users\/111"}],"replies":[{"embeddable":true,"href":"https:\/\/www.travel-slovenia.si\/slo\/wp-json\/wp\/v2\/comments?post=7212"}],"version-history":[{"count":1,"href":"https:\/\/www.travel-slovenia.si\/slo\/wp-json\/wp\/v2\/pages\/7212\/revisions"}],"predecessor-version":[{"id":7217,"href":"https:\/\/www.travel-slovenia.si\/slo\/wp-json\/wp\/v2\/pages\/7212\/revisions\/7217"}],"wp:attachment":[{"href":"https:\/\/www.travel-slovenia.si\/slo\/wp-json\/wp\/v2\/media?parent=7212"}],"curies":[{"name":"wp","href":"https:\/\/api.w.org\/{rel}","templated":true}]}}