{"id":6640,"date":"2017-05-12T11:58:12","date_gmt":"2017-05-12T09:58:12","guid":{"rendered":"https:\/\/www.travel-slovenia.si\/slo\/?page_id=6640"},"modified":"2017-05-12T11:58:12","modified_gmt":"2017-05-12T09:58:12","slug":"drustvo-za-raziskovanje-jam-ljubljana","status":"publish","type":"page","link":"https:\/\/www.travel-slovenia.si\/slo\/drustvo-za-raziskovanje-jam-ljubljana\/","title":{"rendered":"Dru\u0161tvo za raziskovanje jam Ljubljana"},"content":{"rendered":"<figure id=\"attachment_6641\" class=\"wp-caption alignleft\" style=\"max-width: 300px\"><img loading=\"lazy\" decoding=\"async\" class=\"wp-image-6641\" src=\"https:\/\/www.travel-slovenia.si\/slo\/wp-content\/uploads\/2017\/05\/travel-slovenia-Drustvo-za-raziskovanje-jam-Ljubljana-logo.jpg\" alt=\"\" width=\"300\" height=\"559\" srcset=\"https:\/\/www.travel-slovenia.si\/slo\/wp-content\/uploads\/2017\/05\/travel-slovenia-Drustvo-za-raziskovanje-jam-Ljubljana-logo.jpg 400w, https:\/\/www.travel-slovenia.si\/slo\/wp-content\/uploads\/2017\/05\/travel-slovenia-Drustvo-za-raziskovanje-jam-Ljubljana-logo-161x300.jpg 161w, https:\/\/www.travel-slovenia.si\/slo\/wp-content\/uploads\/2017\/05\/travel-slovenia-Drustvo-za-raziskovanje-jam-Ljubljana-logo-13x24.jpg 13w, https:\/\/www.travel-slovenia.si\/slo\/wp-content\/uploads\/2017\/05\/travel-slovenia-Drustvo-za-raziskovanje-jam-Ljubljana-logo-19x36.jpg 19w, https:\/\/www.travel-slovenia.si\/slo\/wp-content\/uploads\/2017\/05\/travel-slovenia-Drustvo-za-raziskovanje-jam-Ljubljana-logo-26x48.jpg 26w\" sizes=\"auto, (max-width: 300px) 100vw, 300px\" \/><figcaption class=\"wp-caption-text\">Logotip Dru\u0161tva za raziskovanje jam Ljubljana<\/figcaption><\/figure>\n<p style=\"text-align: justify;\">Dru\u0161tvo za raziskovanje jam Ljubljana, kratica DZRJL, je bilo ustanovljeno 12. maja 1910 in je najstarej\u0161e delujo\u010de jamarsko dru\u0161tvo v Sloveniji. Glavno poslanstvo dru\u0161tva skozi vsa leta delovanja je raziskovanje kra\u0161kega podzemlja po celotni Sloveniji. \u017de od same ustanovitve \u010dlani dru\u0161tva svoje raziskovanje dokumentirajo in se aktivno vklju\u010dujejo v varovanje jam. V vsem tem \u010dasu so na razli\u010dnih raziskovalnih ekskurzijah in taborih raziskali okoli 3000 jam oziroma tretjino vseh znanih jam v Sloveniji.<\/p>\n<p style=\"text-align: justify;\">Prvo jamarsko dru\u0161tvo v Sloveniji je bilo ustanovljeno leta 1889 v okolici Postojne, imenovalo se je Anton, a je s svojim delom prenehalo le pet let kasneje. Glavna pobudnika za ustanovitev dru\u0161tva za raziskovanje jam sta bila Viljem Putik in Ivan Andrej Perko. Do ideje je pri\u0161lo, ker sta \u010dutila, da na Kranjskem primanjkuje ustrezno in strokovno jamarsko dru\u0161tvo. Barona Theodorja Schwarza, kranjskega de\u017eelnega predsednika, sta prepri\u010dala, da je sklical posvet o jamarstvu, na katerem so sklenili, da ustanovijo Dru\u0161tvo za raziskovanje podzemnih jam v Ljubljani. Tako je pri\u0161lo do ustavnega ob\u010dnega zbora dru\u0161tva na dan 12. maja 1910 v Ljubljani. Prvi predsednik dru\u0161tva, in obenem do\u017eivljenjski \u010dlan, je postal de\u017eelni predsednik Theodor Schwarz von Karsten. Josip Mantuani, ravnatelj de\u017eelnega muzeja, in Hernik Schollmayer-Lichtenberg pa sta posatala podpredsednika.<\/p>\n<figure id=\"attachment_6643\" class=\"wp-caption alignright\" style=\"max-width: 300px\"><img loading=\"lazy\" decoding=\"async\" class=\"wp-image-6643\" src=\"https:\/\/www.travel-slovenia.si\/slo\/wp-content\/uploads\/2017\/05\/travel-slovenia-Drustvo-za-raziskovanje-jam-Ljubljana-raziskovanje-jame.jpg\" alt=\"\" width=\"300\" height=\"400\" srcset=\"https:\/\/www.travel-slovenia.si\/slo\/wp-content\/uploads\/2017\/05\/travel-slovenia-Drustvo-za-raziskovanje-jam-Ljubljana-raziskovanje-jame.jpg 400w, https:\/\/www.travel-slovenia.si\/slo\/wp-content\/uploads\/2017\/05\/travel-slovenia-Drustvo-za-raziskovanje-jam-Ljubljana-raziskovanje-jame-225x300.jpg 225w, https:\/\/www.travel-slovenia.si\/slo\/wp-content\/uploads\/2017\/05\/travel-slovenia-Drustvo-za-raziskovanje-jam-Ljubljana-raziskovanje-jame-18x24.jpg 18w, https:\/\/www.travel-slovenia.si\/slo\/wp-content\/uploads\/2017\/05\/travel-slovenia-Drustvo-za-raziskovanje-jam-Ljubljana-raziskovanje-jame-27x36.jpg 27w, https:\/\/www.travel-slovenia.si\/slo\/wp-content\/uploads\/2017\/05\/travel-slovenia-Drustvo-za-raziskovanje-jam-Ljubljana-raziskovanje-jame-36x48.jpg 36w\" sizes=\"auto, (max-width: 300px) 100vw, 300px\" \/><figcaption class=\"wp-caption-text\">Raziskovanje jame<\/figcaption><\/figure>\n<p style=\"text-align: justify;\">Kmalu po ustanovitvi dru\u0161tva so pri\u0161li do spoznanja, da se med dru\u0161tvenimi odborniki na jame in jamarstvo spoznata le dva. Ob tej neprijetnosti se je tajnik in profesor Josip Cerk spomnil na Bogumila Brin\u0161ka ter skupine planincev in alpinistov, imenovana Drenovci. Skupino so povabili k sodelovanju in kmalu so Drenovci postali du\u0161a raziskovanj. Raziskovalno delo so razdelili na dve sekciji, dolenjska in ko\u010devska. Drenovci so se posvetili sistemati\u010dnemu raziskovanju dolenjskega krasa. Ko\u010devsko sekcijo pa je bila povsem nem\u0161ka, delovala je vse do prve svetovne vojne. Njihov arhiv je med drugo svetovno vojno zgorel.<\/p>\n<p style=\"text-align: justify;\">\u010cez \u010das so dru\u0161tvo preimenovali v Dru\u0161tvo za raziskovanje jam Slovenije, potem Jamarski klub Ljubljana-Matica ter nazadnje v Dru\u0161tvo za raziskovanje jam Ljubljana. Dru\u0161tvo je uspelo raziskati dve preko pet tiso\u010d metrov globoki jami, Vandimo in Renejevo brezno. Do danes je dru\u0161tvo raziskalo pribli\u017eno 1884 jam, kar zna\u0161a nekje 20 odstotkov jam na ozemlju Slovenije.<\/p>\n<p>&nbsp;<\/p>\n<table>\n<tbody>\n<tr>\n<td style=\"text-align: center;\"><a href=\"https:\/\/www.travel-slovenia.si\/slo\/na-danasnji-dan\/\"><img loading=\"lazy\" decoding=\"async\" class=\"alignleft wp-image-4499 size-full\" src=\"https:\/\/www.travel-slovenia.si\/slo\/wp-content\/uploads\/2014\/09\/travel-slovenia-povezava-na-drugo.jpg\" alt=\"travel-slovenia-povezava-na-drugo\" width=\"128\" height=\"22\" srcset=\"https:\/\/www.travel-slovenia.si\/slo\/wp-content\/uploads\/2014\/09\/travel-slovenia-povezava-na-drugo.jpg 128w, https:\/\/www.travel-slovenia.si\/slo\/wp-content\/uploads\/2014\/09\/travel-slovenia-povezava-na-drugo-24x4.jpg 24w, https:\/\/www.travel-slovenia.si\/slo\/wp-content\/uploads\/2014\/09\/travel-slovenia-povezava-na-drugo-36x6.jpg 36w, https:\/\/www.travel-slovenia.si\/slo\/wp-content\/uploads\/2014\/09\/travel-slovenia-povezava-na-drugo-48x8.jpg 48w\" sizes=\"auto, (max-width: 128px) 100vw, 128px\" \/><\/a><a href=\"https:\/\/www.travel-slovenia.si\/slo\/na-danasnji-dan\/\">Poglejte \u0161e druge pomembne dogodke!<\/a><a href=\"https:\/\/www.travel-slovenia.si\/slo\/na-danasnji-dan\/\"><img loading=\"lazy\" decoding=\"async\" class=\"alignright wp-image-4500 size-full\" src=\"https:\/\/www.travel-slovenia.si\/slo\/wp-content\/uploads\/2014\/09\/travel-slovenia-povezava-na-drugo2.jpg\" alt=\"travel-slovenia-povezava-na-drugo2\" width=\"128\" height=\"22\" srcset=\"https:\/\/www.travel-slovenia.si\/slo\/wp-content\/uploads\/2014\/09\/travel-slovenia-povezava-na-drugo2.jpg 128w, https:\/\/www.travel-slovenia.si\/slo\/wp-content\/uploads\/2014\/09\/travel-slovenia-povezava-na-drugo2-24x4.jpg 24w, https:\/\/www.travel-slovenia.si\/slo\/wp-content\/uploads\/2014\/09\/travel-slovenia-povezava-na-drugo2-36x6.jpg 36w, https:\/\/www.travel-slovenia.si\/slo\/wp-content\/uploads\/2014\/09\/travel-slovenia-povezava-na-drugo2-48x8.jpg 48w\" sizes=\"auto, (max-width: 128px) 100vw, 128px\" \/><\/a><\/td>\n<\/tr>\n<\/tbody>\n<\/table>\n","protected":false},"excerpt":{"rendered":"<p>Dru\u0161tvo za raziskovanje jam Ljubljana, kratica DZRJL, je bilo ustanovljeno 12. maja 1910 in je najstarej\u0161e delujo\u010de jamarsko dru\u0161tvo v Sloveniji. Glavno poslanstvo dru\u0161tva skozi vsa leta delovanja je raziskovanje kra\u0161kega podzemlja po celotni Sloveniji. \u017de od same ustanovitve \u010dlani dru\u0161tva svoje raziskovanje dokumentirajo in se aktivno vklju\u010dujejo v varovanje jam. V vsem tem \u010dasu [&hellip;]<\/p>\n","protected":false},"author":111,"featured_media":0,"parent":0,"menu_order":0,"comment_status":"closed","ping_status":"closed","template":"","meta":{"footnotes":""},"class_list":["post-6640","page","type-page","status-publish","hentry"],"yoast_head":"<!-- This site is optimized with the Yoast SEO plugin v25.4 - https:\/\/yoast.com\/wordpress\/plugins\/seo\/ -->\n<title>Dru\u0161tvo za raziskovanje jam Ljubljana : Travel-Slovenia<\/title>\n<meta name=\"description\" content=\"Dru\u0161tvo za raziskovanje jam Ljubljana, kratica DZRJL, je bilo ustanovljeno 12. maja 1910 in je najstarej\u0161e delujo\u010de jamarsko dru\u0161tvo v Sloveniji.\" \/>\n<meta name=\"robots\" content=\"index, follow, max-snippet:-1, max-image-preview:large, max-video-preview:-1\" \/>\n<link rel=\"canonical\" href=\"https:\/\/www.travel-slovenia.si\/slo\/drustvo-za-raziskovanje-jam-ljubljana\/\" \/>\n<meta property=\"og:locale\" content=\"sl_SI\" \/>\n<meta property=\"og:type\" content=\"article\" \/>\n<meta property=\"og:title\" content=\"Dru\u0161tvo za raziskovanje jam Ljubljana : Travel-Slovenia\" \/>\n<meta property=\"og:description\" content=\"Dru\u0161tvo za raziskovanje jam Ljubljana, kratica DZRJL, je bilo ustanovljeno 12. maja 1910 in je najstarej\u0161e delujo\u010de jamarsko dru\u0161tvo v Sloveniji.\" \/>\n<meta property=\"og:url\" content=\"https:\/\/www.travel-slovenia.si\/slo\/drustvo-za-raziskovanje-jam-ljubljana\/\" \/>\n<meta property=\"og:site_name\" content=\"Travel Slovenia - Sledite lepotam na\u0161e male dr\u017eavice\" \/>\n<meta property=\"og:image\" content=\"https:\/\/www.travel-slovenia.si\/slo\/wp-content\/uploads\/2017\/05\/travel-slovenia-Drustvo-za-raziskovanje-jam-Ljubljana-logo.jpg\" \/>\n\t<meta property=\"og:image:width\" content=\"400\" \/>\n\t<meta property=\"og:image:height\" content=\"745\" \/>\n\t<meta property=\"og:image:type\" content=\"image\/jpeg\" \/>\n<meta name=\"twitter:card\" content=\"summary_large_image\" \/>\n<meta name=\"twitter:title\" content=\"Dru\u0161tvo za raziskovanje jam Ljubljana : Travel-Slovenia\" \/>\n<meta name=\"twitter:description\" content=\"Dru\u0161tvo za raziskovanje jam Ljubljana, kratica DZRJL, je bilo ustanovljeno 12. maja 1910 in je najstarej\u0161e delujo\u010de jamarsko dru\u0161tvo v Sloveniji.\" \/>\n<meta name=\"twitter:image\" content=\"https:\/\/www.travel-slovenia.si\/slo\/wp-content\/uploads\/2017\/05\/travel-slovenia-Drustvo-za-raziskovanje-jam-Ljubljana-logo.jpg\" \/>\n<meta name=\"twitter:label1\" content=\"Est. reading time\" \/>\n\t<meta name=\"twitter:data1\" content=\"2 minuti\" \/>\n<script type=\"application\/ld+json\" class=\"yoast-schema-graph\">{\"@context\":\"https:\/\/schema.org\",\"@graph\":[{\"@type\":\"WebPage\",\"@id\":\"https:\/\/www.travel-slovenia.si\/slo\/drustvo-za-raziskovanje-jam-ljubljana\/\",\"url\":\"https:\/\/www.travel-slovenia.si\/slo\/drustvo-za-raziskovanje-jam-ljubljana\/\",\"name\":\"Dru\u0161tvo za raziskovanje jam Ljubljana : Travel-Slovenia\",\"isPartOf\":{\"@id\":\"https:\/\/www.travel-slovenia.si\/slo\/#website\"},\"primaryImageOfPage\":{\"@id\":\"https:\/\/www.travel-slovenia.si\/slo\/drustvo-za-raziskovanje-jam-ljubljana\/#primaryimage\"},\"image\":{\"@id\":\"https:\/\/www.travel-slovenia.si\/slo\/drustvo-za-raziskovanje-jam-ljubljana\/#primaryimage\"},\"thumbnailUrl\":\"https:\/\/www.travel-slovenia.si\/slo\/wp-content\/uploads\/2017\/05\/travel-slovenia-Drustvo-za-raziskovanje-jam-Ljubljana-logo.jpg\",\"datePublished\":\"2017-05-12T09:58:12+00:00\",\"description\":\"Dru\u0161tvo za raziskovanje jam Ljubljana, kratica DZRJL, je bilo ustanovljeno 12. maja 1910 in je najstarej\u0161e delujo\u010de jamarsko dru\u0161tvo v Sloveniji.\",\"breadcrumb\":{\"@id\":\"https:\/\/www.travel-slovenia.si\/slo\/drustvo-za-raziskovanje-jam-ljubljana\/#breadcrumb\"},\"inLanguage\":\"sl-SI\",\"potentialAction\":[{\"@type\":\"ReadAction\",\"target\":[\"https:\/\/www.travel-slovenia.si\/slo\/drustvo-za-raziskovanje-jam-ljubljana\/\"]}]},{\"@type\":\"ImageObject\",\"inLanguage\":\"sl-SI\",\"@id\":\"https:\/\/www.travel-slovenia.si\/slo\/drustvo-za-raziskovanje-jam-ljubljana\/#primaryimage\",\"url\":\"https:\/\/www.travel-slovenia.si\/slo\/wp-content\/uploads\/2017\/05\/travel-slovenia-Drustvo-za-raziskovanje-jam-Ljubljana-logo.jpg\",\"contentUrl\":\"https:\/\/www.travel-slovenia.si\/slo\/wp-content\/uploads\/2017\/05\/travel-slovenia-Drustvo-za-raziskovanje-jam-Ljubljana-logo.jpg\",\"width\":400,\"height\":745,\"caption\":\"Logotip Dru\u0161tva za raziskovanje jam Ljubljana\"},{\"@type\":\"BreadcrumbList\",\"@id\":\"https:\/\/www.travel-slovenia.si\/slo\/drustvo-za-raziskovanje-jam-ljubljana\/#breadcrumb\",\"itemListElement\":[{\"@type\":\"ListItem\",\"position\":1,\"name\":\"Home\",\"item\":\"https:\/\/www.travel-slovenia.si\/slo\/\"},{\"@type\":\"ListItem\",\"position\":2,\"name\":\"Dru\u0161tvo za raziskovanje jam Ljubljana\"}]},{\"@type\":\"WebSite\",\"@id\":\"https:\/\/www.travel-slovenia.si\/slo\/#website\",\"url\":\"https:\/\/www.travel-slovenia.si\/slo\/\",\"name\":\"Travel Slovenia - Sledite lepotam na\u0161e male dr\u017eavice\",\"description\":\"\",\"potentialAction\":[{\"@type\":\"SearchAction\",\"target\":{\"@type\":\"EntryPoint\",\"urlTemplate\":\"https:\/\/www.travel-slovenia.si\/slo\/?s={search_term_string}\"},\"query-input\":{\"@type\":\"PropertyValueSpecification\",\"valueRequired\":true,\"valueName\":\"search_term_string\"}}],\"inLanguage\":\"sl-SI\"}]}<\/script>\n<!-- \/ Yoast SEO plugin. -->","yoast_head_json":{"title":"Dru\u0161tvo za raziskovanje jam Ljubljana : Travel-Slovenia","description":"Dru\u0161tvo za raziskovanje jam Ljubljana, kratica DZRJL, je bilo ustanovljeno 12. maja 1910 in je najstarej\u0161e delujo\u010de jamarsko dru\u0161tvo v Sloveniji.","robots":{"index":"index","follow":"follow","max-snippet":"max-snippet:-1","max-image-preview":"max-image-preview:large","max-video-preview":"max-video-preview:-1"},"canonical":"https:\/\/www.travel-slovenia.si\/slo\/drustvo-za-raziskovanje-jam-ljubljana\/","og_locale":"sl_SI","og_type":"article","og_title":"Dru\u0161tvo za raziskovanje jam Ljubljana : Travel-Slovenia","og_description":"Dru\u0161tvo za raziskovanje jam Ljubljana, kratica DZRJL, je bilo ustanovljeno 12. maja 1910 in je najstarej\u0161e delujo\u010de jamarsko dru\u0161tvo v Sloveniji.","og_url":"https:\/\/www.travel-slovenia.si\/slo\/drustvo-za-raziskovanje-jam-ljubljana\/","og_site_name":"Travel Slovenia - Sledite lepotam na\u0161e male dr\u017eavice","og_image":[{"width":400,"height":745,"url":"https:\/\/www.travel-slovenia.si\/slo\/wp-content\/uploads\/2017\/05\/travel-slovenia-Drustvo-za-raziskovanje-jam-Ljubljana-logo.jpg","type":"image\/jpeg"}],"twitter_card":"summary_large_image","twitter_title":"Dru\u0161tvo za raziskovanje jam Ljubljana : Travel-Slovenia","twitter_description":"Dru\u0161tvo za raziskovanje jam Ljubljana, kratica DZRJL, je bilo ustanovljeno 12. maja 1910 in je najstarej\u0161e delujo\u010de jamarsko dru\u0161tvo v Sloveniji.","twitter_image":"https:\/\/www.travel-slovenia.si\/slo\/wp-content\/uploads\/2017\/05\/travel-slovenia-Drustvo-za-raziskovanje-jam-Ljubljana-logo.jpg","twitter_misc":{"Est. reading time":"2 minuti"},"schema":{"@context":"https:\/\/schema.org","@graph":[{"@type":"WebPage","@id":"https:\/\/www.travel-slovenia.si\/slo\/drustvo-za-raziskovanje-jam-ljubljana\/","url":"https:\/\/www.travel-slovenia.si\/slo\/drustvo-za-raziskovanje-jam-ljubljana\/","name":"Dru\u0161tvo za raziskovanje jam Ljubljana : Travel-Slovenia","isPartOf":{"@id":"https:\/\/www.travel-slovenia.si\/slo\/#website"},"primaryImageOfPage":{"@id":"https:\/\/www.travel-slovenia.si\/slo\/drustvo-za-raziskovanje-jam-ljubljana\/#primaryimage"},"image":{"@id":"https:\/\/www.travel-slovenia.si\/slo\/drustvo-za-raziskovanje-jam-ljubljana\/#primaryimage"},"thumbnailUrl":"https:\/\/www.travel-slovenia.si\/slo\/wp-content\/uploads\/2017\/05\/travel-slovenia-Drustvo-za-raziskovanje-jam-Ljubljana-logo.jpg","datePublished":"2017-05-12T09:58:12+00:00","description":"Dru\u0161tvo za raziskovanje jam Ljubljana, kratica DZRJL, je bilo ustanovljeno 12. maja 1910 in je najstarej\u0161e delujo\u010de jamarsko dru\u0161tvo v Sloveniji.","breadcrumb":{"@id":"https:\/\/www.travel-slovenia.si\/slo\/drustvo-za-raziskovanje-jam-ljubljana\/#breadcrumb"},"inLanguage":"sl-SI","potentialAction":[{"@type":"ReadAction","target":["https:\/\/www.travel-slovenia.si\/slo\/drustvo-za-raziskovanje-jam-ljubljana\/"]}]},{"@type":"ImageObject","inLanguage":"sl-SI","@id":"https:\/\/www.travel-slovenia.si\/slo\/drustvo-za-raziskovanje-jam-ljubljana\/#primaryimage","url":"https:\/\/www.travel-slovenia.si\/slo\/wp-content\/uploads\/2017\/05\/travel-slovenia-Drustvo-za-raziskovanje-jam-Ljubljana-logo.jpg","contentUrl":"https:\/\/www.travel-slovenia.si\/slo\/wp-content\/uploads\/2017\/05\/travel-slovenia-Drustvo-za-raziskovanje-jam-Ljubljana-logo.jpg","width":400,"height":745,"caption":"Logotip Dru\u0161tva za raziskovanje jam Ljubljana"},{"@type":"BreadcrumbList","@id":"https:\/\/www.travel-slovenia.si\/slo\/drustvo-za-raziskovanje-jam-ljubljana\/#breadcrumb","itemListElement":[{"@type":"ListItem","position":1,"name":"Home","item":"https:\/\/www.travel-slovenia.si\/slo\/"},{"@type":"ListItem","position":2,"name":"Dru\u0161tvo za raziskovanje jam Ljubljana"}]},{"@type":"WebSite","@id":"https:\/\/www.travel-slovenia.si\/slo\/#website","url":"https:\/\/www.travel-slovenia.si\/slo\/","name":"Travel Slovenia - Sledite lepotam na\u0161e male dr\u017eavice","description":"","potentialAction":[{"@type":"SearchAction","target":{"@type":"EntryPoint","urlTemplate":"https:\/\/www.travel-slovenia.si\/slo\/?s={search_term_string}"},"query-input":{"@type":"PropertyValueSpecification","valueRequired":true,"valueName":"search_term_string"}}],"inLanguage":"sl-SI"}]}},"post_mailing_queue_ids":[],"_links":{"self":[{"href":"https:\/\/www.travel-slovenia.si\/slo\/wp-json\/wp\/v2\/pages\/6640","targetHints":{"allow":["GET"]}}],"collection":[{"href":"https:\/\/www.travel-slovenia.si\/slo\/wp-json\/wp\/v2\/pages"}],"about":[{"href":"https:\/\/www.travel-slovenia.si\/slo\/wp-json\/wp\/v2\/types\/page"}],"author":[{"embeddable":true,"href":"https:\/\/www.travel-slovenia.si\/slo\/wp-json\/wp\/v2\/users\/111"}],"replies":[{"embeddable":true,"href":"https:\/\/www.travel-slovenia.si\/slo\/wp-json\/wp\/v2\/comments?post=6640"}],"version-history":[{"count":1,"href":"https:\/\/www.travel-slovenia.si\/slo\/wp-json\/wp\/v2\/pages\/6640\/revisions"}],"predecessor-version":[{"id":6645,"href":"https:\/\/www.travel-slovenia.si\/slo\/wp-json\/wp\/v2\/pages\/6640\/revisions\/6645"}],"wp:attachment":[{"href":"https:\/\/www.travel-slovenia.si\/slo\/wp-json\/wp\/v2\/media?parent=6640"}],"curies":[{"name":"wp","href":"https:\/\/api.w.org\/{rel}","templated":true}]}}