{"id":6153,"date":"2016-11-23T11:05:04","date_gmt":"2016-11-23T10:05:04","guid":{"rendered":"https:\/\/www.travel-slovenia.si\/slo\/?page_id=6153"},"modified":"2016-11-23T11:05:31","modified_gmt":"2016-11-23T10:05:31","slug":"rezervirajte-vase-bivanje","status":"publish","type":"page","link":"https:\/\/www.travel-slovenia.si\/slo\/rezervirajte-vase-bivanje\/","title":{"rendered":"Rezervirajte va\u0161e bivanje"},"content":{"rendered":"<p style=\"text-align: justify;\">Rezervirajte va\u0161e bivanje in pridobite namestitev po va\u0161ih \u017eeljah z na\u0161im partnerjem <a href=\"https:\/\/www.booking.com\/searchresults.sl.html?aid=1175669;sid=810637d35b7dd9018c5f75bbe9119c4c;city=-87271&amp;no_rooms=1&amp;order=price_excluding_dormitories&amp;checkin_monthday=23&amp;checkin_year_month=2016-11&amp;checkout_monthday=24&amp;checkout_year_month=2016-11\">booking.com<\/a>. Izberite mesto, datum in \u0161tevilo gostov ter pridobite svojo ponudbo.<\/p>\n<p style=\"text-align: justify;\">\n<ins class=\"bookingaff\" data-cc1=\"si\" data-lang=\"sl\" data-target_aid=\"1175669\" data-prod=\"sbp\" data-width=\"640\" data-height=\"250\" data-aid=\"1175712\"><br \/>\n<!-- Anything inside will go away once widget is loaded. --><br \/>\n<a href=\"\/\/www.booking.com?aid=1175669\">Booking.com<\/a><br \/>\n<\/ins><br \/>\n<script type=\"text\/javascript\">\n    (function(d, sc, u) {\n      var s = d.createElement(sc), p = d.getElementsByTagName(sc)[0];\n      s.type = 'text\/javascript';\n      s.async = true;\n      s.src = u + '?v=' + (+new Date());\n      p.parentNode.insertBefore(s,p);\n      })(document, 'script', '\/\/aff.bstatic.com\/static\/affiliate_base\/js\/flexiproduct.js');\n<\/script><\/p>\n","protected":false},"excerpt":{"rendered":"<p>Rezervirajte va\u0161e bivanje in pridobite namestitev po va\u0161ih \u017eeljah z na\u0161im partnerjem booking.com. Izberite mesto, datum in \u0161tevilo gostov ter pridobite svojo ponudbo. Booking.com<\/p>\n","protected":false},"author":111,"featured_media":0,"parent":0,"menu_order":0,"comment_status":"closed","ping_status":"closed","template":"","meta":{"footnotes":""},"class_list":["post-6153","page","type-page","status-publish","hentry"],"yoast_head":"<!-- This site is optimized with the Yoast SEO plugin v25.4 - https:\/\/yoast.com\/wordpress\/plugins\/seo\/ -->\n<title>Rezervirajte va\u0161e bivanje : Travel-Slovenia<\/title>\n<meta name=\"description\" content=\"Rezervirajte va\u0161e bivanje in pridobite namestitev po va\u0161ih \u017eeljah z na\u0161im partnerjem booking.com.\" \/>\n<meta name=\"robots\" content=\"index, follow, max-snippet:-1, max-image-preview:large, max-video-preview:-1\" \/>\n<link rel=\"canonical\" href=\"https:\/\/www.travel-slovenia.si\/slo\/rezervirajte-vase-bivanje\/\" \/>\n<meta property=\"og:locale\" content=\"sl_SI\" \/>\n<meta property=\"og:type\" content=\"article\" \/>\n<meta property=\"og:title\" content=\"Rezervirajte va\u0161e bivanje : Travel-Slovenia\" \/>\n<meta property=\"og:description\" content=\"Rezervirajte va\u0161e bivanje in pridobite namestitev po va\u0161ih \u017eeljah z na\u0161im partnerjem booking.com.\" \/>\n<meta property=\"og:url\" content=\"https:\/\/www.travel-slovenia.si\/slo\/rezervirajte-vase-bivanje\/\" \/>\n<meta property=\"og:site_name\" content=\"Travel Slovenia - Sledite lepotam na\u0161e male dr\u017eavice\" \/>\n<meta property=\"article:modified_time\" content=\"2016-11-23T10:05:31+00:00\" \/>\n<meta name=\"twitter:card\" content=\"summary_large_image\" \/>\n<meta name=\"twitter:title\" content=\"Rezervirajte va\u0161e bivanje : Travel-Slovenia\" \/>\n<meta name=\"twitter:description\" content=\"Rezervirajte va\u0161e bivanje in pridobite namestitev po va\u0161ih \u017eeljah z na\u0161im partnerjem booking.com.\" \/>\n<meta name=\"twitter:image\" content=\"https:\/\/www.travel-slovenia.si\/slo\/wp-content\/uploads\/2016\/10\/travel-slovenia-oglasevanje-logo.png\" \/>\n<script type=\"application\/ld+json\" class=\"yoast-schema-graph\">{\"@context\":\"https:\/\/schema.org\",\"@graph\":[{\"@type\":\"WebPage\",\"@id\":\"https:\/\/www.travel-slovenia.si\/slo\/rezervirajte-vase-bivanje\/\",\"url\":\"https:\/\/www.travel-slovenia.si\/slo\/rezervirajte-vase-bivanje\/\",\"name\":\"Rezervirajte va\u0161e bivanje : Travel-Slovenia\",\"isPartOf\":{\"@id\":\"https:\/\/www.travel-slovenia.si\/slo\/#website\"},\"datePublished\":\"2016-11-23T10:05:04+00:00\",\"dateModified\":\"2016-11-23T10:05:31+00:00\",\"description\":\"Rezervirajte va\u0161e bivanje in pridobite namestitev po va\u0161ih \u017eeljah z na\u0161im partnerjem booking.com.\",\"breadcrumb\":{\"@id\":\"https:\/\/www.travel-slovenia.si\/slo\/rezervirajte-vase-bivanje\/#breadcrumb\"},\"inLanguage\":\"sl-SI\",\"potentialAction\":[{\"@type\":\"ReadAction\",\"target\":[\"https:\/\/www.travel-slovenia.si\/slo\/rezervirajte-vase-bivanje\/\"]}]},{\"@type\":\"BreadcrumbList\",\"@id\":\"https:\/\/www.travel-slovenia.si\/slo\/rezervirajte-vase-bivanje\/#breadcrumb\",\"itemListElement\":[{\"@type\":\"ListItem\",\"position\":1,\"name\":\"Home\",\"item\":\"https:\/\/www.travel-slovenia.si\/slo\/\"},{\"@type\":\"ListItem\",\"position\":2,\"name\":\"Rezervirajte va\u0161e bivanje\"}]},{\"@type\":\"WebSite\",\"@id\":\"https:\/\/www.travel-slovenia.si\/slo\/#website\",\"url\":\"https:\/\/www.travel-slovenia.si\/slo\/\",\"name\":\"Travel Slovenia - Sledite lepotam na\u0161e male dr\u017eavice\",\"description\":\"\",\"potentialAction\":[{\"@type\":\"SearchAction\",\"target\":{\"@type\":\"EntryPoint\",\"urlTemplate\":\"https:\/\/www.travel-slovenia.si\/slo\/?s={search_term_string}\"},\"query-input\":{\"@type\":\"PropertyValueSpecification\",\"valueRequired\":true,\"valueName\":\"search_term_string\"}}],\"inLanguage\":\"sl-SI\"}]}<\/script>\n<!-- \/ Yoast SEO plugin. -->","yoast_head_json":{"title":"Rezervirajte va\u0161e bivanje : Travel-Slovenia","description":"Rezervirajte va\u0161e bivanje in pridobite namestitev po va\u0161ih \u017eeljah z na\u0161im partnerjem booking.com.","robots":{"index":"index","follow":"follow","max-snippet":"max-snippet:-1","max-image-preview":"max-image-preview:large","max-video-preview":"max-video-preview:-1"},"canonical":"https:\/\/www.travel-slovenia.si\/slo\/rezervirajte-vase-bivanje\/","og_locale":"sl_SI","og_type":"article","og_title":"Rezervirajte va\u0161e bivanje : Travel-Slovenia","og_description":"Rezervirajte va\u0161e bivanje in pridobite namestitev po va\u0161ih \u017eeljah z na\u0161im partnerjem booking.com.","og_url":"https:\/\/www.travel-slovenia.si\/slo\/rezervirajte-vase-bivanje\/","og_site_name":"Travel Slovenia - Sledite lepotam na\u0161e male dr\u017eavice","article_modified_time":"2016-11-23T10:05:31+00:00","twitter_card":"summary_large_image","twitter_title":"Rezervirajte va\u0161e bivanje : Travel-Slovenia","twitter_description":"Rezervirajte va\u0161e bivanje in pridobite namestitev po va\u0161ih \u017eeljah z na\u0161im partnerjem booking.com.","twitter_image":"https:\/\/www.travel-slovenia.si\/slo\/wp-content\/uploads\/2016\/10\/travel-slovenia-oglasevanje-logo.png","schema":{"@context":"https:\/\/schema.org","@graph":[{"@type":"WebPage","@id":"https:\/\/www.travel-slovenia.si\/slo\/rezervirajte-vase-bivanje\/","url":"https:\/\/www.travel-slovenia.si\/slo\/rezervirajte-vase-bivanje\/","name":"Rezervirajte va\u0161e bivanje : Travel-Slovenia","isPartOf":{"@id":"https:\/\/www.travel-slovenia.si\/slo\/#website"},"datePublished":"2016-11-23T10:05:04+00:00","dateModified":"2016-11-23T10:05:31+00:00","description":"Rezervirajte va\u0161e bivanje in pridobite namestitev po va\u0161ih \u017eeljah z na\u0161im partnerjem booking.com.","breadcrumb":{"@id":"https:\/\/www.travel-slovenia.si\/slo\/rezervirajte-vase-bivanje\/#breadcrumb"},"inLanguage":"sl-SI","potentialAction":[{"@type":"ReadAction","target":["https:\/\/www.travel-slovenia.si\/slo\/rezervirajte-vase-bivanje\/"]}]},{"@type":"BreadcrumbList","@id":"https:\/\/www.travel-slovenia.si\/slo\/rezervirajte-vase-bivanje\/#breadcrumb","itemListElement":[{"@type":"ListItem","position":1,"name":"Home","item":"https:\/\/www.travel-slovenia.si\/slo\/"},{"@type":"ListItem","position":2,"name":"Rezervirajte va\u0161e bivanje"}]},{"@type":"WebSite","@id":"https:\/\/www.travel-slovenia.si\/slo\/#website","url":"https:\/\/www.travel-slovenia.si\/slo\/","name":"Travel Slovenia - Sledite lepotam na\u0161e male dr\u017eavice","description":"","potentialAction":[{"@type":"SearchAction","target":{"@type":"EntryPoint","urlTemplate":"https:\/\/www.travel-slovenia.si\/slo\/?s={search_term_string}"},"query-input":{"@type":"PropertyValueSpecification","valueRequired":true,"valueName":"search_term_string"}}],"inLanguage":"sl-SI"}]}},"post_mailing_queue_ids":[],"_links":{"self":[{"href":"https:\/\/www.travel-slovenia.si\/slo\/wp-json\/wp\/v2\/pages\/6153","targetHints":{"allow":["GET"]}}],"collection":[{"href":"https:\/\/www.travel-slovenia.si\/slo\/wp-json\/wp\/v2\/pages"}],"about":[{"href":"https:\/\/www.travel-slovenia.si\/slo\/wp-json\/wp\/v2\/types\/page"}],"author":[{"embeddable":true,"href":"https:\/\/www.travel-slovenia.si\/slo\/wp-json\/wp\/v2\/users\/111"}],"replies":[{"embeddable":true,"href":"https:\/\/www.travel-slovenia.si\/slo\/wp-json\/wp\/v2\/comments?post=6153"}],"version-history":[{"count":2,"href":"https:\/\/www.travel-slovenia.si\/slo\/wp-json\/wp\/v2\/pages\/6153\/revisions"}],"predecessor-version":[{"id":6155,"href":"https:\/\/www.travel-slovenia.si\/slo\/wp-json\/wp\/v2\/pages\/6153\/revisions\/6155"}],"wp:attachment":[{"href":"https:\/\/www.travel-slovenia.si\/slo\/wp-json\/wp\/v2\/media?parent=6153"}],"curies":[{"name":"wp","href":"https:\/\/api.w.org\/{rel}","templated":true}]}}