{"id":5964,"date":"2016-10-13T09:53:10","date_gmt":"2016-10-13T07:53:10","guid":{"rendered":"https:\/\/www.travel-slovenia.si\/slo\/?page_id=5964"},"modified":"2016-10-13T09:53:10","modified_gmt":"2016-10-13T07:53:10","slug":"nusa-tome-babnik","status":"publish","type":"page","link":"https:\/\/www.travel-slovenia.si\/slo\/nusa-tome-babnik\/","title":{"rendered":"Nu\u0161a Tome-Babnik"},"content":{"rendered":"<figure id=\"attachment_5965\" class=\"wp-caption alignleft\" style=\"max-width: 300px\"><img loading=\"lazy\" decoding=\"async\" class=\"size-medium wp-image-5965\" src=\"https:\/\/www.travel-slovenia.si\/slo\/wp-content\/uploads\/2016\/10\/travel-slovenia-nusa-tome-babnik-300x284.jpg\" alt=\"Nu\u0161a Tome-Babnik\" width=\"300\" height=\"284\" srcset=\"https:\/\/www.travel-slovenia.si\/slo\/wp-content\/uploads\/2016\/10\/travel-slovenia-nusa-tome-babnik-300x284.jpg 300w, https:\/\/www.travel-slovenia.si\/slo\/wp-content\/uploads\/2016\/10\/travel-slovenia-nusa-tome-babnik-24x24.jpg 24w, https:\/\/www.travel-slovenia.si\/slo\/wp-content\/uploads\/2016\/10\/travel-slovenia-nusa-tome-babnik-36x34.jpg 36w, https:\/\/www.travel-slovenia.si\/slo\/wp-content\/uploads\/2016\/10\/travel-slovenia-nusa-tome-babnik-48x45.jpg 48w, https:\/\/www.travel-slovenia.si\/slo\/wp-content\/uploads\/2016\/10\/travel-slovenia-nusa-tome-babnik.jpg 400w\" sizes=\"auto, (max-width: 300px) 100vw, 300px\" \/><figcaption class=\"wp-caption-text\">Nu\u0161a Tome-Babnik<\/figcaption><\/figure>\n<p style=\"text-align: justify;\">Nu\u0161a Tome-Babnik se je rodila 19. oktobra 1960 v Ljubljani, umrla pa je 10. novembra 2015. Bila je slovenska alpska smu\u010darka, ki je za Jugoslavijo nastopila na Zimskih olimpijskih igrah leta 1980 v Lake Placidu. Nastopila je v veleslalomu in slalomu. V kategoriji veleslaloma je osvojila 22. mesto. Nastopila je tudi na olimpijskih igrah \u0161tiri leta kasneje v Sarajevu, 1984. V veleslalomu je osvojila 21. mesto. V letu 1978 je na svetovnem prvenstvu v slalomu osvojila 33. mesto.<\/p>\n<p style=\"text-align: justify;\">Pri 14 letih je prestopila reprezenta\u010dni prag in bila izbranka v najbolj\u0161i selekciji njenega rodu leta 1974. Bila je izvrstna smu\u010darka, a poleg tega tudi zelo pozitivna, ki je skrbela za zabavni del takratnega skupnega bivanja s sotekmovalkami. Desetkrat se je uvrstila v petnajsterico, njen najve\u010dji uspeh pa je 7. mesto v slalomu na Zlati lisici leta 1984,\u00a0 8. mesto v veleslalomu v San Sicariu leta 1982 in v slalomu s Setrieru leta 1983.<\/p>\n<p style=\"text-align: justify;\">Po kon\u010dani \u0161portni karieri je bila zaposlena kot profesorica \u0161portne vzgoje, je dvakratna najbolj\u0161a \u0161portnica Gorenjske. V \u0161portu je bila dejavna kot \u010dlanica sveta Fundacije za \u0161port, disciplinske komisije Smu\u010darske zveze Slovenije in skakalnega kluba Ilirija.<\/p>\n<p>&nbsp;<\/p>\n<table>\n<tbody>\n<tr>\n<td style=\"text-align: center;\"><a href=\"https:\/\/www.travel-slovenia.si\/slo\/zgodovinske-osebnosti\/\"><img loading=\"lazy\" decoding=\"async\" class=\"alignleft wp-image-4499 size-full\" src=\"https:\/\/www.travel-slovenia.si\/slo\/wp-content\/uploads\/2014\/09\/travel-slovenia-povezava-na-drugo.jpg\" alt=\"travel-slovenia-povezava-na-drugo\" width=\"128\" height=\"22\" srcset=\"https:\/\/www.travel-slovenia.si\/slo\/wp-content\/uploads\/2014\/09\/travel-slovenia-povezava-na-drugo.jpg 128w, https:\/\/www.travel-slovenia.si\/slo\/wp-content\/uploads\/2014\/09\/travel-slovenia-povezava-na-drugo-24x4.jpg 24w, https:\/\/www.travel-slovenia.si\/slo\/wp-content\/uploads\/2014\/09\/travel-slovenia-povezava-na-drugo-36x6.jpg 36w, https:\/\/www.travel-slovenia.si\/slo\/wp-content\/uploads\/2014\/09\/travel-slovenia-povezava-na-drugo-48x8.jpg 48w\" sizes=\"auto, (max-width: 128px) 100vw, 128px\" \/><\/a><a href=\"https:\/\/www.travel-slovenia.si\/slo\/zgodovinske-osebnosti\/\">Poglejte \u0161e druge zgodovinske osebnosti!<\/a><a href=\"https:\/\/www.travel-slovenia.si\/slo\/zgodovinske-osebnosti\/\"><img loading=\"lazy\" decoding=\"async\" class=\"alignright wp-image-4500 size-full\" src=\"https:\/\/www.travel-slovenia.si\/slo\/wp-content\/uploads\/2014\/09\/travel-slovenia-povezava-na-drugo2.jpg\" alt=\"travel-slovenia-povezava-na-drugo2\" width=\"128\" height=\"22\" srcset=\"https:\/\/www.travel-slovenia.si\/slo\/wp-content\/uploads\/2014\/09\/travel-slovenia-povezava-na-drugo2.jpg 128w, https:\/\/www.travel-slovenia.si\/slo\/wp-content\/uploads\/2014\/09\/travel-slovenia-povezava-na-drugo2-24x4.jpg 24w, https:\/\/www.travel-slovenia.si\/slo\/wp-content\/uploads\/2014\/09\/travel-slovenia-povezava-na-drugo2-36x6.jpg 36w, https:\/\/www.travel-slovenia.si\/slo\/wp-content\/uploads\/2014\/09\/travel-slovenia-povezava-na-drugo2-48x8.jpg 48w\" sizes=\"auto, (max-width: 128px) 100vw, 128px\" \/><\/a><\/td>\n<\/tr>\n<\/tbody>\n<\/table>\n","protected":false},"excerpt":{"rendered":"<p>Nu\u0161a Tome-Babnik se je rodila 19. oktobra 1960 v Ljubljani, umrla pa je 10. novembra 2015. Bila je slovenska alpska smu\u010darka, ki je za Jugoslavijo nastopila na Zimskih olimpijskih igrah leta 1980 v Lake Placidu. Nastopila je v veleslalomu in slalomu. V kategoriji veleslaloma je osvojila 22. mesto. Nastopila je tudi na olimpijskih igrah \u0161tiri [&hellip;]<\/p>\n","protected":false},"author":111,"featured_media":0,"parent":0,"menu_order":0,"comment_status":"closed","ping_status":"closed","template":"","meta":{"footnotes":""},"class_list":["post-5964","page","type-page","status-publish","hentry"],"yoast_head":"<!-- This site is optimized with the Yoast SEO plugin v25.4 - https:\/\/yoast.com\/wordpress\/plugins\/seo\/ -->\n<title>Nu\u0161a Tome-Babnik : Travel-Slovenia<\/title>\n<meta name=\"description\" content=\"Nu\u0161a Tome-Babnik je slovenska alpska smu\u010darka, ki je za Jugoslavijo nastopila na Zimskih olimpijskih igrah leta 1980 v Lake Placidu.\" \/>\n<meta name=\"robots\" content=\"index, follow, max-snippet:-1, max-image-preview:large, max-video-preview:-1\" \/>\n<link rel=\"canonical\" href=\"https:\/\/www.travel-slovenia.si\/slo\/nusa-tome-babnik\/\" \/>\n<meta property=\"og:locale\" content=\"sl_SI\" \/>\n<meta property=\"og:type\" content=\"article\" \/>\n<meta property=\"og:title\" content=\"Nu\u0161a Tome-Babnik : Travel-Slovenia\" \/>\n<meta property=\"og:description\" content=\"Nu\u0161a Tome-Babnik je slovenska alpska smu\u010darka, ki je za Jugoslavijo nastopila na Zimskih olimpijskih igrah leta 1980 v Lake Placidu.\" \/>\n<meta property=\"og:url\" content=\"https:\/\/www.travel-slovenia.si\/slo\/nusa-tome-babnik\/\" \/>\n<meta property=\"og:site_name\" content=\"Travel Slovenia - Sledite lepotam na\u0161e male dr\u017eavice\" \/>\n<meta property=\"og:image\" content=\"https:\/\/www.travel-slovenia.si\/slo\/wp-content\/uploads\/2016\/10\/travel-slovenia-nusa-tome-babnik.jpg\" \/>\n\t<meta property=\"og:image:width\" content=\"400\" \/>\n\t<meta property=\"og:image:height\" content=\"378\" \/>\n\t<meta property=\"og:image:type\" content=\"image\/jpeg\" \/>\n<meta name=\"twitter:card\" content=\"summary_large_image\" \/>\n<meta name=\"twitter:title\" content=\"Nu\u0161a Tome-Babnik : Travel-Slovenia\" \/>\n<meta name=\"twitter:description\" content=\"Nu\u0161a Tome-Babnik je slovenska alpska smu\u010darka, ki je za Jugoslavijo nastopila na Zimskih olimpijskih igrah leta 1980 v Lake Placidu.\" \/>\n<meta name=\"twitter:image\" content=\"https:\/\/www.travel-slovenia.si\/slo\/wp-content\/uploads\/2016\/10\/travel-slovenia-nusa-tome-babnik.jpg\" \/>\n<meta name=\"twitter:label1\" content=\"Est. reading time\" \/>\n\t<meta name=\"twitter:data1\" content=\"1 minuta\" \/>\n<script type=\"application\/ld+json\" class=\"yoast-schema-graph\">{\"@context\":\"https:\/\/schema.org\",\"@graph\":[{\"@type\":\"WebPage\",\"@id\":\"https:\/\/www.travel-slovenia.si\/slo\/nusa-tome-babnik\/\",\"url\":\"https:\/\/www.travel-slovenia.si\/slo\/nusa-tome-babnik\/\",\"name\":\"Nu\u0161a Tome-Babnik : Travel-Slovenia\",\"isPartOf\":{\"@id\":\"https:\/\/www.travel-slovenia.si\/slo\/#website\"},\"primaryImageOfPage\":{\"@id\":\"https:\/\/www.travel-slovenia.si\/slo\/nusa-tome-babnik\/#primaryimage\"},\"image\":{\"@id\":\"https:\/\/www.travel-slovenia.si\/slo\/nusa-tome-babnik\/#primaryimage\"},\"thumbnailUrl\":\"https:\/\/www.travel-slovenia.si\/slo\/wp-content\/uploads\/2016\/10\/travel-slovenia-nusa-tome-babnik-300x284.jpg\",\"datePublished\":\"2016-10-13T07:53:10+00:00\",\"description\":\"Nu\u0161a Tome-Babnik je slovenska alpska smu\u010darka, ki je za Jugoslavijo nastopila na Zimskih olimpijskih igrah leta 1980 v Lake Placidu.\",\"breadcrumb\":{\"@id\":\"https:\/\/www.travel-slovenia.si\/slo\/nusa-tome-babnik\/#breadcrumb\"},\"inLanguage\":\"sl-SI\",\"potentialAction\":[{\"@type\":\"ReadAction\",\"target\":[\"https:\/\/www.travel-slovenia.si\/slo\/nusa-tome-babnik\/\"]}]},{\"@type\":\"ImageObject\",\"inLanguage\":\"sl-SI\",\"@id\":\"https:\/\/www.travel-slovenia.si\/slo\/nusa-tome-babnik\/#primaryimage\",\"url\":\"https:\/\/www.travel-slovenia.si\/slo\/wp-content\/uploads\/2016\/10\/travel-slovenia-nusa-tome-babnik.jpg\",\"contentUrl\":\"https:\/\/www.travel-slovenia.si\/slo\/wp-content\/uploads\/2016\/10\/travel-slovenia-nusa-tome-babnik.jpg\",\"width\":400,\"height\":378,\"caption\":\"Nu\u0161a Tome-Babnik\"},{\"@type\":\"BreadcrumbList\",\"@id\":\"https:\/\/www.travel-slovenia.si\/slo\/nusa-tome-babnik\/#breadcrumb\",\"itemListElement\":[{\"@type\":\"ListItem\",\"position\":1,\"name\":\"Home\",\"item\":\"https:\/\/www.travel-slovenia.si\/slo\/\"},{\"@type\":\"ListItem\",\"position\":2,\"name\":\"Nu\u0161a Tome-Babnik\"}]},{\"@type\":\"WebSite\",\"@id\":\"https:\/\/www.travel-slovenia.si\/slo\/#website\",\"url\":\"https:\/\/www.travel-slovenia.si\/slo\/\",\"name\":\"Travel Slovenia - Sledite lepotam na\u0161e male dr\u017eavice\",\"description\":\"\",\"potentialAction\":[{\"@type\":\"SearchAction\",\"target\":{\"@type\":\"EntryPoint\",\"urlTemplate\":\"https:\/\/www.travel-slovenia.si\/slo\/?s={search_term_string}\"},\"query-input\":{\"@type\":\"PropertyValueSpecification\",\"valueRequired\":true,\"valueName\":\"search_term_string\"}}],\"inLanguage\":\"sl-SI\"}]}<\/script>\n<!-- \/ Yoast SEO plugin. -->","yoast_head_json":{"title":"Nu\u0161a Tome-Babnik : Travel-Slovenia","description":"Nu\u0161a Tome-Babnik je slovenska alpska smu\u010darka, ki je za Jugoslavijo nastopila na Zimskih olimpijskih igrah leta 1980 v Lake Placidu.","robots":{"index":"index","follow":"follow","max-snippet":"max-snippet:-1","max-image-preview":"max-image-preview:large","max-video-preview":"max-video-preview:-1"},"canonical":"https:\/\/www.travel-slovenia.si\/slo\/nusa-tome-babnik\/","og_locale":"sl_SI","og_type":"article","og_title":"Nu\u0161a Tome-Babnik : Travel-Slovenia","og_description":"Nu\u0161a Tome-Babnik je slovenska alpska smu\u010darka, ki je za Jugoslavijo nastopila na Zimskih olimpijskih igrah leta 1980 v Lake Placidu.","og_url":"https:\/\/www.travel-slovenia.si\/slo\/nusa-tome-babnik\/","og_site_name":"Travel Slovenia - Sledite lepotam na\u0161e male dr\u017eavice","og_image":[{"width":400,"height":378,"url":"https:\/\/www.travel-slovenia.si\/slo\/wp-content\/uploads\/2016\/10\/travel-slovenia-nusa-tome-babnik.jpg","type":"image\/jpeg"}],"twitter_card":"summary_large_image","twitter_title":"Nu\u0161a Tome-Babnik : Travel-Slovenia","twitter_description":"Nu\u0161a Tome-Babnik je slovenska alpska smu\u010darka, ki je za Jugoslavijo nastopila na Zimskih olimpijskih igrah leta 1980 v Lake Placidu.","twitter_image":"https:\/\/www.travel-slovenia.si\/slo\/wp-content\/uploads\/2016\/10\/travel-slovenia-nusa-tome-babnik.jpg","twitter_misc":{"Est. reading time":"1 minuta"},"schema":{"@context":"https:\/\/schema.org","@graph":[{"@type":"WebPage","@id":"https:\/\/www.travel-slovenia.si\/slo\/nusa-tome-babnik\/","url":"https:\/\/www.travel-slovenia.si\/slo\/nusa-tome-babnik\/","name":"Nu\u0161a Tome-Babnik : Travel-Slovenia","isPartOf":{"@id":"https:\/\/www.travel-slovenia.si\/slo\/#website"},"primaryImageOfPage":{"@id":"https:\/\/www.travel-slovenia.si\/slo\/nusa-tome-babnik\/#primaryimage"},"image":{"@id":"https:\/\/www.travel-slovenia.si\/slo\/nusa-tome-babnik\/#primaryimage"},"thumbnailUrl":"https:\/\/www.travel-slovenia.si\/slo\/wp-content\/uploads\/2016\/10\/travel-slovenia-nusa-tome-babnik-300x284.jpg","datePublished":"2016-10-13T07:53:10+00:00","description":"Nu\u0161a Tome-Babnik je slovenska alpska smu\u010darka, ki je za Jugoslavijo nastopila na Zimskih olimpijskih igrah leta 1980 v Lake Placidu.","breadcrumb":{"@id":"https:\/\/www.travel-slovenia.si\/slo\/nusa-tome-babnik\/#breadcrumb"},"inLanguage":"sl-SI","potentialAction":[{"@type":"ReadAction","target":["https:\/\/www.travel-slovenia.si\/slo\/nusa-tome-babnik\/"]}]},{"@type":"ImageObject","inLanguage":"sl-SI","@id":"https:\/\/www.travel-slovenia.si\/slo\/nusa-tome-babnik\/#primaryimage","url":"https:\/\/www.travel-slovenia.si\/slo\/wp-content\/uploads\/2016\/10\/travel-slovenia-nusa-tome-babnik.jpg","contentUrl":"https:\/\/www.travel-slovenia.si\/slo\/wp-content\/uploads\/2016\/10\/travel-slovenia-nusa-tome-babnik.jpg","width":400,"height":378,"caption":"Nu\u0161a Tome-Babnik"},{"@type":"BreadcrumbList","@id":"https:\/\/www.travel-slovenia.si\/slo\/nusa-tome-babnik\/#breadcrumb","itemListElement":[{"@type":"ListItem","position":1,"name":"Home","item":"https:\/\/www.travel-slovenia.si\/slo\/"},{"@type":"ListItem","position":2,"name":"Nu\u0161a Tome-Babnik"}]},{"@type":"WebSite","@id":"https:\/\/www.travel-slovenia.si\/slo\/#website","url":"https:\/\/www.travel-slovenia.si\/slo\/","name":"Travel Slovenia - Sledite lepotam na\u0161e male dr\u017eavice","description":"","potentialAction":[{"@type":"SearchAction","target":{"@type":"EntryPoint","urlTemplate":"https:\/\/www.travel-slovenia.si\/slo\/?s={search_term_string}"},"query-input":{"@type":"PropertyValueSpecification","valueRequired":true,"valueName":"search_term_string"}}],"inLanguage":"sl-SI"}]}},"post_mailing_queue_ids":[],"_links":{"self":[{"href":"https:\/\/www.travel-slovenia.si\/slo\/wp-json\/wp\/v2\/pages\/5964","targetHints":{"allow":["GET"]}}],"collection":[{"href":"https:\/\/www.travel-slovenia.si\/slo\/wp-json\/wp\/v2\/pages"}],"about":[{"href":"https:\/\/www.travel-slovenia.si\/slo\/wp-json\/wp\/v2\/types\/page"}],"author":[{"embeddable":true,"href":"https:\/\/www.travel-slovenia.si\/slo\/wp-json\/wp\/v2\/users\/111"}],"replies":[{"embeddable":true,"href":"https:\/\/www.travel-slovenia.si\/slo\/wp-json\/wp\/v2\/comments?post=5964"}],"version-history":[{"count":1,"href":"https:\/\/www.travel-slovenia.si\/slo\/wp-json\/wp\/v2\/pages\/5964\/revisions"}],"predecessor-version":[{"id":5968,"href":"https:\/\/www.travel-slovenia.si\/slo\/wp-json\/wp\/v2\/pages\/5964\/revisions\/5968"}],"wp:attachment":[{"href":"https:\/\/www.travel-slovenia.si\/slo\/wp-json\/wp\/v2\/media?parent=5964"}],"curies":[{"name":"wp","href":"https:\/\/api.w.org\/{rel}","templated":true}]}}