{"id":5870,"date":"2016-09-14T16:51:44","date_gmt":"2016-09-14T14:51:44","guid":{"rendered":"https:\/\/www.travel-slovenia.si\/slo\/?page_id=5870"},"modified":"2019-10-14T18:17:08","modified_gmt":"2019-10-14T16:17:08","slug":"slovenski-filmi","status":"publish","type":"page","link":"https:\/\/www.travel-slovenia.si\/slo\/slovenski-filmi\/","title":{"rendered":"Slovenski filmi"},"content":{"rendered":"<p style=\"text-align: justify;\"><a href=\"https:\/\/www.travel-slovenia.si\/slo\/na-svoji-zemlji\/\"><img loading=\"lazy\" decoding=\"async\" class=\"alignleft size-full wp-image-5994\" src=\"https:\/\/www.travel-slovenia.si\/slo\/wp-content\/uploads\/2016\/10\/travel-slovenia-na-svoji-zemlji.jpg\" alt=\"travel-slovenia-na-svoji-zemlji\" width=\"150\" height=\"150\" srcset=\"https:\/\/www.travel-slovenia.si\/slo\/wp-content\/uploads\/2016\/10\/travel-slovenia-na-svoji-zemlji.jpg 150w, https:\/\/www.travel-slovenia.si\/slo\/wp-content\/uploads\/2016\/10\/travel-slovenia-na-svoji-zemlji-83x83.jpg 83w, https:\/\/www.travel-slovenia.si\/slo\/wp-content\/uploads\/2016\/10\/travel-slovenia-na-svoji-zemlji-55x55.jpg 55w, https:\/\/www.travel-slovenia.si\/slo\/wp-content\/uploads\/2016\/10\/travel-slovenia-na-svoji-zemlji-24x24.jpg 24w, https:\/\/www.travel-slovenia.si\/slo\/wp-content\/uploads\/2016\/10\/travel-slovenia-na-svoji-zemlji-36x36.jpg 36w, https:\/\/www.travel-slovenia.si\/slo\/wp-content\/uploads\/2016\/10\/travel-slovenia-na-svoji-zemlji-48x48.jpg 48w\" sizes=\"auto, (max-width: 150px) 100vw, 150px\" \/><\/a><a href=\"https:\/\/www.travel-slovenia.si\/slo\/na-svoji-zemlji\/\"><strong><em>Na svoji zemlji<\/em><\/strong><\/a><br \/>\nFilm Na svoji zemlji je prvi slovenski zvo\u010dni celove\u010derni igrani film, ki so ga prvi\u010d javno predvajali 21. novembra 1948 v Ljubljani. Film si je v \u010dasu predvajanja ogledalo 400.000 gledalcev po Sloveniji. Zgodba filma govori o boju partizanov in civilnega prebivalstva na Primorskem. [<a href=\"https:\/\/www.travel-slovenia.si\/slo\/na-svoji-zemlji\/\">_Preberite ve\u010d_<\/a>]\n<p style=\"text-align: justify;\"><a href=\"https:\/\/www.travel-slovenia.si\/slo\/ne-joci-peter\/\"><img loading=\"lazy\" decoding=\"async\" class=\"alignleft size-full wp-image-5872\" src=\"https:\/\/www.travel-slovenia.si\/slo\/wp-content\/uploads\/2014\/05\/travel-slovenia-ne-joci-peter-view.jpg\" alt=\"travel-slovenia-ne-joci-peter-view\" width=\"150\" height=\"150\" srcset=\"https:\/\/www.travel-slovenia.si\/slo\/wp-content\/uploads\/2014\/05\/travel-slovenia-ne-joci-peter-view.jpg 150w, https:\/\/www.travel-slovenia.si\/slo\/wp-content\/uploads\/2014\/05\/travel-slovenia-ne-joci-peter-view-83x83.jpg 83w, https:\/\/www.travel-slovenia.si\/slo\/wp-content\/uploads\/2014\/05\/travel-slovenia-ne-joci-peter-view-55x55.jpg 55w, https:\/\/www.travel-slovenia.si\/slo\/wp-content\/uploads\/2014\/05\/travel-slovenia-ne-joci-peter-view-24x24.jpg 24w, https:\/\/www.travel-slovenia.si\/slo\/wp-content\/uploads\/2014\/05\/travel-slovenia-ne-joci-peter-view-36x36.jpg 36w, https:\/\/www.travel-slovenia.si\/slo\/wp-content\/uploads\/2014\/05\/travel-slovenia-ne-joci-peter-view-48x48.jpg 48w\" sizes=\"auto, (max-width: 150px) 100vw, 150px\" \/><\/a><a href=\"https:\/\/www.travel-slovenia.si\/slo\/ne-joci-peter\/\"><strong><em>Ne jo\u010di, Peter<\/em><\/strong><\/a><br \/>\nFilm z naslovom &#8221;Ne jo\u010di, Peter&#8221; je slovenski vojni film, izdan 17. novembra 1964, katerega re\u017eiser je France \u0160tiglic. Film govori o \u010dastni zadol\u017eitvi dveh partizanskih minerjev. Njuna naloga je, da tri vojne sirote odpeljeta iz nevarnega vojnega obmo\u010dja na osvobojeno ozemlje. [<a href=\"https:\/\/www.travel-slovenia.si\/slo\/ne-joci-peter\/\">_Preberite ve\u010d_<\/a>]\n<p style=\"text-align: justify;\"><a href=\"https:\/\/www.travel-slovenia.si\/slo\/kekec\/\"><img loading=\"lazy\" decoding=\"async\" class=\"alignleft size-full wp-image-6502\" src=\"https:\/\/www.travel-slovenia.si\/slo\/wp-content\/uploads\/2017\/03\/travel-slovenia-kekec-view.jpg\" alt=\"\" width=\"150\" height=\"150\" srcset=\"https:\/\/www.travel-slovenia.si\/slo\/wp-content\/uploads\/2017\/03\/travel-slovenia-kekec-view.jpg 150w, https:\/\/www.travel-slovenia.si\/slo\/wp-content\/uploads\/2017\/03\/travel-slovenia-kekec-view-83x83.jpg 83w, https:\/\/www.travel-slovenia.si\/slo\/wp-content\/uploads\/2017\/03\/travel-slovenia-kekec-view-55x55.jpg 55w, https:\/\/www.travel-slovenia.si\/slo\/wp-content\/uploads\/2017\/03\/travel-slovenia-kekec-view-24x24.jpg 24w, https:\/\/www.travel-slovenia.si\/slo\/wp-content\/uploads\/2017\/03\/travel-slovenia-kekec-view-36x36.jpg 36w, https:\/\/www.travel-slovenia.si\/slo\/wp-content\/uploads\/2017\/03\/travel-slovenia-kekec-view-48x48.jpg 48w\" sizes=\"auto, (max-width: 150px) 100vw, 150px\" \/><\/a><a href=\"https:\/\/www.travel-slovenia.si\/slo\/kekec\/\"><strong><em>Kekec<\/em><\/strong><\/a><br \/>\nKekec je prvi slovenski mladinski film, kot tudi prvi slovenski film, ki je prejel mednarodno nagrado zlati lev na 16. bene\u0161kem filmskem festivalu v kategoriji otro\u0161kih filmov. Je pustolovsko-pravlji\u010dni otro\u0161ki film re\u017eiserja Jo\u017eeta Galeta iz leta 1951. Posnet je bil po istoimenski zgodbi Josipa Vandota.\u00a0[<a href=\"https:\/\/www.travel-slovenia.si\/slo\/kekec\/\">_Preberite ve\u010d_<\/a>]\n","protected":false},"excerpt":{"rendered":"<p>Na svoji zemlji Film Na svoji zemlji je prvi slovenski zvo\u010dni celove\u010derni igrani film, ki so ga prvi\u010d javno predvajali 21. novembra 1948 v Ljubljani. Film si je v \u010dasu predvajanja ogledalo 400.000 gledalcev po Sloveniji. Zgodba filma govori o boju partizanov in civilnega prebivalstva na Primorskem. [_Preberite ve\u010d_] Ne jo\u010di, Peter Film z naslovom [&hellip;]<\/p>\n","protected":false},"author":111,"featured_media":0,"parent":0,"menu_order":0,"comment_status":"closed","ping_status":"closed","template":"","meta":{"footnotes":""},"class_list":["post-5870","page","type-page","status-publish","hentry"],"yoast_head":"<!-- This site is optimized with the Yoast SEO plugin v25.4 - https:\/\/yoast.com\/wordpress\/plugins\/seo\/ -->\n<title>Slovenski filmi - Travel Slovenia - Sledite lepotam na\u0161e male dr\u017eavice<\/title>\n<meta name=\"robots\" content=\"index, follow, max-snippet:-1, max-image-preview:large, max-video-preview:-1\" \/>\n<link rel=\"canonical\" href=\"https:\/\/www.travel-slovenia.si\/slo\/slovenski-filmi\/\" \/>\n<meta property=\"og:locale\" content=\"sl_SI\" \/>\n<meta property=\"og:type\" content=\"article\" \/>\n<meta property=\"og:title\" content=\"Slovenski filmi - Travel Slovenia - Sledite lepotam na\u0161e male dr\u017eavice\" \/>\n<meta property=\"og:description\" content=\"Na svoji zemlji Film Na svoji zemlji je prvi slovenski zvo\u010dni celove\u010derni igrani film, ki so ga prvi\u010d javno predvajali 21. novembra 1948 v Ljubljani. Film si je v \u010dasu predvajanja ogledalo 400.000 gledalcev po Sloveniji. Zgodba filma govori o boju partizanov in civilnega prebivalstva na Primorskem. [_Preberite ve\u010d_] Ne jo\u010di, Peter Film z naslovom [&hellip;]\" \/>\n<meta property=\"og:url\" content=\"https:\/\/www.travel-slovenia.si\/slo\/slovenski-filmi\/\" \/>\n<meta property=\"og:site_name\" content=\"Travel Slovenia - Sledite lepotam na\u0161e male dr\u017eavice\" \/>\n<meta property=\"article:modified_time\" content=\"2019-10-14T16:17:08+00:00\" \/>\n<meta property=\"og:image\" content=\"https:\/\/www.travel-slovenia.si\/slo\/wp-content\/uploads\/2016\/10\/travel-slovenia-na-svoji-zemlji.jpg\" \/>\n<meta name=\"twitter:card\" content=\"summary_large_image\" \/>\n<meta name=\"twitter:label1\" content=\"Est. reading time\" \/>\n\t<meta name=\"twitter:data1\" content=\"1 minuta\" \/>\n<script type=\"application\/ld+json\" class=\"yoast-schema-graph\">{\"@context\":\"https:\/\/schema.org\",\"@graph\":[{\"@type\":\"WebPage\",\"@id\":\"https:\/\/www.travel-slovenia.si\/slo\/slovenski-filmi\/\",\"url\":\"https:\/\/www.travel-slovenia.si\/slo\/slovenski-filmi\/\",\"name\":\"Slovenski filmi - Travel Slovenia - Sledite lepotam na\u0161e male dr\u017eavice\",\"isPartOf\":{\"@id\":\"https:\/\/www.travel-slovenia.si\/slo\/#website\"},\"primaryImageOfPage\":{\"@id\":\"https:\/\/www.travel-slovenia.si\/slo\/slovenski-filmi\/#primaryimage\"},\"image\":{\"@id\":\"https:\/\/www.travel-slovenia.si\/slo\/slovenski-filmi\/#primaryimage\"},\"thumbnailUrl\":\"https:\/\/www.travel-slovenia.si\/slo\/wp-content\/uploads\/2016\/10\/travel-slovenia-na-svoji-zemlji.jpg\",\"datePublished\":\"2016-09-14T14:51:44+00:00\",\"dateModified\":\"2019-10-14T16:17:08+00:00\",\"breadcrumb\":{\"@id\":\"https:\/\/www.travel-slovenia.si\/slo\/slovenski-filmi\/#breadcrumb\"},\"inLanguage\":\"sl-SI\",\"potentialAction\":[{\"@type\":\"ReadAction\",\"target\":[\"https:\/\/www.travel-slovenia.si\/slo\/slovenski-filmi\/\"]}]},{\"@type\":\"ImageObject\",\"inLanguage\":\"sl-SI\",\"@id\":\"https:\/\/www.travel-slovenia.si\/slo\/slovenski-filmi\/#primaryimage\",\"url\":\"https:\/\/www.travel-slovenia.si\/slo\/wp-content\/uploads\/2016\/10\/travel-slovenia-na-svoji-zemlji.jpg\",\"contentUrl\":\"https:\/\/www.travel-slovenia.si\/slo\/wp-content\/uploads\/2016\/10\/travel-slovenia-na-svoji-zemlji.jpg\",\"width\":150,\"height\":150},{\"@type\":\"BreadcrumbList\",\"@id\":\"https:\/\/www.travel-slovenia.si\/slo\/slovenski-filmi\/#breadcrumb\",\"itemListElement\":[{\"@type\":\"ListItem\",\"position\":1,\"name\":\"Home\",\"item\":\"https:\/\/www.travel-slovenia.si\/slo\/\"},{\"@type\":\"ListItem\",\"position\":2,\"name\":\"Slovenski filmi\"}]},{\"@type\":\"WebSite\",\"@id\":\"https:\/\/www.travel-slovenia.si\/slo\/#website\",\"url\":\"https:\/\/www.travel-slovenia.si\/slo\/\",\"name\":\"Travel Slovenia - Sledite lepotam na\u0161e male dr\u017eavice\",\"description\":\"\",\"potentialAction\":[{\"@type\":\"SearchAction\",\"target\":{\"@type\":\"EntryPoint\",\"urlTemplate\":\"https:\/\/www.travel-slovenia.si\/slo\/?s={search_term_string}\"},\"query-input\":{\"@type\":\"PropertyValueSpecification\",\"valueRequired\":true,\"valueName\":\"search_term_string\"}}],\"inLanguage\":\"sl-SI\"}]}<\/script>\n<!-- \/ Yoast SEO plugin. -->","yoast_head_json":{"title":"Slovenski filmi - Travel Slovenia - Sledite lepotam na\u0161e male dr\u017eavice","robots":{"index":"index","follow":"follow","max-snippet":"max-snippet:-1","max-image-preview":"max-image-preview:large","max-video-preview":"max-video-preview:-1"},"canonical":"https:\/\/www.travel-slovenia.si\/slo\/slovenski-filmi\/","og_locale":"sl_SI","og_type":"article","og_title":"Slovenski filmi - Travel Slovenia - Sledite lepotam na\u0161e male dr\u017eavice","og_description":"Na svoji zemlji Film Na svoji zemlji je prvi slovenski zvo\u010dni celove\u010derni igrani film, ki so ga prvi\u010d javno predvajali 21. novembra 1948 v Ljubljani. Film si je v \u010dasu predvajanja ogledalo 400.000 gledalcev po Sloveniji. Zgodba filma govori o boju partizanov in civilnega prebivalstva na Primorskem. [_Preberite ve\u010d_] Ne jo\u010di, Peter Film z naslovom [&hellip;]","og_url":"https:\/\/www.travel-slovenia.si\/slo\/slovenski-filmi\/","og_site_name":"Travel Slovenia - Sledite lepotam na\u0161e male dr\u017eavice","article_modified_time":"2019-10-14T16:17:08+00:00","og_image":[{"url":"https:\/\/www.travel-slovenia.si\/slo\/wp-content\/uploads\/2016\/10\/travel-slovenia-na-svoji-zemlji.jpg","type":"","width":"","height":""}],"twitter_card":"summary_large_image","twitter_misc":{"Est. reading time":"1 minuta"},"schema":{"@context":"https:\/\/schema.org","@graph":[{"@type":"WebPage","@id":"https:\/\/www.travel-slovenia.si\/slo\/slovenski-filmi\/","url":"https:\/\/www.travel-slovenia.si\/slo\/slovenski-filmi\/","name":"Slovenski filmi - Travel Slovenia - Sledite lepotam na\u0161e male dr\u017eavice","isPartOf":{"@id":"https:\/\/www.travel-slovenia.si\/slo\/#website"},"primaryImageOfPage":{"@id":"https:\/\/www.travel-slovenia.si\/slo\/slovenski-filmi\/#primaryimage"},"image":{"@id":"https:\/\/www.travel-slovenia.si\/slo\/slovenski-filmi\/#primaryimage"},"thumbnailUrl":"https:\/\/www.travel-slovenia.si\/slo\/wp-content\/uploads\/2016\/10\/travel-slovenia-na-svoji-zemlji.jpg","datePublished":"2016-09-14T14:51:44+00:00","dateModified":"2019-10-14T16:17:08+00:00","breadcrumb":{"@id":"https:\/\/www.travel-slovenia.si\/slo\/slovenski-filmi\/#breadcrumb"},"inLanguage":"sl-SI","potentialAction":[{"@type":"ReadAction","target":["https:\/\/www.travel-slovenia.si\/slo\/slovenski-filmi\/"]}]},{"@type":"ImageObject","inLanguage":"sl-SI","@id":"https:\/\/www.travel-slovenia.si\/slo\/slovenski-filmi\/#primaryimage","url":"https:\/\/www.travel-slovenia.si\/slo\/wp-content\/uploads\/2016\/10\/travel-slovenia-na-svoji-zemlji.jpg","contentUrl":"https:\/\/www.travel-slovenia.si\/slo\/wp-content\/uploads\/2016\/10\/travel-slovenia-na-svoji-zemlji.jpg","width":150,"height":150},{"@type":"BreadcrumbList","@id":"https:\/\/www.travel-slovenia.si\/slo\/slovenski-filmi\/#breadcrumb","itemListElement":[{"@type":"ListItem","position":1,"name":"Home","item":"https:\/\/www.travel-slovenia.si\/slo\/"},{"@type":"ListItem","position":2,"name":"Slovenski filmi"}]},{"@type":"WebSite","@id":"https:\/\/www.travel-slovenia.si\/slo\/#website","url":"https:\/\/www.travel-slovenia.si\/slo\/","name":"Travel Slovenia - Sledite lepotam na\u0161e male dr\u017eavice","description":"","potentialAction":[{"@type":"SearchAction","target":{"@type":"EntryPoint","urlTemplate":"https:\/\/www.travel-slovenia.si\/slo\/?s={search_term_string}"},"query-input":{"@type":"PropertyValueSpecification","valueRequired":true,"valueName":"search_term_string"}}],"inLanguage":"sl-SI"}]}},"post_mailing_queue_ids":[],"_links":{"self":[{"href":"https:\/\/www.travel-slovenia.si\/slo\/wp-json\/wp\/v2\/pages\/5870","targetHints":{"allow":["GET"]}}],"collection":[{"href":"https:\/\/www.travel-slovenia.si\/slo\/wp-json\/wp\/v2\/pages"}],"about":[{"href":"https:\/\/www.travel-slovenia.si\/slo\/wp-json\/wp\/v2\/types\/page"}],"author":[{"embeddable":true,"href":"https:\/\/www.travel-slovenia.si\/slo\/wp-json\/wp\/v2\/users\/111"}],"replies":[{"embeddable":true,"href":"https:\/\/www.travel-slovenia.si\/slo\/wp-json\/wp\/v2\/comments?post=5870"}],"version-history":[{"count":9,"href":"https:\/\/www.travel-slovenia.si\/slo\/wp-json\/wp\/v2\/pages\/5870\/revisions"}],"predecessor-version":[{"id":8396,"href":"https:\/\/www.travel-slovenia.si\/slo\/wp-json\/wp\/v2\/pages\/5870\/revisions\/8396"}],"wp:attachment":[{"href":"https:\/\/www.travel-slovenia.si\/slo\/wp-json\/wp\/v2\/media?parent=5870"}],"curies":[{"name":"wp","href":"https:\/\/api.w.org\/{rel}","templated":true}]}}