{"id":5847,"date":"2016-09-13T14:09:43","date_gmt":"2016-09-13T12:09:43","guid":{"rendered":"https:\/\/www.travel-slovenia.si\/slo\/?page_id=5847"},"modified":"2016-09-13T14:10:23","modified_gmt":"2016-09-13T12:10:23","slug":"fran-ramovs","status":"publish","type":"page","link":"https:\/\/www.travel-slovenia.si\/slo\/fran-ramovs\/","title":{"rendered":"Fran Ramov\u0161"},"content":{"rendered":"<figure id=\"attachment_5850\" class=\"wp-caption alignleft\" style=\"max-width: 300px\"><img loading=\"lazy\" decoding=\"async\" class=\"size-medium wp-image-5850\" src=\"https:\/\/www.travel-slovenia.si\/slo\/wp-content\/uploads\/2016\/09\/travel-slovenia-fran-ramovs-300x263.jpg\" alt=\"Fran Ramov\u0161\" width=\"300\" height=\"263\" srcset=\"https:\/\/www.travel-slovenia.si\/slo\/wp-content\/uploads\/2016\/09\/travel-slovenia-fran-ramovs-300x263.jpg 300w, https:\/\/www.travel-slovenia.si\/slo\/wp-content\/uploads\/2016\/09\/travel-slovenia-fran-ramovs-24x21.jpg 24w, https:\/\/www.travel-slovenia.si\/slo\/wp-content\/uploads\/2016\/09\/travel-slovenia-fran-ramovs-36x32.jpg 36w, https:\/\/www.travel-slovenia.si\/slo\/wp-content\/uploads\/2016\/09\/travel-slovenia-fran-ramovs-48x42.jpg 48w, https:\/\/www.travel-slovenia.si\/slo\/wp-content\/uploads\/2016\/09\/travel-slovenia-fran-ramovs.jpg 400w\" sizes=\"auto, (max-width: 300px) 100vw, 300px\" \/><figcaption class=\"wp-caption-text\">Fran Ramov\u0161<\/figcaption><\/figure>\n<p style=\"text-align: justify;\">Fran Ramov\u0161 je bil slovenski nare\u010djeslovec, imenoslovec in jezikoslovec, ki se je rodil 14. septembra 1890 v Ljubljani. Umrl pa je 16. septembra 1952, prav tako v Ljubljani. Ramov\u0161 je \u0161tudij opravljal na Dunaju in v Gradcu. 3. decembra 1919 je na tedaj na novo ustanovljeni Univerzi v Ljubljani imel prvo predavanje o sloven\u0161\u010dini, zaradi \u010desar univerza dana\u0161nji dan praznuje kot svoj praznik. Bil je profesor slovenskega jezika in fonetike na Filozofski fakulteti v Ljubljani. Rektor Univerze v Ljubljani je bil med leti 1934 in 1935. Bil je tudi soustanovitelj in \u010dlan SAZU (Slovenska akademija znanosti in umetnosti). Kot 4. predsednik ustanove je deloval med leti 1950 in 1952. Pre\u0161ernovo nagrado je prejel leta 1950, za znanstveno in znanstveno organizacijsko delo pri Slovenskem pravopisu. Po njem so poimenovali In\u0161titut za slovenski jezik &#8211; In\u0161titut Frana Ramov\u0161a. Postal je tudi \u010dastni \u010dlan Slavisti\u010dnega dru\u0161tva Slovenije. Obenem pa je o\u010de slovenskega skladatelja Primo\u017ea Ramov\u0161a.<\/p>\n<p style=\"text-align: justify;\"><strong>Njegova dela:<\/strong><br \/>\n<em>Histori\u010dna gramatika slovenskega jezika II, Konzonantizem (1924)<\/em><br \/>\n<em>Histori\u010dna gramatika slovenskega jezika VII, Dialekti (1935)<\/em><br \/>\n<em>Slovenski pravopis, ki ga je napisal skupaj z Antonom Breznikom (1935)<\/em><br \/>\n<em>O pomembnosti nekaterih pojavov v slovenskih nare\u010djih na Koro\u0161kem (1946)<\/em><br \/>\n<em>Kratka zgodovina slovenskega jezika (1936)<\/em><br \/>\n<em>Morfologija slovenskega jezika (1952)<\/em><\/p>\n<p><\/br><\/p>\n<table>\n<tbody>\n<tr>\n<td style=\"text-align: center;\"><a href=\"https:\/\/www.travel-slovenia.si\/slo\/zgodovinske-osebnosti\/\"><img loading=\"lazy\" decoding=\"async\" class=\"alignleft wp-image-4499 size-full\" src=\"https:\/\/www.travel-slovenia.si\/slo\/wp-content\/uploads\/2014\/09\/travel-slovenia-povezava-na-drugo.jpg\" alt=\"travel-slovenia-povezava-na-drugo\" width=\"128\" height=\"22\" srcset=\"https:\/\/www.travel-slovenia.si\/slo\/wp-content\/uploads\/2014\/09\/travel-slovenia-povezava-na-drugo.jpg 128w, https:\/\/www.travel-slovenia.si\/slo\/wp-content\/uploads\/2014\/09\/travel-slovenia-povezava-na-drugo-24x4.jpg 24w, https:\/\/www.travel-slovenia.si\/slo\/wp-content\/uploads\/2014\/09\/travel-slovenia-povezava-na-drugo-36x6.jpg 36w, https:\/\/www.travel-slovenia.si\/slo\/wp-content\/uploads\/2014\/09\/travel-slovenia-povezava-na-drugo-48x8.jpg 48w\" sizes=\"auto, (max-width: 128px) 100vw, 128px\" \/><\/a><a href=\"https:\/\/www.travel-slovenia.si\/slo\/zgodovinske-osebnosti\/\">Poglejte \u0161e druge zgodovinske osebnosti!<\/a><a href=\"https:\/\/www.travel-slovenia.si\/slo\/zgodovinske-osebnosti\/\"><img loading=\"lazy\" decoding=\"async\" class=\"alignright wp-image-4500 size-full\" src=\"https:\/\/www.travel-slovenia.si\/slo\/wp-content\/uploads\/2014\/09\/travel-slovenia-povezava-na-drugo2.jpg\" alt=\"travel-slovenia-povezava-na-drugo2\" width=\"128\" height=\"22\" srcset=\"https:\/\/www.travel-slovenia.si\/slo\/wp-content\/uploads\/2014\/09\/travel-slovenia-povezava-na-drugo2.jpg 128w, https:\/\/www.travel-slovenia.si\/slo\/wp-content\/uploads\/2014\/09\/travel-slovenia-povezava-na-drugo2-24x4.jpg 24w, https:\/\/www.travel-slovenia.si\/slo\/wp-content\/uploads\/2014\/09\/travel-slovenia-povezava-na-drugo2-36x6.jpg 36w, https:\/\/www.travel-slovenia.si\/slo\/wp-content\/uploads\/2014\/09\/travel-slovenia-povezava-na-drugo2-48x8.jpg 48w\" sizes=\"auto, (max-width: 128px) 100vw, 128px\" \/><\/a><\/td>\n<\/tr>\n<\/tbody>\n<\/table>\n","protected":false},"excerpt":{"rendered":"<p>Fran Ramov\u0161 je bil slovenski nare\u010djeslovec, imenoslovec in jezikoslovec, ki se je rodil 14. septembra 1890 v Ljubljani. Umrl pa je 16. septembra 1952, prav tako v Ljubljani. Ramov\u0161 je \u0161tudij opravljal na Dunaju in v Gradcu. 3. decembra 1919 je na tedaj na novo ustanovljeni Univerzi v Ljubljani imel prvo predavanje o sloven\u0161\u010dini, zaradi [&hellip;]<\/p>\n","protected":false},"author":111,"featured_media":0,"parent":0,"menu_order":0,"comment_status":"closed","ping_status":"closed","template":"","meta":{"footnotes":""},"class_list":["post-5847","page","type-page","status-publish","hentry"],"yoast_head":"<!-- This site is optimized with the Yoast SEO plugin v25.4 - https:\/\/yoast.com\/wordpress\/plugins\/seo\/ -->\n<title>Fran Ramov\u0161 : Travel-Slovenia<\/title>\n<meta name=\"description\" content=\"Fran Ramov\u0161 je bil slovenski nare\u010djeslovec, imenoslovec in jezikoslovec, ki se je rodil 14. septembra 1890 v Ljubljani. Umrl pa je 16. septembra 1952.\" \/>\n<meta name=\"robots\" content=\"index, follow, max-snippet:-1, max-image-preview:large, max-video-preview:-1\" \/>\n<link rel=\"canonical\" href=\"https:\/\/www.travel-slovenia.si\/slo\/fran-ramovs\/\" \/>\n<meta property=\"og:locale\" content=\"sl_SI\" \/>\n<meta property=\"og:type\" content=\"article\" \/>\n<meta property=\"og:title\" content=\"Fran Ramov\u0161 : Travel-Slovenia\" \/>\n<meta property=\"og:description\" content=\"Fran Ramov\u0161 je bil slovenski nare\u010djeslovec, imenoslovec in jezikoslovec, ki se je rodil 14. septembra 1890 v Ljubljani. Umrl pa je 16. septembra 1952.\" \/>\n<meta property=\"og:url\" content=\"https:\/\/www.travel-slovenia.si\/slo\/fran-ramovs\/\" \/>\n<meta property=\"og:site_name\" content=\"Travel Slovenia - Sledite lepotam na\u0161e male dr\u017eavice\" \/>\n<meta property=\"article:modified_time\" content=\"2016-09-13T12:10:23+00:00\" \/>\n<meta property=\"og:image\" content=\"https:\/\/www.travel-slovenia.si\/slo\/wp-content\/uploads\/2016\/09\/travel-slovenia-fran-ramovs.jpg\" \/>\n\t<meta property=\"og:image:width\" content=\"400\" \/>\n\t<meta property=\"og:image:height\" content=\"351\" \/>\n\t<meta property=\"og:image:type\" content=\"image\/jpeg\" \/>\n<meta name=\"twitter:card\" content=\"summary_large_image\" \/>\n<meta name=\"twitter:title\" content=\"Fran Ramov\u0161 : Travel-Slovenia\" \/>\n<meta name=\"twitter:description\" content=\"Fran Ramov\u0161 je bil slovenski nare\u010djeslovec, imenoslovec in jezikoslovec, ki se je rodil 14. septembra 1890 v Ljubljani. Umrl pa je 16. septembra 1952.\" \/>\n<meta name=\"twitter:image\" content=\"https:\/\/www.travel-slovenia.si\/slo\/wp-content\/uploads\/2016\/09\/travel-slovenia-fran-ramovs.jpg\" \/>\n<meta name=\"twitter:label1\" content=\"Est. reading time\" \/>\n\t<meta name=\"twitter:data1\" content=\"1 minuta\" \/>\n<script type=\"application\/ld+json\" class=\"yoast-schema-graph\">{\"@context\":\"https:\/\/schema.org\",\"@graph\":[{\"@type\":\"WebPage\",\"@id\":\"https:\/\/www.travel-slovenia.si\/slo\/fran-ramovs\/\",\"url\":\"https:\/\/www.travel-slovenia.si\/slo\/fran-ramovs\/\",\"name\":\"Fran Ramov\u0161 : Travel-Slovenia\",\"isPartOf\":{\"@id\":\"https:\/\/www.travel-slovenia.si\/slo\/#website\"},\"primaryImageOfPage\":{\"@id\":\"https:\/\/www.travel-slovenia.si\/slo\/fran-ramovs\/#primaryimage\"},\"image\":{\"@id\":\"https:\/\/www.travel-slovenia.si\/slo\/fran-ramovs\/#primaryimage\"},\"thumbnailUrl\":\"https:\/\/www.travel-slovenia.si\/slo\/wp-content\/uploads\/2016\/09\/travel-slovenia-fran-ramovs-300x263.jpg\",\"datePublished\":\"2016-09-13T12:09:43+00:00\",\"dateModified\":\"2016-09-13T12:10:23+00:00\",\"description\":\"Fran Ramov\u0161 je bil slovenski nare\u010djeslovec, imenoslovec in jezikoslovec, ki se je rodil 14. septembra 1890 v Ljubljani. Umrl pa je 16. septembra 1952.\",\"breadcrumb\":{\"@id\":\"https:\/\/www.travel-slovenia.si\/slo\/fran-ramovs\/#breadcrumb\"},\"inLanguage\":\"sl-SI\",\"potentialAction\":[{\"@type\":\"ReadAction\",\"target\":[\"https:\/\/www.travel-slovenia.si\/slo\/fran-ramovs\/\"]}]},{\"@type\":\"ImageObject\",\"inLanguage\":\"sl-SI\",\"@id\":\"https:\/\/www.travel-slovenia.si\/slo\/fran-ramovs\/#primaryimage\",\"url\":\"https:\/\/www.travel-slovenia.si\/slo\/wp-content\/uploads\/2016\/09\/travel-slovenia-fran-ramovs.jpg\",\"contentUrl\":\"https:\/\/www.travel-slovenia.si\/slo\/wp-content\/uploads\/2016\/09\/travel-slovenia-fran-ramovs.jpg\",\"width\":400,\"height\":351,\"caption\":\"Fran Ramov\u0161\"},{\"@type\":\"BreadcrumbList\",\"@id\":\"https:\/\/www.travel-slovenia.si\/slo\/fran-ramovs\/#breadcrumb\",\"itemListElement\":[{\"@type\":\"ListItem\",\"position\":1,\"name\":\"Home\",\"item\":\"https:\/\/www.travel-slovenia.si\/slo\/\"},{\"@type\":\"ListItem\",\"position\":2,\"name\":\"Fran Ramov\u0161\"}]},{\"@type\":\"WebSite\",\"@id\":\"https:\/\/www.travel-slovenia.si\/slo\/#website\",\"url\":\"https:\/\/www.travel-slovenia.si\/slo\/\",\"name\":\"Travel Slovenia - Sledite lepotam na\u0161e male dr\u017eavice\",\"description\":\"\",\"potentialAction\":[{\"@type\":\"SearchAction\",\"target\":{\"@type\":\"EntryPoint\",\"urlTemplate\":\"https:\/\/www.travel-slovenia.si\/slo\/?s={search_term_string}\"},\"query-input\":{\"@type\":\"PropertyValueSpecification\",\"valueRequired\":true,\"valueName\":\"search_term_string\"}}],\"inLanguage\":\"sl-SI\"}]}<\/script>\n<!-- \/ Yoast SEO plugin. -->","yoast_head_json":{"title":"Fran Ramov\u0161 : Travel-Slovenia","description":"Fran Ramov\u0161 je bil slovenski nare\u010djeslovec, imenoslovec in jezikoslovec, ki se je rodil 14. septembra 1890 v Ljubljani. Umrl pa je 16. septembra 1952.","robots":{"index":"index","follow":"follow","max-snippet":"max-snippet:-1","max-image-preview":"max-image-preview:large","max-video-preview":"max-video-preview:-1"},"canonical":"https:\/\/www.travel-slovenia.si\/slo\/fran-ramovs\/","og_locale":"sl_SI","og_type":"article","og_title":"Fran Ramov\u0161 : Travel-Slovenia","og_description":"Fran Ramov\u0161 je bil slovenski nare\u010djeslovec, imenoslovec in jezikoslovec, ki se je rodil 14. septembra 1890 v Ljubljani. Umrl pa je 16. septembra 1952.","og_url":"https:\/\/www.travel-slovenia.si\/slo\/fran-ramovs\/","og_site_name":"Travel Slovenia - Sledite lepotam na\u0161e male dr\u017eavice","article_modified_time":"2016-09-13T12:10:23+00:00","og_image":[{"width":400,"height":351,"url":"https:\/\/www.travel-slovenia.si\/slo\/wp-content\/uploads\/2016\/09\/travel-slovenia-fran-ramovs.jpg","type":"image\/jpeg"}],"twitter_card":"summary_large_image","twitter_title":"Fran Ramov\u0161 : Travel-Slovenia","twitter_description":"Fran Ramov\u0161 je bil slovenski nare\u010djeslovec, imenoslovec in jezikoslovec, ki se je rodil 14. septembra 1890 v Ljubljani. Umrl pa je 16. septembra 1952.","twitter_image":"https:\/\/www.travel-slovenia.si\/slo\/wp-content\/uploads\/2016\/09\/travel-slovenia-fran-ramovs.jpg","twitter_misc":{"Est. reading time":"1 minuta"},"schema":{"@context":"https:\/\/schema.org","@graph":[{"@type":"WebPage","@id":"https:\/\/www.travel-slovenia.si\/slo\/fran-ramovs\/","url":"https:\/\/www.travel-slovenia.si\/slo\/fran-ramovs\/","name":"Fran Ramov\u0161 : Travel-Slovenia","isPartOf":{"@id":"https:\/\/www.travel-slovenia.si\/slo\/#website"},"primaryImageOfPage":{"@id":"https:\/\/www.travel-slovenia.si\/slo\/fran-ramovs\/#primaryimage"},"image":{"@id":"https:\/\/www.travel-slovenia.si\/slo\/fran-ramovs\/#primaryimage"},"thumbnailUrl":"https:\/\/www.travel-slovenia.si\/slo\/wp-content\/uploads\/2016\/09\/travel-slovenia-fran-ramovs-300x263.jpg","datePublished":"2016-09-13T12:09:43+00:00","dateModified":"2016-09-13T12:10:23+00:00","description":"Fran Ramov\u0161 je bil slovenski nare\u010djeslovec, imenoslovec in jezikoslovec, ki se je rodil 14. septembra 1890 v Ljubljani. Umrl pa je 16. septembra 1952.","breadcrumb":{"@id":"https:\/\/www.travel-slovenia.si\/slo\/fran-ramovs\/#breadcrumb"},"inLanguage":"sl-SI","potentialAction":[{"@type":"ReadAction","target":["https:\/\/www.travel-slovenia.si\/slo\/fran-ramovs\/"]}]},{"@type":"ImageObject","inLanguage":"sl-SI","@id":"https:\/\/www.travel-slovenia.si\/slo\/fran-ramovs\/#primaryimage","url":"https:\/\/www.travel-slovenia.si\/slo\/wp-content\/uploads\/2016\/09\/travel-slovenia-fran-ramovs.jpg","contentUrl":"https:\/\/www.travel-slovenia.si\/slo\/wp-content\/uploads\/2016\/09\/travel-slovenia-fran-ramovs.jpg","width":400,"height":351,"caption":"Fran Ramov\u0161"},{"@type":"BreadcrumbList","@id":"https:\/\/www.travel-slovenia.si\/slo\/fran-ramovs\/#breadcrumb","itemListElement":[{"@type":"ListItem","position":1,"name":"Home","item":"https:\/\/www.travel-slovenia.si\/slo\/"},{"@type":"ListItem","position":2,"name":"Fran Ramov\u0161"}]},{"@type":"WebSite","@id":"https:\/\/www.travel-slovenia.si\/slo\/#website","url":"https:\/\/www.travel-slovenia.si\/slo\/","name":"Travel Slovenia - Sledite lepotam na\u0161e male dr\u017eavice","description":"","potentialAction":[{"@type":"SearchAction","target":{"@type":"EntryPoint","urlTemplate":"https:\/\/www.travel-slovenia.si\/slo\/?s={search_term_string}"},"query-input":{"@type":"PropertyValueSpecification","valueRequired":true,"valueName":"search_term_string"}}],"inLanguage":"sl-SI"}]}},"post_mailing_queue_ids":[],"_links":{"self":[{"href":"https:\/\/www.travel-slovenia.si\/slo\/wp-json\/wp\/v2\/pages\/5847","targetHints":{"allow":["GET"]}}],"collection":[{"href":"https:\/\/www.travel-slovenia.si\/slo\/wp-json\/wp\/v2\/pages"}],"about":[{"href":"https:\/\/www.travel-slovenia.si\/slo\/wp-json\/wp\/v2\/types\/page"}],"author":[{"embeddable":true,"href":"https:\/\/www.travel-slovenia.si\/slo\/wp-json\/wp\/v2\/users\/111"}],"replies":[{"embeddable":true,"href":"https:\/\/www.travel-slovenia.si\/slo\/wp-json\/wp\/v2\/comments?post=5847"}],"version-history":[{"count":3,"href":"https:\/\/www.travel-slovenia.si\/slo\/wp-json\/wp\/v2\/pages\/5847\/revisions"}],"predecessor-version":[{"id":5853,"href":"https:\/\/www.travel-slovenia.si\/slo\/wp-json\/wp\/v2\/pages\/5847\/revisions\/5853"}],"wp:attachment":[{"href":"https:\/\/www.travel-slovenia.si\/slo\/wp-json\/wp\/v2\/media?parent=5847"}],"curies":[{"name":"wp","href":"https:\/\/api.w.org\/{rel}","templated":true}]}}