{"id":5613,"date":"2016-06-08T13:23:37","date_gmt":"2016-06-08T11:23:37","guid":{"rendered":"https:\/\/www.travel-slovenia.si\/slo\/?page_id=5613"},"modified":"2016-06-08T13:23:37","modified_gmt":"2016-06-08T11:23:37","slug":"prve-volitve-v-evropski-parlament-v-sloveniji","status":"publish","type":"page","link":"https:\/\/www.travel-slovenia.si\/slo\/prve-volitve-v-evropski-parlament-v-sloveniji\/","title":{"rendered":"Prve volitve v Evropski parlament v Sloveniji"},"content":{"rendered":"<figure id=\"attachment_5614\" class=\"wp-caption alignleft\" style=\"max-width: 300px\"><img loading=\"lazy\" decoding=\"async\" class=\"size-medium wp-image-5614\" src=\"https:\/\/www.travel-slovenia.si\/slo\/wp-content\/uploads\/2016\/06\/travel-slovenia-prve-EU-volitve-slovenija-300x215.jpg\" alt=\"Evropska unija\" width=\"300\" height=\"215\" srcset=\"https:\/\/www.travel-slovenia.si\/slo\/wp-content\/uploads\/2016\/06\/travel-slovenia-prve-EU-volitve-slovenija-300x215.jpg 300w, https:\/\/www.travel-slovenia.si\/slo\/wp-content\/uploads\/2016\/06\/travel-slovenia-prve-EU-volitve-slovenija-24x17.jpg 24w, https:\/\/www.travel-slovenia.si\/slo\/wp-content\/uploads\/2016\/06\/travel-slovenia-prve-EU-volitve-slovenija-36x26.jpg 36w, https:\/\/www.travel-slovenia.si\/slo\/wp-content\/uploads\/2016\/06\/travel-slovenia-prve-EU-volitve-slovenija-48x34.jpg 48w, https:\/\/www.travel-slovenia.si\/slo\/wp-content\/uploads\/2016\/06\/travel-slovenia-prve-EU-volitve-slovenija.jpg 400w\" sizes=\"auto, (max-width: 300px) 100vw, 300px\" \/><figcaption class=\"wp-caption-text\">Evropska unija<\/figcaption><\/figure>\n<p style=\"text-align: justify;\">13. junija 2004 so v Sloveniji prvi\u010d potekale volitve v Evropski parlament. Volitev se je udele\u017eilo 461.879 volivcev, kar je 28,35% volilnih upravi\u010dencev. Za Evropski parlament se je potegovalo 7 evroposlancev. Zmago je s 23,57% osvojila Nova Slovenija, z 21,91%\u00a0 sta ji sledili lista LDS in DeSUS, tretje mesto pa je z 17,65% glasov pripadalo stranki SDS. Volitve so prvi\u010d potekale tudi v \u0161e devetih drugih \u010dlanicah: Ciper, \u010ce\u0161ka, Estonija, Latvija, Litva, Mad\u017earska, Malta, Poljska in Slova\u0161ka. Vse dr\u017eave so bile \u010dlanice Evropske unije malo ve\u010d kot mesec dni, pridru\u017eene 1. maja 2004.<\/p>\n<p style=\"text-align: justify;\">Volitve v Evropski parlament so leta 2004 potekale med 10. in 13. junijem v vseh dr\u017eavah \u010dlanicah Evropske unije. Sestava Evropskega parlamenta je \u0161tela 723 poslanskih mest. Najve\u010d glasov, 36.6%, je dobila Evropska ljudska stranka. Njen predsednik je bil Hans-Gert P\u00f6ttering. Glasovnice so bile pre\u0161tete \u017ee dan po dnevu volitev, a rezultati so bili objavljeni po 13. juniju, z namenom, da razglasitev ne bi vplivala na potek volitev v ostalih dr\u017eavah.<\/p>\n<p>&nbsp;<\/p>\n<table>\n<tbody>\n<tr>\n<td style=\"text-align: center;\"><a href=\"https:\/\/www.travel-slovenia.si\/slo\/na-danasnji-dan\/\"><img loading=\"lazy\" decoding=\"async\" class=\"alignleft wp-image-4499 size-full\" src=\"https:\/\/www.travel-slovenia.si\/slo\/wp-content\/uploads\/2014\/09\/travel-slovenia-povezava-na-drugo.jpg\" alt=\"travel-slovenia-povezava-na-drugo\" width=\"128\" height=\"22\" srcset=\"https:\/\/www.travel-slovenia.si\/slo\/wp-content\/uploads\/2014\/09\/travel-slovenia-povezava-na-drugo.jpg 128w, https:\/\/www.travel-slovenia.si\/slo\/wp-content\/uploads\/2014\/09\/travel-slovenia-povezava-na-drugo-24x4.jpg 24w, https:\/\/www.travel-slovenia.si\/slo\/wp-content\/uploads\/2014\/09\/travel-slovenia-povezava-na-drugo-36x6.jpg 36w, https:\/\/www.travel-slovenia.si\/slo\/wp-content\/uploads\/2014\/09\/travel-slovenia-povezava-na-drugo-48x8.jpg 48w\" sizes=\"auto, (max-width: 128px) 100vw, 128px\" \/><\/a><a href=\"https:\/\/www.travel-slovenia.si\/slo\/na-danasnji-dan\/\">Poglejte \u0161e\u00a0druge\u00a0dogodke!<\/a><a href=\"https:\/\/www.travel-slovenia.si\/slo\/na-danasnji-dan\/\"><img loading=\"lazy\" decoding=\"async\" class=\"alignright wp-image-4500 size-full\" src=\"https:\/\/www.travel-slovenia.si\/slo\/wp-content\/uploads\/2014\/09\/travel-slovenia-povezava-na-drugo2.jpg\" alt=\"travel-slovenia-povezava-na-drugo2\" width=\"128\" height=\"22\" srcset=\"https:\/\/www.travel-slovenia.si\/slo\/wp-content\/uploads\/2014\/09\/travel-slovenia-povezava-na-drugo2.jpg 128w, https:\/\/www.travel-slovenia.si\/slo\/wp-content\/uploads\/2014\/09\/travel-slovenia-povezava-na-drugo2-24x4.jpg 24w, https:\/\/www.travel-slovenia.si\/slo\/wp-content\/uploads\/2014\/09\/travel-slovenia-povezava-na-drugo2-36x6.jpg 36w, https:\/\/www.travel-slovenia.si\/slo\/wp-content\/uploads\/2014\/09\/travel-slovenia-povezava-na-drugo2-48x8.jpg 48w\" sizes=\"auto, (max-width: 128px) 100vw, 128px\" \/><\/a><\/td>\n<\/tr>\n<\/tbody>\n<\/table>\n","protected":false},"excerpt":{"rendered":"<p>13. junija 2004 so v Sloveniji prvi\u010d potekale volitve v Evropski parlament. Volitev se je udele\u017eilo 461.879 volivcev, kar je 28,35% volilnih upravi\u010dencev. Za Evropski parlament se je potegovalo 7 evroposlancev. Zmago je s 23,57% osvojila Nova Slovenija, z 21,91%\u00a0 sta ji sledili lista LDS in DeSUS, tretje mesto pa je z 17,65% glasov pripadalo [&hellip;]<\/p>\n","protected":false},"author":111,"featured_media":0,"parent":0,"menu_order":0,"comment_status":"closed","ping_status":"closed","template":"","meta":{"footnotes":""},"class_list":["post-5613","page","type-page","status-publish","hentry"],"yoast_head":"<!-- This site is optimized with the Yoast SEO plugin v25.4 - https:\/\/yoast.com\/wordpress\/plugins\/seo\/ -->\n<title>Prve volitve v EU parlament v Sloveniji : Travel-Slovenia<\/title>\n<meta name=\"description\" content=\"13. junija 2004 so v Sloveniji prvi\u010d potekale volitve v Evropski parlament. Volitev se je udele\u017eilo 461.879 volivcev, kar je 28,35% volilnih upravi\u010dencev.\" \/>\n<meta name=\"robots\" content=\"index, follow, max-snippet:-1, max-image-preview:large, max-video-preview:-1\" \/>\n<link rel=\"canonical\" href=\"https:\/\/www.travel-slovenia.si\/slo\/prve-volitve-v-evropski-parlament-v-sloveniji\/\" \/>\n<meta property=\"og:locale\" content=\"sl_SI\" \/>\n<meta property=\"og:type\" content=\"article\" \/>\n<meta property=\"og:title\" content=\"Prve volitve v EU parlament v Sloveniji : Travel-Slovenia\" \/>\n<meta property=\"og:description\" content=\"13. junija 2004 so v Sloveniji prvi\u010d potekale volitve v Evropski parlament. Volitev se je udele\u017eilo 461.879 volivcev, kar je 28,35% volilnih upravi\u010dencev.\" \/>\n<meta property=\"og:url\" content=\"https:\/\/www.travel-slovenia.si\/slo\/prve-volitve-v-evropski-parlament-v-sloveniji\/\" \/>\n<meta property=\"og:site_name\" content=\"Travel Slovenia - Sledite lepotam na\u0161e male dr\u017eavice\" \/>\n<meta property=\"og:image\" content=\"https:\/\/www.travel-slovenia.si\/slo\/wp-content\/uploads\/2016\/06\/travel-slovenia-prve-EU-volitve-slovenija.jpg\" \/>\n\t<meta property=\"og:image:width\" content=\"400\" \/>\n\t<meta property=\"og:image:height\" content=\"287\" \/>\n\t<meta property=\"og:image:type\" content=\"image\/jpeg\" \/>\n<meta name=\"twitter:card\" content=\"summary_large_image\" \/>\n<meta name=\"twitter:title\" content=\"Prve volitve v EU parlament v Sloveniji : Travel-Slovenia\" \/>\n<meta name=\"twitter:description\" content=\"13. junija 2004 so v Sloveniji prvi\u010d potekale volitve v Evropski parlament. Volitev se je udele\u017eilo 461.879 volivcev, kar je 28,35% volilnih upravi\u010dencev.\" \/>\n<meta name=\"twitter:image\" content=\"https:\/\/www.travel-slovenia.si\/slo\/wp-content\/uploads\/2016\/06\/travel-slovenia-prve-EU-volitve-slovenija.jpg\" \/>\n<meta name=\"twitter:label1\" content=\"Est. reading time\" \/>\n\t<meta name=\"twitter:data1\" content=\"1 minuta\" \/>\n<script type=\"application\/ld+json\" class=\"yoast-schema-graph\">{\"@context\":\"https:\/\/schema.org\",\"@graph\":[{\"@type\":\"WebPage\",\"@id\":\"https:\/\/www.travel-slovenia.si\/slo\/prve-volitve-v-evropski-parlament-v-sloveniji\/\",\"url\":\"https:\/\/www.travel-slovenia.si\/slo\/prve-volitve-v-evropski-parlament-v-sloveniji\/\",\"name\":\"Prve volitve v EU parlament v Sloveniji : Travel-Slovenia\",\"isPartOf\":{\"@id\":\"https:\/\/www.travel-slovenia.si\/slo\/#website\"},\"primaryImageOfPage\":{\"@id\":\"https:\/\/www.travel-slovenia.si\/slo\/prve-volitve-v-evropski-parlament-v-sloveniji\/#primaryimage\"},\"image\":{\"@id\":\"https:\/\/www.travel-slovenia.si\/slo\/prve-volitve-v-evropski-parlament-v-sloveniji\/#primaryimage\"},\"thumbnailUrl\":\"https:\/\/www.travel-slovenia.si\/slo\/wp-content\/uploads\/2016\/06\/travel-slovenia-prve-EU-volitve-slovenija-300x215.jpg\",\"datePublished\":\"2016-06-08T11:23:37+00:00\",\"description\":\"13. junija 2004 so v Sloveniji prvi\u010d potekale volitve v Evropski parlament. Volitev se je udele\u017eilo 461.879 volivcev, kar je 28,35% volilnih upravi\u010dencev.\",\"breadcrumb\":{\"@id\":\"https:\/\/www.travel-slovenia.si\/slo\/prve-volitve-v-evropski-parlament-v-sloveniji\/#breadcrumb\"},\"inLanguage\":\"sl-SI\",\"potentialAction\":[{\"@type\":\"ReadAction\",\"target\":[\"https:\/\/www.travel-slovenia.si\/slo\/prve-volitve-v-evropski-parlament-v-sloveniji\/\"]}]},{\"@type\":\"ImageObject\",\"inLanguage\":\"sl-SI\",\"@id\":\"https:\/\/www.travel-slovenia.si\/slo\/prve-volitve-v-evropski-parlament-v-sloveniji\/#primaryimage\",\"url\":\"https:\/\/www.travel-slovenia.si\/slo\/wp-content\/uploads\/2016\/06\/travel-slovenia-prve-EU-volitve-slovenija.jpg\",\"contentUrl\":\"https:\/\/www.travel-slovenia.si\/slo\/wp-content\/uploads\/2016\/06\/travel-slovenia-prve-EU-volitve-slovenija.jpg\",\"width\":400,\"height\":287,\"caption\":\"Evropska unija\"},{\"@type\":\"BreadcrumbList\",\"@id\":\"https:\/\/www.travel-slovenia.si\/slo\/prve-volitve-v-evropski-parlament-v-sloveniji\/#breadcrumb\",\"itemListElement\":[{\"@type\":\"ListItem\",\"position\":1,\"name\":\"Home\",\"item\":\"https:\/\/www.travel-slovenia.si\/slo\/\"},{\"@type\":\"ListItem\",\"position\":2,\"name\":\"Prve volitve v Evropski parlament v Sloveniji\"}]},{\"@type\":\"WebSite\",\"@id\":\"https:\/\/www.travel-slovenia.si\/slo\/#website\",\"url\":\"https:\/\/www.travel-slovenia.si\/slo\/\",\"name\":\"Travel Slovenia - Sledite lepotam na\u0161e male dr\u017eavice\",\"description\":\"\",\"potentialAction\":[{\"@type\":\"SearchAction\",\"target\":{\"@type\":\"EntryPoint\",\"urlTemplate\":\"https:\/\/www.travel-slovenia.si\/slo\/?s={search_term_string}\"},\"query-input\":{\"@type\":\"PropertyValueSpecification\",\"valueRequired\":true,\"valueName\":\"search_term_string\"}}],\"inLanguage\":\"sl-SI\"}]}<\/script>\n<!-- \/ Yoast SEO plugin. -->","yoast_head_json":{"title":"Prve volitve v EU parlament v Sloveniji : Travel-Slovenia","description":"13. junija 2004 so v Sloveniji prvi\u010d potekale volitve v Evropski parlament. Volitev se je udele\u017eilo 461.879 volivcev, kar je 28,35% volilnih upravi\u010dencev.","robots":{"index":"index","follow":"follow","max-snippet":"max-snippet:-1","max-image-preview":"max-image-preview:large","max-video-preview":"max-video-preview:-1"},"canonical":"https:\/\/www.travel-slovenia.si\/slo\/prve-volitve-v-evropski-parlament-v-sloveniji\/","og_locale":"sl_SI","og_type":"article","og_title":"Prve volitve v EU parlament v Sloveniji : Travel-Slovenia","og_description":"13. junija 2004 so v Sloveniji prvi\u010d potekale volitve v Evropski parlament. Volitev se je udele\u017eilo 461.879 volivcev, kar je 28,35% volilnih upravi\u010dencev.","og_url":"https:\/\/www.travel-slovenia.si\/slo\/prve-volitve-v-evropski-parlament-v-sloveniji\/","og_site_name":"Travel Slovenia - Sledite lepotam na\u0161e male dr\u017eavice","og_image":[{"width":400,"height":287,"url":"https:\/\/www.travel-slovenia.si\/slo\/wp-content\/uploads\/2016\/06\/travel-slovenia-prve-EU-volitve-slovenija.jpg","type":"image\/jpeg"}],"twitter_card":"summary_large_image","twitter_title":"Prve volitve v EU parlament v Sloveniji : Travel-Slovenia","twitter_description":"13. junija 2004 so v Sloveniji prvi\u010d potekale volitve v Evropski parlament. Volitev se je udele\u017eilo 461.879 volivcev, kar je 28,35% volilnih upravi\u010dencev.","twitter_image":"https:\/\/www.travel-slovenia.si\/slo\/wp-content\/uploads\/2016\/06\/travel-slovenia-prve-EU-volitve-slovenija.jpg","twitter_misc":{"Est. reading time":"1 minuta"},"schema":{"@context":"https:\/\/schema.org","@graph":[{"@type":"WebPage","@id":"https:\/\/www.travel-slovenia.si\/slo\/prve-volitve-v-evropski-parlament-v-sloveniji\/","url":"https:\/\/www.travel-slovenia.si\/slo\/prve-volitve-v-evropski-parlament-v-sloveniji\/","name":"Prve volitve v EU parlament v Sloveniji : Travel-Slovenia","isPartOf":{"@id":"https:\/\/www.travel-slovenia.si\/slo\/#website"},"primaryImageOfPage":{"@id":"https:\/\/www.travel-slovenia.si\/slo\/prve-volitve-v-evropski-parlament-v-sloveniji\/#primaryimage"},"image":{"@id":"https:\/\/www.travel-slovenia.si\/slo\/prve-volitve-v-evropski-parlament-v-sloveniji\/#primaryimage"},"thumbnailUrl":"https:\/\/www.travel-slovenia.si\/slo\/wp-content\/uploads\/2016\/06\/travel-slovenia-prve-EU-volitve-slovenija-300x215.jpg","datePublished":"2016-06-08T11:23:37+00:00","description":"13. junija 2004 so v Sloveniji prvi\u010d potekale volitve v Evropski parlament. Volitev se je udele\u017eilo 461.879 volivcev, kar je 28,35% volilnih upravi\u010dencev.","breadcrumb":{"@id":"https:\/\/www.travel-slovenia.si\/slo\/prve-volitve-v-evropski-parlament-v-sloveniji\/#breadcrumb"},"inLanguage":"sl-SI","potentialAction":[{"@type":"ReadAction","target":["https:\/\/www.travel-slovenia.si\/slo\/prve-volitve-v-evropski-parlament-v-sloveniji\/"]}]},{"@type":"ImageObject","inLanguage":"sl-SI","@id":"https:\/\/www.travel-slovenia.si\/slo\/prve-volitve-v-evropski-parlament-v-sloveniji\/#primaryimage","url":"https:\/\/www.travel-slovenia.si\/slo\/wp-content\/uploads\/2016\/06\/travel-slovenia-prve-EU-volitve-slovenija.jpg","contentUrl":"https:\/\/www.travel-slovenia.si\/slo\/wp-content\/uploads\/2016\/06\/travel-slovenia-prve-EU-volitve-slovenija.jpg","width":400,"height":287,"caption":"Evropska unija"},{"@type":"BreadcrumbList","@id":"https:\/\/www.travel-slovenia.si\/slo\/prve-volitve-v-evropski-parlament-v-sloveniji\/#breadcrumb","itemListElement":[{"@type":"ListItem","position":1,"name":"Home","item":"https:\/\/www.travel-slovenia.si\/slo\/"},{"@type":"ListItem","position":2,"name":"Prve volitve v Evropski parlament v Sloveniji"}]},{"@type":"WebSite","@id":"https:\/\/www.travel-slovenia.si\/slo\/#website","url":"https:\/\/www.travel-slovenia.si\/slo\/","name":"Travel Slovenia - Sledite lepotam na\u0161e male dr\u017eavice","description":"","potentialAction":[{"@type":"SearchAction","target":{"@type":"EntryPoint","urlTemplate":"https:\/\/www.travel-slovenia.si\/slo\/?s={search_term_string}"},"query-input":{"@type":"PropertyValueSpecification","valueRequired":true,"valueName":"search_term_string"}}],"inLanguage":"sl-SI"}]}},"post_mailing_queue_ids":[],"_links":{"self":[{"href":"https:\/\/www.travel-slovenia.si\/slo\/wp-json\/wp\/v2\/pages\/5613","targetHints":{"allow":["GET"]}}],"collection":[{"href":"https:\/\/www.travel-slovenia.si\/slo\/wp-json\/wp\/v2\/pages"}],"about":[{"href":"https:\/\/www.travel-slovenia.si\/slo\/wp-json\/wp\/v2\/types\/page"}],"author":[{"embeddable":true,"href":"https:\/\/www.travel-slovenia.si\/slo\/wp-json\/wp\/v2\/users\/111"}],"replies":[{"embeddable":true,"href":"https:\/\/www.travel-slovenia.si\/slo\/wp-json\/wp\/v2\/comments?post=5613"}],"version-history":[{"count":1,"href":"https:\/\/www.travel-slovenia.si\/slo\/wp-json\/wp\/v2\/pages\/5613\/revisions"}],"predecessor-version":[{"id":5618,"href":"https:\/\/www.travel-slovenia.si\/slo\/wp-json\/wp\/v2\/pages\/5613\/revisions\/5618"}],"wp:attachment":[{"href":"https:\/\/www.travel-slovenia.si\/slo\/wp-json\/wp\/v2\/media?parent=5613"}],"curies":[{"name":"wp","href":"https:\/\/api.w.org\/{rel}","templated":true}]}}