{"id":4382,"date":"2015-11-16T17:45:29","date_gmt":"2015-11-16T16:45:29","guid":{"rendered":"https:\/\/www.travel-slovenia.si\/slo\/?page_id=4382"},"modified":"2015-11-16T22:09:25","modified_gmt":"2015-11-16T21:09:25","slug":"ludvik-kukavica","status":"publish","type":"page","link":"https:\/\/www.travel-slovenia.si\/slo\/ludvik-kukavica\/","title":{"rendered":"Ludvik Kukavica"},"content":{"rendered":"<figure id=\"attachment_4388\" class=\"wp-caption alignleft\" style=\"max-width: 300px\"><img loading=\"lazy\" decoding=\"async\" class=\"size-full wp-image-4388\" src=\"https:\/\/www.travel-slovenia.si\/slo\/wp-content\/uploads\/2015\/11\/travel-slovenia-ludvik-kukavica.jpg\" alt=\"Ludvik Kukavica\" width=\"300\" height=\"302\" srcset=\"https:\/\/www.travel-slovenia.si\/slo\/wp-content\/uploads\/2015\/11\/travel-slovenia-ludvik-kukavica.jpg 300w, https:\/\/www.travel-slovenia.si\/slo\/wp-content\/uploads\/2015\/11\/travel-slovenia-ludvik-kukavica-150x150.jpg 150w, https:\/\/www.travel-slovenia.si\/slo\/wp-content\/uploads\/2015\/11\/travel-slovenia-ludvik-kukavica-298x300.jpg 298w, https:\/\/www.travel-slovenia.si\/slo\/wp-content\/uploads\/2015\/11\/travel-slovenia-ludvik-kukavica-83x83.jpg 83w, https:\/\/www.travel-slovenia.si\/slo\/wp-content\/uploads\/2015\/11\/travel-slovenia-ludvik-kukavica-55x55.jpg 55w, https:\/\/www.travel-slovenia.si\/slo\/wp-content\/uploads\/2015\/11\/travel-slovenia-ludvik-kukavica-24x24.jpg 24w, https:\/\/www.travel-slovenia.si\/slo\/wp-content\/uploads\/2015\/11\/travel-slovenia-ludvik-kukavica-36x36.jpg 36w, https:\/\/www.travel-slovenia.si\/slo\/wp-content\/uploads\/2015\/11\/travel-slovenia-ludvik-kukavica-48x48.jpg 48w\" sizes=\"auto, (max-width: 300px) 100vw, 300px\" \/><figcaption class=\"wp-caption-text\">Ludvik Kukavica<\/figcaption><\/figure>\n<p style=\"text-align: justify;\">Ludvik Kukavica se je rodil leta 1908 v Zgornjem Ka\u0161lju pri Ljubljani, umrl pa leta 1982. Opravil je 6. razredov osnovne \u0161ole. Po poklicu je bil zidar in zaposlen kot nekvalificiran delavec v gradbeni\u0161tvu. Njegova perspektiva je bilo delo v delavskih dru\u0161tvih, to sta bila Svoboda in Vzajemnost, ki sta takrat obstajala v njegovem kraju. Odlo\u010dil se je za dru\u0161tvo Vzajemnost, kjer je bil dele\u017een lepega sprejema. Vedno je bil aktiven in v ospredju, zato je bil zanimiv za policijo, ki ga je po vsaki manifestaciji privedla na zasli\u0161anje in kasneje zaprla. Zaradi tega je postajal politi\u010dno vedno bolj zrel, tako je postal odbornik ter kasneje tajnik. S svojim delom je na koncu postal tudi predsednik Vzajemnosti. Zelo rad je bral in se izobra\u017eeval in med 2. svetovno vojno je postal levo usmerjen politi\u010dni aktivist. Ko je Jugoslavija kapitulirala, aprila 1942, je bil med prvimi, ki se je vklju\u010dil v NOB gibanje. 16.7.1941 se je priklju\u010dil partizanski skupini na Pugledu iz katere je aprila 1942 nastala skupina II. grupe odredov. In ravno tu je do\u017eivel svoj ognjeni krst, ko so Nemci vdrli v Jan\u010de in so Nemci v tem spopadu izgubili. Kmalu je postal komisar \u010dete, in v tem \u010dasu je nastala njegova pesem \u201cTam na Pugled gori\u201d, zaradi katere je postal znan ljudski pesnik.<\/p>\n<p>&nbsp;<\/p>\n<hr \/>\n<p style=\"text-align: justify;\"><strong><em><img loading=\"lazy\" decoding=\"async\" class=\"alignleft size-full wp-image-4370\" src=\"https:\/\/www.travel-slovenia.si\/slo\/wp-content\/uploads\/2015\/11\/travel-slovenia-pugled-tam-na-pugled-gori-view.jpg\" alt=\"travel-slovenia-pugled-tam-na-pugled-gori-view\" width=\"150\" height=\"150\" srcset=\"https:\/\/www.travel-slovenia.si\/slo\/wp-content\/uploads\/2015\/11\/travel-slovenia-pugled-tam-na-pugled-gori-view.jpg 150w, https:\/\/www.travel-slovenia.si\/slo\/wp-content\/uploads\/2015\/11\/travel-slovenia-pugled-tam-na-pugled-gori-view-83x83.jpg 83w, https:\/\/www.travel-slovenia.si\/slo\/wp-content\/uploads\/2015\/11\/travel-slovenia-pugled-tam-na-pugled-gori-view-55x55.jpg 55w, https:\/\/www.travel-slovenia.si\/slo\/wp-content\/uploads\/2015\/11\/travel-slovenia-pugled-tam-na-pugled-gori-view-24x24.jpg 24w, https:\/\/www.travel-slovenia.si\/slo\/wp-content\/uploads\/2015\/11\/travel-slovenia-pugled-tam-na-pugled-gori-view-36x36.jpg 36w, https:\/\/www.travel-slovenia.si\/slo\/wp-content\/uploads\/2015\/11\/travel-slovenia-pugled-tam-na-pugled-gori-view-48x48.jpg 48w\" sizes=\"auto, (max-width: 150px) 100vw, 150px\" \/>Tam na Pugled gori<br \/>\n<\/em><\/strong> Po narodni pesmi napisano pesem Tam na Pugled gori so peli slovenski vojaki med prvo svetovno vojno v Karpatih. Pesem Tam na Pugled gori je nastala po bojih na Pugledu, ki jo je spisal Ludvik Kukavica. Pesem je postala partizanska borbena in potem vseljudska. [<a href=\"https:\/\/www.travel-slovenia.si\/slo\/tam-na-pugled-gori\/\"><span style=\"color: #7fa500;\">_Preberite ve\u010d_<\/span><\/a>]\n","protected":false},"excerpt":{"rendered":"<p>Ludvik Kukavica se je rodil leta 1908 v Zgornjem Ka\u0161lju pri Ljubljani, umrl pa leta 1982. Opravil je 6. razredov osnovne \u0161ole. Po poklicu je bil zidar in zaposlen kot nekvalificiran delavec v gradbeni\u0161tvu. Njegova perspektiva je bilo delo v delavskih dru\u0161tvih, to sta bila Svoboda in Vzajemnost, ki sta takrat obstajala v njegovem kraju. [&hellip;]<\/p>\n","protected":false},"author":111,"featured_media":0,"parent":0,"menu_order":0,"comment_status":"closed","ping_status":"closed","template":"","meta":{"footnotes":""},"class_list":["post-4382","page","type-page","status-publish","hentry"],"yoast_head":"<!-- This site is optimized with the Yoast SEO plugin v25.4 - https:\/\/yoast.com\/wordpress\/plugins\/seo\/ -->\n<title>Ludvik Kukavica : Travel-Slovenia<\/title>\n<meta name=\"description\" content=\"Ludvik Kukavica se je rodil leta 1908 v Zgornjem Ka\u0161lju pri Ljubljani, umrl pa leta 1982. Med 2. svetovno vojno je postal levo usmerjen politi\u010dni aktivist.\" \/>\n<meta name=\"robots\" content=\"index, follow, max-snippet:-1, max-image-preview:large, max-video-preview:-1\" \/>\n<link rel=\"canonical\" href=\"https:\/\/www.travel-slovenia.si\/slo\/ludvik-kukavica\/\" \/>\n<meta property=\"og:locale\" content=\"sl_SI\" \/>\n<meta property=\"og:type\" content=\"article\" \/>\n<meta property=\"og:title\" content=\"Ludvik Kukavica : Travel-Slovenia\" \/>\n<meta property=\"og:description\" content=\"Ludvik Kukavica se je rodil leta 1908 v Zgornjem Ka\u0161lju pri Ljubljani, umrl pa leta 1982. Med 2. svetovno vojno je postal levo usmerjen politi\u010dni aktivist.\" \/>\n<meta property=\"og:url\" content=\"https:\/\/www.travel-slovenia.si\/slo\/ludvik-kukavica\/\" \/>\n<meta property=\"og:site_name\" content=\"Travel Slovenia - Sledite lepotam na\u0161e male dr\u017eavice\" \/>\n<meta property=\"article:modified_time\" content=\"2015-11-16T21:09:25+00:00\" \/>\n<meta property=\"og:image\" content=\"https:\/\/www.travel-slovenia.si\/slo\/wp-content\/uploads\/2015\/11\/travel-slovenia-ludvik-kukavica-view.jpg\" \/>\n\t<meta property=\"og:image:width\" content=\"150\" \/>\n\t<meta property=\"og:image:height\" content=\"150\" \/>\n\t<meta property=\"og:image:type\" content=\"image\/jpeg\" \/>\n<meta name=\"twitter:card\" content=\"summary_large_image\" \/>\n<meta name=\"twitter:title\" content=\"Ludvik Kukavica : Travel-Slovenia\" \/>\n<meta name=\"twitter:description\" content=\"Ludvik Kukavica se je rodil leta 1908 v Zgornjem Ka\u0161lju pri Ljubljani, umrl pa leta 1982. Med 2. svetovno vojno je postal levo usmerjen politi\u010dni aktivist.\" \/>\n<meta name=\"twitter:image\" content=\"https:\/\/www.travel-slovenia.si\/slo\/wp-content\/uploads\/2015\/11\/travel-slovenia-ludvik-kukavica-view.jpg\" \/>\n<meta name=\"twitter:label1\" content=\"Est. reading time\" \/>\n\t<meta name=\"twitter:data1\" content=\"1 minuta\" \/>\n<script type=\"application\/ld+json\" class=\"yoast-schema-graph\">{\"@context\":\"https:\/\/schema.org\",\"@graph\":[{\"@type\":\"WebPage\",\"@id\":\"https:\/\/www.travel-slovenia.si\/slo\/ludvik-kukavica\/\",\"url\":\"https:\/\/www.travel-slovenia.si\/slo\/ludvik-kukavica\/\",\"name\":\"Ludvik Kukavica : Travel-Slovenia\",\"isPartOf\":{\"@id\":\"https:\/\/www.travel-slovenia.si\/slo\/#website\"},\"primaryImageOfPage\":{\"@id\":\"https:\/\/www.travel-slovenia.si\/slo\/ludvik-kukavica\/#primaryimage\"},\"image\":{\"@id\":\"https:\/\/www.travel-slovenia.si\/slo\/ludvik-kukavica\/#primaryimage\"},\"thumbnailUrl\":\"https:\/\/www.travel-slovenia.si\/slo\/wp-content\/uploads\/2015\/11\/travel-slovenia-ludvik-kukavica.jpg\",\"datePublished\":\"2015-11-16T16:45:29+00:00\",\"dateModified\":\"2015-11-16T21:09:25+00:00\",\"description\":\"Ludvik Kukavica se je rodil leta 1908 v Zgornjem Ka\u0161lju pri Ljubljani, umrl pa leta 1982. Med 2. svetovno vojno je postal levo usmerjen politi\u010dni aktivist.\",\"breadcrumb\":{\"@id\":\"https:\/\/www.travel-slovenia.si\/slo\/ludvik-kukavica\/#breadcrumb\"},\"inLanguage\":\"sl-SI\",\"potentialAction\":[{\"@type\":\"ReadAction\",\"target\":[\"https:\/\/www.travel-slovenia.si\/slo\/ludvik-kukavica\/\"]}]},{\"@type\":\"ImageObject\",\"inLanguage\":\"sl-SI\",\"@id\":\"https:\/\/www.travel-slovenia.si\/slo\/ludvik-kukavica\/#primaryimage\",\"url\":\"https:\/\/www.travel-slovenia.si\/slo\/wp-content\/uploads\/2015\/11\/travel-slovenia-ludvik-kukavica.jpg\",\"contentUrl\":\"https:\/\/www.travel-slovenia.si\/slo\/wp-content\/uploads\/2015\/11\/travel-slovenia-ludvik-kukavica.jpg\",\"width\":300,\"height\":302,\"caption\":\"Ludvik Kukavica\"},{\"@type\":\"BreadcrumbList\",\"@id\":\"https:\/\/www.travel-slovenia.si\/slo\/ludvik-kukavica\/#breadcrumb\",\"itemListElement\":[{\"@type\":\"ListItem\",\"position\":1,\"name\":\"Home\",\"item\":\"https:\/\/www.travel-slovenia.si\/slo\/\"},{\"@type\":\"ListItem\",\"position\":2,\"name\":\"Ludvik Kukavica\"}]},{\"@type\":\"WebSite\",\"@id\":\"https:\/\/www.travel-slovenia.si\/slo\/#website\",\"url\":\"https:\/\/www.travel-slovenia.si\/slo\/\",\"name\":\"Travel Slovenia - Sledite lepotam na\u0161e male dr\u017eavice\",\"description\":\"\",\"potentialAction\":[{\"@type\":\"SearchAction\",\"target\":{\"@type\":\"EntryPoint\",\"urlTemplate\":\"https:\/\/www.travel-slovenia.si\/slo\/?s={search_term_string}\"},\"query-input\":{\"@type\":\"PropertyValueSpecification\",\"valueRequired\":true,\"valueName\":\"search_term_string\"}}],\"inLanguage\":\"sl-SI\"}]}<\/script>\n<!-- \/ Yoast SEO plugin. -->","yoast_head_json":{"title":"Ludvik Kukavica : Travel-Slovenia","description":"Ludvik Kukavica se je rodil leta 1908 v Zgornjem Ka\u0161lju pri Ljubljani, umrl pa leta 1982. Med 2. svetovno vojno je postal levo usmerjen politi\u010dni aktivist.","robots":{"index":"index","follow":"follow","max-snippet":"max-snippet:-1","max-image-preview":"max-image-preview:large","max-video-preview":"max-video-preview:-1"},"canonical":"https:\/\/www.travel-slovenia.si\/slo\/ludvik-kukavica\/","og_locale":"sl_SI","og_type":"article","og_title":"Ludvik Kukavica : Travel-Slovenia","og_description":"Ludvik Kukavica se je rodil leta 1908 v Zgornjem Ka\u0161lju pri Ljubljani, umrl pa leta 1982. Med 2. svetovno vojno je postal levo usmerjen politi\u010dni aktivist.","og_url":"https:\/\/www.travel-slovenia.si\/slo\/ludvik-kukavica\/","og_site_name":"Travel Slovenia - Sledite lepotam na\u0161e male dr\u017eavice","article_modified_time":"2015-11-16T21:09:25+00:00","og_image":[{"width":150,"height":150,"url":"https:\/\/www.travel-slovenia.si\/slo\/wp-content\/uploads\/2015\/11\/travel-slovenia-ludvik-kukavica-view.jpg","type":"image\/jpeg"}],"twitter_card":"summary_large_image","twitter_title":"Ludvik Kukavica : Travel-Slovenia","twitter_description":"Ludvik Kukavica se je rodil leta 1908 v Zgornjem Ka\u0161lju pri Ljubljani, umrl pa leta 1982. Med 2. svetovno vojno je postal levo usmerjen politi\u010dni aktivist.","twitter_image":"https:\/\/www.travel-slovenia.si\/slo\/wp-content\/uploads\/2015\/11\/travel-slovenia-ludvik-kukavica-view.jpg","twitter_misc":{"Est. reading time":"1 minuta"},"schema":{"@context":"https:\/\/schema.org","@graph":[{"@type":"WebPage","@id":"https:\/\/www.travel-slovenia.si\/slo\/ludvik-kukavica\/","url":"https:\/\/www.travel-slovenia.si\/slo\/ludvik-kukavica\/","name":"Ludvik Kukavica : Travel-Slovenia","isPartOf":{"@id":"https:\/\/www.travel-slovenia.si\/slo\/#website"},"primaryImageOfPage":{"@id":"https:\/\/www.travel-slovenia.si\/slo\/ludvik-kukavica\/#primaryimage"},"image":{"@id":"https:\/\/www.travel-slovenia.si\/slo\/ludvik-kukavica\/#primaryimage"},"thumbnailUrl":"https:\/\/www.travel-slovenia.si\/slo\/wp-content\/uploads\/2015\/11\/travel-slovenia-ludvik-kukavica.jpg","datePublished":"2015-11-16T16:45:29+00:00","dateModified":"2015-11-16T21:09:25+00:00","description":"Ludvik Kukavica se je rodil leta 1908 v Zgornjem Ka\u0161lju pri Ljubljani, umrl pa leta 1982. Med 2. svetovno vojno je postal levo usmerjen politi\u010dni aktivist.","breadcrumb":{"@id":"https:\/\/www.travel-slovenia.si\/slo\/ludvik-kukavica\/#breadcrumb"},"inLanguage":"sl-SI","potentialAction":[{"@type":"ReadAction","target":["https:\/\/www.travel-slovenia.si\/slo\/ludvik-kukavica\/"]}]},{"@type":"ImageObject","inLanguage":"sl-SI","@id":"https:\/\/www.travel-slovenia.si\/slo\/ludvik-kukavica\/#primaryimage","url":"https:\/\/www.travel-slovenia.si\/slo\/wp-content\/uploads\/2015\/11\/travel-slovenia-ludvik-kukavica.jpg","contentUrl":"https:\/\/www.travel-slovenia.si\/slo\/wp-content\/uploads\/2015\/11\/travel-slovenia-ludvik-kukavica.jpg","width":300,"height":302,"caption":"Ludvik Kukavica"},{"@type":"BreadcrumbList","@id":"https:\/\/www.travel-slovenia.si\/slo\/ludvik-kukavica\/#breadcrumb","itemListElement":[{"@type":"ListItem","position":1,"name":"Home","item":"https:\/\/www.travel-slovenia.si\/slo\/"},{"@type":"ListItem","position":2,"name":"Ludvik Kukavica"}]},{"@type":"WebSite","@id":"https:\/\/www.travel-slovenia.si\/slo\/#website","url":"https:\/\/www.travel-slovenia.si\/slo\/","name":"Travel Slovenia - Sledite lepotam na\u0161e male dr\u017eavice","description":"","potentialAction":[{"@type":"SearchAction","target":{"@type":"EntryPoint","urlTemplate":"https:\/\/www.travel-slovenia.si\/slo\/?s={search_term_string}"},"query-input":{"@type":"PropertyValueSpecification","valueRequired":true,"valueName":"search_term_string"}}],"inLanguage":"sl-SI"}]}},"post_mailing_queue_ids":[],"_links":{"self":[{"href":"https:\/\/www.travel-slovenia.si\/slo\/wp-json\/wp\/v2\/pages\/4382","targetHints":{"allow":["GET"]}}],"collection":[{"href":"https:\/\/www.travel-slovenia.si\/slo\/wp-json\/wp\/v2\/pages"}],"about":[{"href":"https:\/\/www.travel-slovenia.si\/slo\/wp-json\/wp\/v2\/types\/page"}],"author":[{"embeddable":true,"href":"https:\/\/www.travel-slovenia.si\/slo\/wp-json\/wp\/v2\/users\/111"}],"replies":[{"embeddable":true,"href":"https:\/\/www.travel-slovenia.si\/slo\/wp-json\/wp\/v2\/comments?post=4382"}],"version-history":[{"count":4,"href":"https:\/\/www.travel-slovenia.si\/slo\/wp-json\/wp\/v2\/pages\/4382\/revisions"}],"predecessor-version":[{"id":4393,"href":"https:\/\/www.travel-slovenia.si\/slo\/wp-json\/wp\/v2\/pages\/4382\/revisions\/4393"}],"wp:attachment":[{"href":"https:\/\/www.travel-slovenia.si\/slo\/wp-json\/wp\/v2\/media?parent=4382"}],"curies":[{"name":"wp","href":"https:\/\/api.w.org\/{rel}","templated":true}]}}