{"id":4020,"date":"2015-10-04T21:27:42","date_gmt":"2015-10-04T21:27:42","guid":{"rendered":"https:\/\/www.travel-slovenia.si\/slo\/?page_id=4020"},"modified":"2015-10-10T10:20:06","modified_gmt":"2015-10-10T10:20:06","slug":"mokrc-pot-1-preko-kamen","status":"publish","type":"page","link":"https:\/\/www.travel-slovenia.si\/slo\/mokrc-pot-1-preko-kamen\/","title":{"rendered":"Mokrc &#8211; Pot 1 &#8211; Preko Kamen"},"content":{"rendered":"<p><strong>Vi\u0161ina vzpetine:<\/strong> 1059 m<br \/>\n<strong>Vi\u0161ina za\u010detne to\u010dke:<\/strong> 889 m<br \/>\n<strong>Vi\u0161inska razlika:<\/strong> 170 m<\/p>\n<p><strong>\u010cas hoje:<\/strong> 40 min<br \/>\n<strong>Te\u017eavnost:<\/strong> lahka ozna\u010dena pot<br \/>\n<strong>Oprema:<\/strong> Obi\u010dajna pohodni\u0161ka oprema<br \/>\n<strong>Primernost obiska:<\/strong> Vsi letni \u010dasi<\/p>\n<p style=\"text-align: justify;\"><strong>Dostop:<\/strong><br \/>\nZ ljubljanske obvoznice se usmerimo na izvoz Ljubljana &#8211; Rudnik in vo\u017enjo nadaljujemo levo proti vasi Ig. V sredi\u0161\u010du vasi pridemo do kro\u017ei\u0161\u010da, kjer gremo ven na drugem izvozu. Pot nadaljujemo do semaforja, kjer zavijemo desno v smeri Golo in Kure\u0161\u010dek. Nadaljujemo po vzpenjajo\u010di cesti \u010dez vasi Podgozd, \u0160krilje in Golo. Za vasjo Golo smo pozorni na tablo Stara \u017eaga, saj le nekaj metrov naprej zasledimo makadamsko gozdno cesto na desni. Po njej nadaljujemo do kri\u017ei\u0161\u010da, pot nadaljujemo naravnost. Po tej poti se vozimo kar nekaj \u010dasa, dokler ne pridemo do kri\u017ei\u0161\u010da z usmerjevalnimi planinskimi tablami. Tu zavijemo ostro desno v klanec. Cesti sledimo, kasneje se rahlo spusti, in pripelje nas do kri\u017ei\u0161\u010da 5 gozdnih poti (vklju\u010dujo\u010d to, s katere pridemo). Avto parkiramo ob cesti tako, da nikogar ne oviramo.<\/p>\n<p style=\"text-align: justify;\">Od tu se pe\u0161 usmerimo naravnost (cesta, s katere smo pri\u0161li, je za na\u0161im hrbtom) vse do kri\u017ei\u0161\u010da 4 gozdnih cest in na ve\u010djem drevesu na desni zagledamo markacijo. Usmerimo se na vzpenjajo\u010do cesto na desni. Cesta ves \u010das poteka skozi strnjen gozd. Pot nadaljujemo vse do razcepa, kjer nadaljujemo desno in sledimo markacijam. \u010ce bi sledili tej cesti, pridemo do obrambne plo\u0161\u010dadi. A mi se tu obrnemo desno po strmem pobo\u010dju kjer po nekaj minutah dose\u017eemo vrh Mokrca, kjer se nahaja majhna skala s slabim rde\u010dim napisom.<\/p>\n<table>\n<tbody>\n<tr>\n<td>\n<figure id=\"attachment_4026\" class=\"wp-caption alignleft\" style=\"max-width: 290px\"><img loading=\"lazy\" decoding=\"async\" class=\"wp-image-4026\" src=\"https:\/\/www.travel-slovenia.si\/slo\/wp-content\/uploads\/2015\/10\/travel-slovenia-oznaceno-drevo-300x225.jpg\" alt=\"Veliko ozna\u010deno drevo\" width=\"290\" height=\"218\" srcset=\"https:\/\/www.travel-slovenia.si\/slo\/wp-content\/uploads\/2015\/10\/travel-slovenia-oznaceno-drevo-300x225.jpg 300w, https:\/\/www.travel-slovenia.si\/slo\/wp-content\/uploads\/2015\/10\/travel-slovenia-oznaceno-drevo-24x18.jpg 24w, https:\/\/www.travel-slovenia.si\/slo\/wp-content\/uploads\/2015\/10\/travel-slovenia-oznaceno-drevo-36x27.jpg 36w, https:\/\/www.travel-slovenia.si\/slo\/wp-content\/uploads\/2015\/10\/travel-slovenia-oznaceno-drevo-48x36.jpg 48w, https:\/\/www.travel-slovenia.si\/slo\/wp-content\/uploads\/2015\/10\/travel-slovenia-oznaceno-drevo.jpg 600w\" sizes=\"auto, (max-width: 290px) 100vw, 290px\" \/><figcaption class=\"wp-caption-text\">Veliko ozna\u010deno drevo<\/figcaption><\/figure>\n<figure id=\"attachment_4025\" class=\"wp-caption alignright\" style=\"max-width: 291px\"><a href=\"https:\/\/www.travel-slovenia.si\/slo\/wp-content\/uploads\/2015\/10\/travel-slovenia-mokrc-pot-1.jpg\"><img loading=\"lazy\" decoding=\"async\" class=\"wp-image-4025\" src=\"https:\/\/www.travel-slovenia.si\/slo\/wp-content\/uploads\/2015\/10\/travel-slovenia-mokrc-pot-1-300x225.jpg\" alt=\"Zavijte desno na vzpanjojo\u010do gozno pot pred ozna\u010denim drevesom\" width=\"291\" height=\"218\" srcset=\"https:\/\/www.travel-slovenia.si\/slo\/wp-content\/uploads\/2015\/10\/travel-slovenia-mokrc-pot-1-300x225.jpg 300w, https:\/\/www.travel-slovenia.si\/slo\/wp-content\/uploads\/2015\/10\/travel-slovenia-mokrc-pot-1-24x18.jpg 24w, https:\/\/www.travel-slovenia.si\/slo\/wp-content\/uploads\/2015\/10\/travel-slovenia-mokrc-pot-1-36x27.jpg 36w, https:\/\/www.travel-slovenia.si\/slo\/wp-content\/uploads\/2015\/10\/travel-slovenia-mokrc-pot-1-48x36.jpg 48w, https:\/\/www.travel-slovenia.si\/slo\/wp-content\/uploads\/2015\/10\/travel-slovenia-mokrc-pot-1.jpg 600w\" sizes=\"auto, (max-width: 291px) 100vw, 291px\" \/><\/a><figcaption class=\"wp-caption-text\">Zavijte desno na vzpanjojo\u010do gozdno pot pred ozna\u010denim drevesom<\/figcaption><\/figure><\/td>\n<\/tr>\n<\/tbody>\n<\/table>\n<p style=\"text-align: justify;\"><div class='prettyMapList above cf' id='MapListPro0'><!--The Map --><div id='map-canvas0' class='mapHolder'><\/div><!-- hidden div that gets bound --><div data-bind=\"map: $data.filteredLocations()\"><\/div><!-- Search, Filters, Sorting bar --><div class='prettyFileBar clearfix'><!-- Category button --><div class=\"customCategoryList\"><a class='showFilterBtn float_right corePrettyStyle btn' href='#' data-bind='click:showCategories'>Categories<\/a><ul class='unstyled menuDropDown' data-bind='foreach: {data: mapCategories}'><li data-bind='css:slug'><a data-bind='css: {showing: selected}, html: $data.title, click: $parent.selectCategory' href='#'><\/a><\/li><\/ul><\/div><!-- Sorting button --><form id='Map-List-Search' data-bind='submit:mapSearchSubmit' class='prettyMapListSearch true'><label>Search locations<\/label><input type='text' class='prettySearchValue' data-bind='value: query, valueUpdate:\"keyup\"' autocomplete='off' value='Search'><a class='clearSearch btn corePrettyStyle' data-bind='visible: anySearchTermsEntered, click: clearSearch'>Clear<\/a><\/form><\/div><!--Message bar--><div class='prettyMessage' data-bind='visible: anyLocationsAvailable' style='display:none;'><span>No matching locations <\/span><a class='btn' href='#' data-bind='click:clearSearch'>Show all locations<\/a><\/div><div class='prettyMessage' data-bind='visible: geocodeFail' style='display:none;'><span>No location found <\/span><a class='btn' href='#' data-bind='click:clearSearch'>Show all locations<\/a><\/div><div id='ListContainer'><\/div><\/div>\n","protected":false},"excerpt":{"rendered":"<p>Vi\u0161ina vzpetine: 1059 m Vi\u0161ina za\u010detne to\u010dke: 889 m Vi\u0161inska razlika: 170 m \u010cas hoje: 40 min Te\u017eavnost: lahka ozna\u010dena pot Oprema: Obi\u010dajna pohodni\u0161ka oprema Primernost obiska: Vsi letni \u010dasi Dostop: Z ljubljanske obvoznice se usmerimo na izvoz Ljubljana &#8211; Rudnik in vo\u017enjo nadaljujemo levo proti vasi Ig. V sredi\u0161\u010du vasi pridemo do kro\u017ei\u0161\u010da, kjer [&hellip;]<\/p>\n","protected":false},"author":111,"featured_media":0,"parent":0,"menu_order":0,"comment_status":"closed","ping_status":"closed","template":"","meta":{"footnotes":""},"class_list":["post-4020","page","type-page","status-publish","hentry"],"yoast_head":"<!-- This site is optimized with the Yoast SEO plugin v25.4 - https:\/\/yoast.com\/wordpress\/plugins\/seo\/ -->\n<title>Mokrc - Pot 1 - Preko Kamen : Travel-Slovenia<\/title>\n<meta name=\"description\" content=\"Mokrc - Pot 1 - Preko Kamen je prva mo\u017enost kako priti na vrh gore Mokrc, ki se nahaja v bli\u017eini vasi Ig.\" \/>\n<meta name=\"robots\" content=\"index, follow, max-snippet:-1, max-image-preview:large, max-video-preview:-1\" \/>\n<link rel=\"canonical\" href=\"https:\/\/www.travel-slovenia.si\/slo\/mokrc-pot-1-preko-kamen\/\" \/>\n<meta property=\"og:locale\" content=\"sl_SI\" \/>\n<meta property=\"og:type\" content=\"article\" \/>\n<meta property=\"og:title\" content=\"Mokrc - Pot 1 - Preko Kamen : Travel-Slovenia\" \/>\n<meta property=\"og:description\" content=\"Mokrc - Pot 1 - Preko Kamen je prva mo\u017enost kako priti na vrh gore Mokrc, ki se nahaja v bli\u017eini vasi Ig.\" \/>\n<meta property=\"og:url\" content=\"https:\/\/www.travel-slovenia.si\/slo\/mokrc-pot-1-preko-kamen\/\" \/>\n<meta property=\"og:site_name\" content=\"Travel Slovenia - Sledite lepotam na\u0161e male dr\u017eavice\" \/>\n<meta property=\"article:modified_time\" content=\"2015-10-10T10:20:06+00:00\" \/>\n<meta property=\"og:image\" content=\"https:\/\/www.travel-slovenia.si\/slo\/wp-content\/uploads\/2015\/10\/travel-slovenia-mokrc2.jpg\" \/>\n\t<meta property=\"og:image:width\" content=\"600\" \/>\n\t<meta property=\"og:image:height\" content=\"800\" \/>\n\t<meta property=\"og:image:type\" content=\"image\/jpeg\" \/>\n<meta name=\"twitter:card\" content=\"summary_large_image\" \/>\n<meta name=\"twitter:description\" content=\"Mokrc - Pot 1 - Preko Kamen je prva mo\u017enost kako priti na vrh gore Mokrc, ki se nahaja v bli\u017eini vasi Ig.\" \/>\n<meta name=\"twitter:image\" content=\"https:\/\/www.travel-slovenia.si\/slo\/wp-content\/uploads\/2015\/10\/travel-slovenia-mokrc2.jpg\" \/>\n<meta name=\"twitter:label1\" content=\"Est. reading time\" \/>\n\t<meta name=\"twitter:data1\" content=\"2 minuti\" \/>\n<script type=\"application\/ld+json\" class=\"yoast-schema-graph\">{\"@context\":\"https:\/\/schema.org\",\"@graph\":[{\"@type\":\"WebPage\",\"@id\":\"https:\/\/www.travel-slovenia.si\/slo\/mokrc-pot-1-preko-kamen\/\",\"url\":\"https:\/\/www.travel-slovenia.si\/slo\/mokrc-pot-1-preko-kamen\/\",\"name\":\"Mokrc - Pot 1 - Preko Kamen : Travel-Slovenia\",\"isPartOf\":{\"@id\":\"https:\/\/www.travel-slovenia.si\/slo\/#website\"},\"primaryImageOfPage\":{\"@id\":\"https:\/\/www.travel-slovenia.si\/slo\/mokrc-pot-1-preko-kamen\/#primaryimage\"},\"image\":{\"@id\":\"https:\/\/www.travel-slovenia.si\/slo\/mokrc-pot-1-preko-kamen\/#primaryimage\"},\"thumbnailUrl\":\"https:\/\/www.travel-slovenia.si\/slo\/wp-content\/uploads\/2015\/10\/travel-slovenia-oznaceno-drevo-300x225.jpg\",\"datePublished\":\"2015-10-04T21:27:42+00:00\",\"dateModified\":\"2015-10-10T10:20:06+00:00\",\"description\":\"Mokrc - Pot 1 - Preko Kamen je prva mo\u017enost kako priti na vrh gore Mokrc, ki se nahaja v bli\u017eini vasi Ig.\",\"breadcrumb\":{\"@id\":\"https:\/\/www.travel-slovenia.si\/slo\/mokrc-pot-1-preko-kamen\/#breadcrumb\"},\"inLanguage\":\"sl-SI\",\"potentialAction\":[{\"@type\":\"ReadAction\",\"target\":[\"https:\/\/www.travel-slovenia.si\/slo\/mokrc-pot-1-preko-kamen\/\"]}]},{\"@type\":\"ImageObject\",\"inLanguage\":\"sl-SI\",\"@id\":\"https:\/\/www.travel-slovenia.si\/slo\/mokrc-pot-1-preko-kamen\/#primaryimage\",\"url\":\"https:\/\/www.travel-slovenia.si\/slo\/wp-content\/uploads\/2015\/10\/travel-slovenia-oznaceno-drevo.jpg\",\"contentUrl\":\"https:\/\/www.travel-slovenia.si\/slo\/wp-content\/uploads\/2015\/10\/travel-slovenia-oznaceno-drevo.jpg\",\"width\":600,\"height\":450,\"caption\":\"Veliko ozna\u010deno drevo\"},{\"@type\":\"BreadcrumbList\",\"@id\":\"https:\/\/www.travel-slovenia.si\/slo\/mokrc-pot-1-preko-kamen\/#breadcrumb\",\"itemListElement\":[{\"@type\":\"ListItem\",\"position\":1,\"name\":\"Home\",\"item\":\"https:\/\/www.travel-slovenia.si\/slo\/\"},{\"@type\":\"ListItem\",\"position\":2,\"name\":\"Mokrc &#8211; Pot 1 &#8211; Preko Kamen\"}]},{\"@type\":\"WebSite\",\"@id\":\"https:\/\/www.travel-slovenia.si\/slo\/#website\",\"url\":\"https:\/\/www.travel-slovenia.si\/slo\/\",\"name\":\"Travel Slovenia - Sledite lepotam na\u0161e male dr\u017eavice\",\"description\":\"\",\"potentialAction\":[{\"@type\":\"SearchAction\",\"target\":{\"@type\":\"EntryPoint\",\"urlTemplate\":\"https:\/\/www.travel-slovenia.si\/slo\/?s={search_term_string}\"},\"query-input\":{\"@type\":\"PropertyValueSpecification\",\"valueRequired\":true,\"valueName\":\"search_term_string\"}}],\"inLanguage\":\"sl-SI\"}]}<\/script>\n<!-- \/ Yoast SEO plugin. -->","yoast_head_json":{"title":"Mokrc - Pot 1 - Preko Kamen : Travel-Slovenia","description":"Mokrc - Pot 1 - Preko Kamen je prva mo\u017enost kako priti na vrh gore Mokrc, ki se nahaja v bli\u017eini vasi Ig.","robots":{"index":"index","follow":"follow","max-snippet":"max-snippet:-1","max-image-preview":"max-image-preview:large","max-video-preview":"max-video-preview:-1"},"canonical":"https:\/\/www.travel-slovenia.si\/slo\/mokrc-pot-1-preko-kamen\/","og_locale":"sl_SI","og_type":"article","og_title":"Mokrc - Pot 1 - Preko Kamen : Travel-Slovenia","og_description":"Mokrc - Pot 1 - Preko Kamen je prva mo\u017enost kako priti na vrh gore Mokrc, ki se nahaja v bli\u017eini vasi Ig.","og_url":"https:\/\/www.travel-slovenia.si\/slo\/mokrc-pot-1-preko-kamen\/","og_site_name":"Travel Slovenia - Sledite lepotam na\u0161e male dr\u017eavice","article_modified_time":"2015-10-10T10:20:06+00:00","og_image":[{"width":600,"height":800,"url":"https:\/\/www.travel-slovenia.si\/slo\/wp-content\/uploads\/2015\/10\/travel-slovenia-mokrc2.jpg","type":"image\/jpeg"}],"twitter_card":"summary_large_image","twitter_description":"Mokrc - Pot 1 - Preko Kamen je prva mo\u017enost kako priti na vrh gore Mokrc, ki se nahaja v bli\u017eini vasi Ig.","twitter_image":"https:\/\/www.travel-slovenia.si\/slo\/wp-content\/uploads\/2015\/10\/travel-slovenia-mokrc2.jpg","twitter_misc":{"Est. reading time":"2 minuti"},"schema":{"@context":"https:\/\/schema.org","@graph":[{"@type":"WebPage","@id":"https:\/\/www.travel-slovenia.si\/slo\/mokrc-pot-1-preko-kamen\/","url":"https:\/\/www.travel-slovenia.si\/slo\/mokrc-pot-1-preko-kamen\/","name":"Mokrc - Pot 1 - Preko Kamen : Travel-Slovenia","isPartOf":{"@id":"https:\/\/www.travel-slovenia.si\/slo\/#website"},"primaryImageOfPage":{"@id":"https:\/\/www.travel-slovenia.si\/slo\/mokrc-pot-1-preko-kamen\/#primaryimage"},"image":{"@id":"https:\/\/www.travel-slovenia.si\/slo\/mokrc-pot-1-preko-kamen\/#primaryimage"},"thumbnailUrl":"https:\/\/www.travel-slovenia.si\/slo\/wp-content\/uploads\/2015\/10\/travel-slovenia-oznaceno-drevo-300x225.jpg","datePublished":"2015-10-04T21:27:42+00:00","dateModified":"2015-10-10T10:20:06+00:00","description":"Mokrc - Pot 1 - Preko Kamen je prva mo\u017enost kako priti na vrh gore Mokrc, ki se nahaja v bli\u017eini vasi Ig.","breadcrumb":{"@id":"https:\/\/www.travel-slovenia.si\/slo\/mokrc-pot-1-preko-kamen\/#breadcrumb"},"inLanguage":"sl-SI","potentialAction":[{"@type":"ReadAction","target":["https:\/\/www.travel-slovenia.si\/slo\/mokrc-pot-1-preko-kamen\/"]}]},{"@type":"ImageObject","inLanguage":"sl-SI","@id":"https:\/\/www.travel-slovenia.si\/slo\/mokrc-pot-1-preko-kamen\/#primaryimage","url":"https:\/\/www.travel-slovenia.si\/slo\/wp-content\/uploads\/2015\/10\/travel-slovenia-oznaceno-drevo.jpg","contentUrl":"https:\/\/www.travel-slovenia.si\/slo\/wp-content\/uploads\/2015\/10\/travel-slovenia-oznaceno-drevo.jpg","width":600,"height":450,"caption":"Veliko ozna\u010deno drevo"},{"@type":"BreadcrumbList","@id":"https:\/\/www.travel-slovenia.si\/slo\/mokrc-pot-1-preko-kamen\/#breadcrumb","itemListElement":[{"@type":"ListItem","position":1,"name":"Home","item":"https:\/\/www.travel-slovenia.si\/slo\/"},{"@type":"ListItem","position":2,"name":"Mokrc &#8211; Pot 1 &#8211; Preko Kamen"}]},{"@type":"WebSite","@id":"https:\/\/www.travel-slovenia.si\/slo\/#website","url":"https:\/\/www.travel-slovenia.si\/slo\/","name":"Travel Slovenia - Sledite lepotam na\u0161e male dr\u017eavice","description":"","potentialAction":[{"@type":"SearchAction","target":{"@type":"EntryPoint","urlTemplate":"https:\/\/www.travel-slovenia.si\/slo\/?s={search_term_string}"},"query-input":{"@type":"PropertyValueSpecification","valueRequired":true,"valueName":"search_term_string"}}],"inLanguage":"sl-SI"}]}},"post_mailing_queue_ids":[],"_links":{"self":[{"href":"https:\/\/www.travel-slovenia.si\/slo\/wp-json\/wp\/v2\/pages\/4020","targetHints":{"allow":["GET"]}}],"collection":[{"href":"https:\/\/www.travel-slovenia.si\/slo\/wp-json\/wp\/v2\/pages"}],"about":[{"href":"https:\/\/www.travel-slovenia.si\/slo\/wp-json\/wp\/v2\/types\/page"}],"author":[{"embeddable":true,"href":"https:\/\/www.travel-slovenia.si\/slo\/wp-json\/wp\/v2\/users\/111"}],"replies":[{"embeddable":true,"href":"https:\/\/www.travel-slovenia.si\/slo\/wp-json\/wp\/v2\/comments?post=4020"}],"version-history":[{"count":6,"href":"https:\/\/www.travel-slovenia.si\/slo\/wp-json\/wp\/v2\/pages\/4020\/revisions"}],"predecessor-version":[{"id":4071,"href":"https:\/\/www.travel-slovenia.si\/slo\/wp-json\/wp\/v2\/pages\/4020\/revisions\/4071"}],"wp:attachment":[{"href":"https:\/\/www.travel-slovenia.si\/slo\/wp-json\/wp\/v2\/media?parent=4020"}],"curies":[{"name":"wp","href":"https:\/\/api.w.org\/{rel}","templated":true}]}}