{"id":2037,"date":"2014-09-16T10:18:53","date_gmt":"2014-09-16T10:18:53","guid":{"rendered":"https:\/\/www.travel-slovenia.si\/?page_id=2037"},"modified":"2017-01-25T19:05:53","modified_gmt":"2017-01-25T18:05:53","slug":"obcina-skofljica","status":"publish","type":"page","link":"https:\/\/www.travel-slovenia.si\/slo\/obcina-skofljica\/","title":{"rendered":"Ob\u010dina \u0160kofljica"},"content":{"rendered":"<figure id=\"attachment_4208\" class=\"wp-caption alignleft\" style=\"max-width: 300px\"><img loading=\"lazy\" decoding=\"async\" class=\"wp-image-4208\" src=\"https:\/\/www.travel-slovenia.si\/slo\/wp-content\/uploads\/2014\/09\/travel-slovenia-obcina-skofljica-zastava.jpg\" alt=\"Zastava ob\u010dine \u0160kofljica\" width=\"300\" height=\"400\" srcset=\"https:\/\/www.travel-slovenia.si\/slo\/wp-content\/uploads\/2014\/09\/travel-slovenia-obcina-skofljica-zastava.jpg 600w, https:\/\/www.travel-slovenia.si\/slo\/wp-content\/uploads\/2014\/09\/travel-slovenia-obcina-skofljica-zastava-225x300.jpg 225w, https:\/\/www.travel-slovenia.si\/slo\/wp-content\/uploads\/2014\/09\/travel-slovenia-obcina-skofljica-zastava-18x24.jpg 18w, https:\/\/www.travel-slovenia.si\/slo\/wp-content\/uploads\/2014\/09\/travel-slovenia-obcina-skofljica-zastava-27x36.jpg 27w, https:\/\/www.travel-slovenia.si\/slo\/wp-content\/uploads\/2014\/09\/travel-slovenia-obcina-skofljica-zastava-36x48.jpg 36w\" sizes=\"auto, (max-width: 300px) 100vw, 300px\" \/><figcaption class=\"wp-caption-text\">Zastava ob\u010dine \u0160kofljica<\/figcaption><\/figure>\n<p style=\"text-align: justify;\">Ob\u010dina \u0160kofljica le\u017ei v centralnem delu Slovenije. Pokriva daljni ju\u017enovzhodni rob Ljubljanskega barja z zatoki, \u017delimeljsko dolino in hribovit del od Orel do Molnika, ki se vzpenja proti Vrhu nad \u017delimljami do vzno\u017eja gore Sv. Ahac nad Turjakom. Na severu meji na ob\u010dino Grosuplje in na zahodu na ob\u010dino Ig. V pogledu velikosti je manj\u0161a ob\u010dina, kljub temu pa spada med bolje razvite.<\/p>\n<p style=\"text-align: justify;\">V centru ob\u010dine se kri\u017eajo primarni in sekundarni prometni tok. Tu se sekajo tudi avtomobilski, tovorni in \u017eelezni\u0161ki promet. Geografsko je ob\u010dina \u0160kofljica razdeljena na dva dela &#8211; ravninski, ki po ve\u010dini pokriva barje, in hribovito zaledje.<\/p>\n<p style=\"text-align: justify;\">Kraji v ob\u010dini \u0160kofljica: Brezje nad Pijavo Gorico, Dole pri \u0160kofljici, Drenik, Glinek, Gorenje blato, Gradi\u0161\u010de nad Pijavo Gorico, Gumni\u0161\u010de, Klada, Lani\u0161\u010de, Lavrica, Orle, Pijava Gorica, Ple\u0161e, Reber pri \u0160kofljici, Smrjene, \u0160kofljica, Vrh nad \u017delimljami, Zalog pri \u0160kofljici in \u017delimlje.<\/p>\n<p>&nbsp;<\/p>\n<hr \/>\n<p style=\"text-align: justify;\"><a href=\"https:\/\/www.travel-slovenia.si\/slo\/wp-content\/uploads\/2014\/09\/travel-slovenia-skofljica-municipality.jpg\"><img loading=\"lazy\" decoding=\"async\" class=\"alignleft size-full wp-image-4218\" src=\"https:\/\/www.travel-slovenia.si\/slo\/wp-content\/uploads\/2014\/09\/travel-slovenia-obcina-skofljica-zemljevid-view.jpg\" alt=\"travel-slovenia-obcina-skofljica-zemljevid-view\" width=\"150\" height=\"150\" srcset=\"https:\/\/www.travel-slovenia.si\/slo\/wp-content\/uploads\/2014\/09\/travel-slovenia-obcina-skofljica-zemljevid-view.jpg 150w, https:\/\/www.travel-slovenia.si\/slo\/wp-content\/uploads\/2014\/09\/travel-slovenia-obcina-skofljica-zemljevid-view-83x83.jpg 83w, https:\/\/www.travel-slovenia.si\/slo\/wp-content\/uploads\/2014\/09\/travel-slovenia-obcina-skofljica-zemljevid-view-55x55.jpg 55w, https:\/\/www.travel-slovenia.si\/slo\/wp-content\/uploads\/2014\/09\/travel-slovenia-obcina-skofljica-zemljevid-view-24x24.jpg 24w, https:\/\/www.travel-slovenia.si\/slo\/wp-content\/uploads\/2014\/09\/travel-slovenia-obcina-skofljica-zemljevid-view-36x36.jpg 36w, https:\/\/www.travel-slovenia.si\/slo\/wp-content\/uploads\/2014\/09\/travel-slovenia-obcina-skofljica-zemljevid-view-48x48.jpg 48w\" sizes=\"auto, (max-width: 150px) 100vw, 150px\" \/><\/a><strong><em>Zemljevid ob\u010dine \u0160kofljica<\/em><\/strong><br \/>\nNa zemljevidu lahko vidimo mejo ob\u010dine \u0160kofljica in vse kraje, ki spadajo pod njo, vklju\u010dno s cestami (glavnimi in stranskimi), zaselki, hribi in gorami. Za ogled zemljevida v polni velikosti pritisnite na sliko na levi ali na povezavo, da ga odprete v novem zavihku. [<a href=\"https:\/\/www.travel-slovenia.si\/slo\/wp-content\/uploads\/2014\/09\/travel-slovenia-skofljica-municipality.jpg\" target=\"_blank\">_Poglejte zemljevid_<\/a>]\n<hr \/>\n<p style=\"text-align: justify;\"><strong><em><img loading=\"lazy\" decoding=\"async\" class=\"alignleft size-full wp-image-4226\" src=\"https:\/\/www.travel-slovenia.si\/slo\/wp-content\/uploads\/2014\/09\/travel-slovenia-skofljica-view.jpg\" alt=\"travel-slovenia-skofljica-view\" width=\"150\" height=\"150\" srcset=\"https:\/\/www.travel-slovenia.si\/slo\/wp-content\/uploads\/2014\/09\/travel-slovenia-skofljica-view.jpg 150w, https:\/\/www.travel-slovenia.si\/slo\/wp-content\/uploads\/2014\/09\/travel-slovenia-skofljica-view-83x83.jpg 83w, https:\/\/www.travel-slovenia.si\/slo\/wp-content\/uploads\/2014\/09\/travel-slovenia-skofljica-view-55x55.jpg 55w, https:\/\/www.travel-slovenia.si\/slo\/wp-content\/uploads\/2014\/09\/travel-slovenia-skofljica-view-24x24.jpg 24w, https:\/\/www.travel-slovenia.si\/slo\/wp-content\/uploads\/2014\/09\/travel-slovenia-skofljica-view-36x36.jpg 36w, https:\/\/www.travel-slovenia.si\/slo\/wp-content\/uploads\/2014\/09\/travel-slovenia-skofljica-view-48x48.jpg 48w\" sizes=\"auto, (max-width: 150px) 100vw, 150px\" \/>\u0160kofljica<\/em><\/strong><br \/>\n\u0160kofljica je naselje v ob\u010dini \u0160kofljica, v neposredni bli\u017eini Ljubljanskega barja. Je obcestno naselje in ob\u010dinski center vzdol\u017e ceste Ljubljana \u2013 Ko\u010devje ter vzdol\u017e \u017eelezni\u0161ke povezave Ljubljana \u2013 Metlika. Naselje se je razvijo na kri\u017ei\u0161\u010du cest proti Igu, Ko\u010devju in Ljubljani. [<a href=\"https:\/\/www.travel-slovenia.si\/slo\/location\/skofljica\/\">_Preberite ve\u010d_<\/a>]\n<hr \/>\n<p style=\"text-align: justify;\"><a href=\"https:\/\/www.travel-slovenia.si\/slo\/location\/lavrica\/\"><img loading=\"lazy\" decoding=\"async\" class=\"alignleft size-full wp-image-6300\" src=\"https:\/\/www.travel-slovenia.si\/slo\/wp-content\/uploads\/2017\/01\/travel-slovenia-lavrica-view.jpg\" alt=\"travel-slovenia-lavrica-view\" width=\"150\" height=\"150\" srcset=\"https:\/\/www.travel-slovenia.si\/slo\/wp-content\/uploads\/2017\/01\/travel-slovenia-lavrica-view.jpg 150w, https:\/\/www.travel-slovenia.si\/slo\/wp-content\/uploads\/2017\/01\/travel-slovenia-lavrica-view-83x83.jpg 83w, https:\/\/www.travel-slovenia.si\/slo\/wp-content\/uploads\/2017\/01\/travel-slovenia-lavrica-view-55x55.jpg 55w, https:\/\/www.travel-slovenia.si\/slo\/wp-content\/uploads\/2017\/01\/travel-slovenia-lavrica-view-24x24.jpg 24w, https:\/\/www.travel-slovenia.si\/slo\/wp-content\/uploads\/2017\/01\/travel-slovenia-lavrica-view-36x36.jpg 36w, https:\/\/www.travel-slovenia.si\/slo\/wp-content\/uploads\/2017\/01\/travel-slovenia-lavrica-view-48x48.jpg 48w\" sizes=\"auto, (max-width: 150px) 100vw, 150px\" \/><\/a><a href=\"https:\/\/www.travel-slovenia.si\/slo\/location\/lavrica\/\"><strong><em>Lavrica<\/em><\/strong><\/a><br \/>\nLavrica je razpotegnjeno spalno naselje v ob\u010dini \u0160kofljica. Je dokaj razlo\u017eeno in urbanizirano primestno naselje na robu Ljubljanskega barja. Jedro naselja se nahaja ob stari glavni cesti Ljubljana \u2013 Novo mesto. Pred 2. svetovno vojno je bil to le zaselek ob \u017eelezni\u0161ki postaji na progi Ljubljana \u2013 Grosuplje. [<a href=\"https:\/\/www.travel-slovenia.si\/slo\/location\/lavrica\/\">_Preberite ve\u010d_<\/a>]\n<p style=\"text-align: justify;\"><strong><em><img loading=\"lazy\" decoding=\"async\" class=\"alignleft size-full wp-image-4195\" src=\"https:\/\/www.travel-slovenia.si\/slo\/wp-content\/uploads\/2014\/09\/travel-slovenia-lanisce-view.jpg\" alt=\"travel-slovenia-lanisce-view\" width=\"150\" height=\"150\" srcset=\"https:\/\/www.travel-slovenia.si\/slo\/wp-content\/uploads\/2014\/09\/travel-slovenia-lanisce-view.jpg 150w, https:\/\/www.travel-slovenia.si\/slo\/wp-content\/uploads\/2014\/09\/travel-slovenia-lanisce-view-83x83.jpg 83w, https:\/\/www.travel-slovenia.si\/slo\/wp-content\/uploads\/2014\/09\/travel-slovenia-lanisce-view-55x55.jpg 55w, https:\/\/www.travel-slovenia.si\/slo\/wp-content\/uploads\/2014\/09\/travel-slovenia-lanisce-view-24x24.jpg 24w, https:\/\/www.travel-slovenia.si\/slo\/wp-content\/uploads\/2014\/09\/travel-slovenia-lanisce-view-36x36.jpg 36w, https:\/\/www.travel-slovenia.si\/slo\/wp-content\/uploads\/2014\/09\/travel-slovenia-lanisce-view-48x48.jpg 48w\" sizes=\"auto, (max-width: 150px) 100vw, 150px\" \/>Lani\u0161\u010de<br \/>\n<\/em><\/strong>Lani\u0161\u010de je razpr\u0161eno naselje nad severozahodnim zatokom Ljubljanske barja. Nahaja se v ob\u010dini \u0160kofljica. Oddaljeno je kilometer iz mesta \u0160kofljica, pod avtocesto smeri Ljubljana \u2013 Vi\u0161nja Gora, na ju\u017enem pobo\u010dju hriba za katerim se vzpenja Molnik (583 metrov). [<a href=\"https:\/\/www.travel-slovenia.si\/slo\/location\/lanisce\/\">_Preberite ve\u010d_<\/a>]\n<hr \/>\n<p style=\"text-align: justify;\"><strong><em><img loading=\"lazy\" decoding=\"async\" class=\"alignleft size-full wp-image-4205\" src=\"https:\/\/www.travel-slovenia.si\/slo\/wp-content\/uploads\/2014\/09\/travel-slovenia-lisicje-view.jpg\" alt=\"travel-slovenia-lisicje-view\" width=\"150\" height=\"150\" srcset=\"https:\/\/www.travel-slovenia.si\/slo\/wp-content\/uploads\/2014\/09\/travel-slovenia-lisicje-view.jpg 150w, https:\/\/www.travel-slovenia.si\/slo\/wp-content\/uploads\/2014\/09\/travel-slovenia-lisicje-view-83x83.jpg 83w, https:\/\/www.travel-slovenia.si\/slo\/wp-content\/uploads\/2014\/09\/travel-slovenia-lisicje-view-55x55.jpg 55w, https:\/\/www.travel-slovenia.si\/slo\/wp-content\/uploads\/2014\/09\/travel-slovenia-lisicje-view-24x24.jpg 24w, https:\/\/www.travel-slovenia.si\/slo\/wp-content\/uploads\/2014\/09\/travel-slovenia-lisicje-view-36x36.jpg 36w, https:\/\/www.travel-slovenia.si\/slo\/wp-content\/uploads\/2014\/09\/travel-slovenia-lisicje-view-48x48.jpg 48w\" sizes=\"auto, (max-width: 150px) 100vw, 150px\" \/>Lisi\u010dje<\/em><\/strong><br \/>\nLisi\u010dje je zaselek na hribu v ob\u010dini \u0160kofljica, severozahodno iz vasi Lani\u0161\u010de. Tu se nahaja znani dvorec Lisi\u010dje, ki je svoje ime dobil po zaselku. Do zaselka ali dvorca je lep sprehod iz \u0160kofljice med travniki, z razgledi na okolico. Zaselek Lisi\u010dje stoji na obrobju gozda. [<a href=\"https:\/\/www.travel-slovenia.si\/slo\/location\/lisicje\/\">_Preberite ve\u010d_<\/a>]\n","protected":false},"excerpt":{"rendered":"<p>Ob\u010dina \u0160kofljica le\u017ei v centralnem delu Slovenije. Pokriva daljni ju\u017enovzhodni rob Ljubljanskega barja z zatoki, \u017delimeljsko dolino in hribovit del od Orel do Molnika, ki se vzpenja proti Vrhu nad \u017delimljami do vzno\u017eja gore Sv. Ahac nad Turjakom. Na severu meji na ob\u010dino Grosuplje in na zahodu na ob\u010dino Ig. V pogledu velikosti je manj\u0161a [&hellip;]<\/p>\n","protected":false},"author":111,"featured_media":0,"parent":0,"menu_order":0,"comment_status":"closed","ping_status":"closed","template":"","meta":{"footnotes":""},"class_list":["post-2037","page","type-page","status-publish","hentry"],"yoast_head":"<!-- This site is optimized with the Yoast SEO plugin v25.4 - https:\/\/yoast.com\/wordpress\/plugins\/seo\/ -->\n<title>Ob\u010dina \u0160kofljica : Travel-Slovenia<\/title>\n<meta name=\"description\" content=\"Ob\u010dina \u0160kofljica le\u017ei v centralnem delu Slovenije. Geografsko je ob\u010dina \u0160kofljica razdeljena na dva dela - ravninski in hriboviti.\" \/>\n<meta name=\"robots\" content=\"index, follow, max-snippet:-1, max-image-preview:large, max-video-preview:-1\" \/>\n<link rel=\"canonical\" href=\"https:\/\/www.travel-slovenia.si\/slo\/obcina-skofljica\/\" \/>\n<meta property=\"og:locale\" content=\"sl_SI\" \/>\n<meta property=\"og:type\" content=\"article\" \/>\n<meta property=\"og:title\" content=\"Ob\u010dina \u0160kofljica : Travel-Slovenia\" \/>\n<meta property=\"og:description\" content=\"Ob\u010dina \u0160kofljica le\u017ei v centralnem delu Slovenije. Geografsko je ob\u010dina \u0160kofljica razdeljena na dva dela - ravninski in hriboviti.\" \/>\n<meta property=\"og:url\" content=\"https:\/\/www.travel-slovenia.si\/slo\/obcina-skofljica\/\" \/>\n<meta property=\"og:site_name\" content=\"Travel Slovenia - Sledite lepotam na\u0161e male dr\u017eavice\" \/>\n<meta property=\"article:modified_time\" content=\"2017-01-25T18:05:53+00:00\" \/>\n<meta property=\"og:image\" content=\"https:\/\/www.travel-slovenia.si\/slo\/wp-content\/uploads\/2014\/09\/travel-slovenia-obcina-skofljica-zastava.jpg\" \/>\n\t<meta property=\"og:image:width\" content=\"600\" \/>\n\t<meta property=\"og:image:height\" content=\"800\" \/>\n\t<meta property=\"og:image:type\" content=\"image\/jpeg\" \/>\n<meta name=\"twitter:card\" content=\"summary_large_image\" \/>\n<meta name=\"twitter:title\" content=\"Ob\u010dina \u0160kofljica : Travel-Slovenia\" \/>\n<meta name=\"twitter:description\" content=\"Ob\u010dina \u0160kofljica le\u017ei v centralnem delu Slovenije. Geografsko je ob\u010dina \u0160kofljica razdeljena na dva dela - ravninski in hriboviti.\" \/>\n<meta name=\"twitter:image\" content=\"https:\/\/www.travel-slovenia.si\/slo\/wp-content\/uploads\/2014\/09\/travel-slovenia-obcina-skofljica-zastava.jpg\" \/>\n<meta name=\"twitter:label1\" content=\"Est. reading time\" \/>\n\t<meta name=\"twitter:data1\" content=\"2 minuti\" \/>\n<script type=\"application\/ld+json\" class=\"yoast-schema-graph\">{\"@context\":\"https:\/\/schema.org\",\"@graph\":[{\"@type\":\"WebPage\",\"@id\":\"https:\/\/www.travel-slovenia.si\/slo\/obcina-skofljica\/\",\"url\":\"https:\/\/www.travel-slovenia.si\/slo\/obcina-skofljica\/\",\"name\":\"Ob\u010dina \u0160kofljica : Travel-Slovenia\",\"isPartOf\":{\"@id\":\"https:\/\/www.travel-slovenia.si\/slo\/#website\"},\"primaryImageOfPage\":{\"@id\":\"https:\/\/www.travel-slovenia.si\/slo\/obcina-skofljica\/#primaryimage\"},\"image\":{\"@id\":\"https:\/\/www.travel-slovenia.si\/slo\/obcina-skofljica\/#primaryimage\"},\"thumbnailUrl\":\"https:\/\/www.travel-slovenia.si\/slo\/wp-content\/uploads\/2014\/09\/travel-slovenia-obcina-skofljica-zastava.jpg\",\"datePublished\":\"2014-09-16T10:18:53+00:00\",\"dateModified\":\"2017-01-25T18:05:53+00:00\",\"description\":\"Ob\u010dina \u0160kofljica le\u017ei v centralnem delu Slovenije. Geografsko je ob\u010dina \u0160kofljica razdeljena na dva dela - ravninski in hriboviti.\",\"breadcrumb\":{\"@id\":\"https:\/\/www.travel-slovenia.si\/slo\/obcina-skofljica\/#breadcrumb\"},\"inLanguage\":\"sl-SI\",\"potentialAction\":[{\"@type\":\"ReadAction\",\"target\":[\"https:\/\/www.travel-slovenia.si\/slo\/obcina-skofljica\/\"]}]},{\"@type\":\"ImageObject\",\"inLanguage\":\"sl-SI\",\"@id\":\"https:\/\/www.travel-slovenia.si\/slo\/obcina-skofljica\/#primaryimage\",\"url\":\"https:\/\/www.travel-slovenia.si\/slo\/wp-content\/uploads\/2014\/09\/travel-slovenia-obcina-skofljica-zastava.jpg\",\"contentUrl\":\"https:\/\/www.travel-slovenia.si\/slo\/wp-content\/uploads\/2014\/09\/travel-slovenia-obcina-skofljica-zastava.jpg\",\"width\":600,\"height\":800,\"caption\":\"Zastava ob\u010dine \u0160kofljica\"},{\"@type\":\"BreadcrumbList\",\"@id\":\"https:\/\/www.travel-slovenia.si\/slo\/obcina-skofljica\/#breadcrumb\",\"itemListElement\":[{\"@type\":\"ListItem\",\"position\":1,\"name\":\"Home\",\"item\":\"https:\/\/www.travel-slovenia.si\/slo\/\"},{\"@type\":\"ListItem\",\"position\":2,\"name\":\"Ob\u010dina \u0160kofljica\"}]},{\"@type\":\"WebSite\",\"@id\":\"https:\/\/www.travel-slovenia.si\/slo\/#website\",\"url\":\"https:\/\/www.travel-slovenia.si\/slo\/\",\"name\":\"Travel Slovenia - Sledite lepotam na\u0161e male dr\u017eavice\",\"description\":\"\",\"potentialAction\":[{\"@type\":\"SearchAction\",\"target\":{\"@type\":\"EntryPoint\",\"urlTemplate\":\"https:\/\/www.travel-slovenia.si\/slo\/?s={search_term_string}\"},\"query-input\":{\"@type\":\"PropertyValueSpecification\",\"valueRequired\":true,\"valueName\":\"search_term_string\"}}],\"inLanguage\":\"sl-SI\"}]}<\/script>\n<!-- \/ Yoast SEO plugin. -->","yoast_head_json":{"title":"Ob\u010dina \u0160kofljica : Travel-Slovenia","description":"Ob\u010dina \u0160kofljica le\u017ei v centralnem delu Slovenije. Geografsko je ob\u010dina \u0160kofljica razdeljena na dva dela - ravninski in hriboviti.","robots":{"index":"index","follow":"follow","max-snippet":"max-snippet:-1","max-image-preview":"max-image-preview:large","max-video-preview":"max-video-preview:-1"},"canonical":"https:\/\/www.travel-slovenia.si\/slo\/obcina-skofljica\/","og_locale":"sl_SI","og_type":"article","og_title":"Ob\u010dina \u0160kofljica : Travel-Slovenia","og_description":"Ob\u010dina \u0160kofljica le\u017ei v centralnem delu Slovenije. Geografsko je ob\u010dina \u0160kofljica razdeljena na dva dela - ravninski in hriboviti.","og_url":"https:\/\/www.travel-slovenia.si\/slo\/obcina-skofljica\/","og_site_name":"Travel Slovenia - Sledite lepotam na\u0161e male dr\u017eavice","article_modified_time":"2017-01-25T18:05:53+00:00","og_image":[{"width":600,"height":800,"url":"https:\/\/www.travel-slovenia.si\/slo\/wp-content\/uploads\/2014\/09\/travel-slovenia-obcina-skofljica-zastava.jpg","type":"image\/jpeg"}],"twitter_card":"summary_large_image","twitter_title":"Ob\u010dina \u0160kofljica : Travel-Slovenia","twitter_description":"Ob\u010dina \u0160kofljica le\u017ei v centralnem delu Slovenije. Geografsko je ob\u010dina \u0160kofljica razdeljena na dva dela - ravninski in hriboviti.","twitter_image":"https:\/\/www.travel-slovenia.si\/slo\/wp-content\/uploads\/2014\/09\/travel-slovenia-obcina-skofljica-zastava.jpg","twitter_misc":{"Est. reading time":"2 minuti"},"schema":{"@context":"https:\/\/schema.org","@graph":[{"@type":"WebPage","@id":"https:\/\/www.travel-slovenia.si\/slo\/obcina-skofljica\/","url":"https:\/\/www.travel-slovenia.si\/slo\/obcina-skofljica\/","name":"Ob\u010dina \u0160kofljica : Travel-Slovenia","isPartOf":{"@id":"https:\/\/www.travel-slovenia.si\/slo\/#website"},"primaryImageOfPage":{"@id":"https:\/\/www.travel-slovenia.si\/slo\/obcina-skofljica\/#primaryimage"},"image":{"@id":"https:\/\/www.travel-slovenia.si\/slo\/obcina-skofljica\/#primaryimage"},"thumbnailUrl":"https:\/\/www.travel-slovenia.si\/slo\/wp-content\/uploads\/2014\/09\/travel-slovenia-obcina-skofljica-zastava.jpg","datePublished":"2014-09-16T10:18:53+00:00","dateModified":"2017-01-25T18:05:53+00:00","description":"Ob\u010dina \u0160kofljica le\u017ei v centralnem delu Slovenije. Geografsko je ob\u010dina \u0160kofljica razdeljena na dva dela - ravninski in hriboviti.","breadcrumb":{"@id":"https:\/\/www.travel-slovenia.si\/slo\/obcina-skofljica\/#breadcrumb"},"inLanguage":"sl-SI","potentialAction":[{"@type":"ReadAction","target":["https:\/\/www.travel-slovenia.si\/slo\/obcina-skofljica\/"]}]},{"@type":"ImageObject","inLanguage":"sl-SI","@id":"https:\/\/www.travel-slovenia.si\/slo\/obcina-skofljica\/#primaryimage","url":"https:\/\/www.travel-slovenia.si\/slo\/wp-content\/uploads\/2014\/09\/travel-slovenia-obcina-skofljica-zastava.jpg","contentUrl":"https:\/\/www.travel-slovenia.si\/slo\/wp-content\/uploads\/2014\/09\/travel-slovenia-obcina-skofljica-zastava.jpg","width":600,"height":800,"caption":"Zastava ob\u010dine \u0160kofljica"},{"@type":"BreadcrumbList","@id":"https:\/\/www.travel-slovenia.si\/slo\/obcina-skofljica\/#breadcrumb","itemListElement":[{"@type":"ListItem","position":1,"name":"Home","item":"https:\/\/www.travel-slovenia.si\/slo\/"},{"@type":"ListItem","position":2,"name":"Ob\u010dina \u0160kofljica"}]},{"@type":"WebSite","@id":"https:\/\/www.travel-slovenia.si\/slo\/#website","url":"https:\/\/www.travel-slovenia.si\/slo\/","name":"Travel Slovenia - Sledite lepotam na\u0161e male dr\u017eavice","description":"","potentialAction":[{"@type":"SearchAction","target":{"@type":"EntryPoint","urlTemplate":"https:\/\/www.travel-slovenia.si\/slo\/?s={search_term_string}"},"query-input":{"@type":"PropertyValueSpecification","valueRequired":true,"valueName":"search_term_string"}}],"inLanguage":"sl-SI"}]}},"post_mailing_queue_ids":[],"_links":{"self":[{"href":"https:\/\/www.travel-slovenia.si\/slo\/wp-json\/wp\/v2\/pages\/2037","targetHints":{"allow":["GET"]}}],"collection":[{"href":"https:\/\/www.travel-slovenia.si\/slo\/wp-json\/wp\/v2\/pages"}],"about":[{"href":"https:\/\/www.travel-slovenia.si\/slo\/wp-json\/wp\/v2\/types\/page"}],"author":[{"embeddable":true,"href":"https:\/\/www.travel-slovenia.si\/slo\/wp-json\/wp\/v2\/users\/111"}],"replies":[{"embeddable":true,"href":"https:\/\/www.travel-slovenia.si\/slo\/wp-json\/wp\/v2\/comments?post=2037"}],"version-history":[{"count":16,"href":"https:\/\/www.travel-slovenia.si\/slo\/wp-json\/wp\/v2\/pages\/2037\/revisions"}],"predecessor-version":[{"id":6321,"href":"https:\/\/www.travel-slovenia.si\/slo\/wp-json\/wp\/v2\/pages\/2037\/revisions\/6321"}],"wp:attachment":[{"href":"https:\/\/www.travel-slovenia.si\/slo\/wp-json\/wp\/v2\/media?parent=2037"}],"curies":[{"name":"wp","href":"https:\/\/api.w.org\/{rel}","templated":true}]}}