{"id":1698,"date":"2014-08-28T14:47:31","date_gmt":"2014-08-28T14:47:31","guid":{"rendered":"https:\/\/www.travel-slovenia.si\/?page_id=1698"},"modified":"2015-09-30T17:52:54","modified_gmt":"2015-09-30T17:52:54","slug":"olcarska-gozdarska-bajta","status":"publish","type":"page","link":"https:\/\/www.travel-slovenia.si\/slo\/olcarska-gozdarska-bajta\/","title":{"rendered":"Olcarska (gozdarska) bajta"},"content":{"rendered":"<figure id=\"attachment_3884\" class=\"wp-caption alignleft\" style=\"max-width: 300px\"><img loading=\"lazy\" decoding=\"async\" class=\"wp-image-3884\" src=\"https:\/\/www.travel-slovenia.si\/slo\/wp-content\/uploads\/2014\/08\/travel-slovenia-logarska-dolina-orcarska-bajta2.jpg\" alt=\"Bulasto jesensko drevo\" width=\"300\" height=\"400\" srcset=\"https:\/\/www.travel-slovenia.si\/slo\/wp-content\/uploads\/2014\/08\/travel-slovenia-logarska-dolina-orcarska-bajta2.jpg 600w, https:\/\/www.travel-slovenia.si\/slo\/wp-content\/uploads\/2014\/08\/travel-slovenia-logarska-dolina-orcarska-bajta2-225x300.jpg 225w, https:\/\/www.travel-slovenia.si\/slo\/wp-content\/uploads\/2014\/08\/travel-slovenia-logarska-dolina-orcarska-bajta2-18x24.jpg 18w, https:\/\/www.travel-slovenia.si\/slo\/wp-content\/uploads\/2014\/08\/travel-slovenia-logarska-dolina-orcarska-bajta2-27x36.jpg 27w, https:\/\/www.travel-slovenia.si\/slo\/wp-content\/uploads\/2014\/08\/travel-slovenia-logarska-dolina-orcarska-bajta2-36x48.jpg 36w\" sizes=\"auto, (max-width: 300px) 100vw, 300px\" \/><figcaption class=\"wp-caption-text\">Bulasto jesensko drevo<\/figcaption><\/figure>\n<p style=\"text-align: justify;\">Ob poti po Logarski dolini stoji Olcarska (gozdarska) bajta in zraven nje so postavljene lesene sani za spravilo lesa. V bli\u017eini je mo\u010d najti bulasta jesenska drevesa. V ko\u010di nas pozdravi prijeten ogenj v odprtem ognji\u0161\u010du, kjer se lahko prepustimo zgodbam o te\u017ekem \u017eivljenju gozdarjev.<\/p>\n<p style=\"text-align: justify;\">Delovni dan gozdarja v odro\u010dnih gozdovih se je za\u010del vsak dan z zoro. Trdo delo s sekiro in ro\u010dno \u017eago, spanje na pogradu, postlanem z orlovo praprotjo ali listjem ter osiroma\u0161ena hrana, so bili del gozdarjevega vsakdana v \u010dasu podiranja in spravila lesa.\u00a0 Les je bil iz odro\u010dnih gozdov v dolino prepeljan z lesenimi sanmi, navadno pozimi. Spomladi, ko je tajajo\u010di se led ohranjal visok vodostaj rek, so les spu\u0161\u010dali po Savinji do \u017eag. \u017dagan les so povezali v splave in ga tako spu\u0161\u010dali dalje po reki navzdol.<\/p>\n<table>\n<tbody>\n<tr>\n<td>\n<figure id=\"attachment_3882\" class=\"wp-caption alignleft\" style=\"max-width: 291px\"><img loading=\"lazy\" decoding=\"async\" class=\"wp-image-3882\" src=\"https:\/\/www.travel-slovenia.si\/slo\/wp-content\/uploads\/2014\/08\/travel-slovenia-logarska-dolina-orcarska-bajta-300x225.jpg\" alt=\"Olcarska (gozdarska) bajta\" width=\"291\" height=\"218\" srcset=\"https:\/\/www.travel-slovenia.si\/slo\/wp-content\/uploads\/2014\/08\/travel-slovenia-logarska-dolina-orcarska-bajta-300x225.jpg 300w, https:\/\/www.travel-slovenia.si\/slo\/wp-content\/uploads\/2014\/08\/travel-slovenia-logarska-dolina-orcarska-bajta-24x18.jpg 24w, https:\/\/www.travel-slovenia.si\/slo\/wp-content\/uploads\/2014\/08\/travel-slovenia-logarska-dolina-orcarska-bajta-36x27.jpg 36w, https:\/\/www.travel-slovenia.si\/slo\/wp-content\/uploads\/2014\/08\/travel-slovenia-logarska-dolina-orcarska-bajta-48x36.jpg 48w, https:\/\/www.travel-slovenia.si\/slo\/wp-content\/uploads\/2014\/08\/travel-slovenia-logarska-dolina-orcarska-bajta.jpg 600w\" sizes=\"auto, (max-width: 291px) 100vw, 291px\" \/><figcaption class=\"wp-caption-text\">Olcarska (gozdarska) bajta<\/figcaption><\/figure>\n<figure id=\"attachment_3883\" class=\"wp-caption alignright\" style=\"max-width: 291px\"><img loading=\"lazy\" decoding=\"async\" class=\"wp-image-3883\" src=\"https:\/\/www.travel-slovenia.si\/slo\/wp-content\/uploads\/2014\/08\/travel-slovenia-logarska-dolina-orcarska-bajta1-300x225.jpg\" alt=\"Odprto ognji\u0161\u010de v bajti\" width=\"291\" height=\"218\" srcset=\"https:\/\/www.travel-slovenia.si\/slo\/wp-content\/uploads\/2014\/08\/travel-slovenia-logarska-dolina-orcarska-bajta1-300x225.jpg 300w, https:\/\/www.travel-slovenia.si\/slo\/wp-content\/uploads\/2014\/08\/travel-slovenia-logarska-dolina-orcarska-bajta1-24x18.jpg 24w, https:\/\/www.travel-slovenia.si\/slo\/wp-content\/uploads\/2014\/08\/travel-slovenia-logarska-dolina-orcarska-bajta1-36x27.jpg 36w, https:\/\/www.travel-slovenia.si\/slo\/wp-content\/uploads\/2014\/08\/travel-slovenia-logarska-dolina-orcarska-bajta1-48x36.jpg 48w, https:\/\/www.travel-slovenia.si\/slo\/wp-content\/uploads\/2014\/08\/travel-slovenia-logarska-dolina-orcarska-bajta1.jpg 600w\" sizes=\"auto, (max-width: 291px) 100vw, 291px\" \/><figcaption class=\"wp-caption-text\">Odprto ognji\u0161\u010de v bajti<\/figcaption><\/figure><\/td>\n<\/tr>\n<\/tbody>\n<\/table>\n<p>&nbsp;<\/p>\n<hr \/>\n<p style=\"text-align: justify;\"><strong><em><img loading=\"lazy\" decoding=\"async\" class=\"alignleft size-full wp-image-3866\" src=\"https:\/\/www.travel-slovenia.si\/slo\/wp-content\/uploads\/2014\/08\/travel-slovenia-logarska-dolina-view.jpg\" alt=\"travel-slovenia-logarska-dolina-view\" width=\"150\" height=\"150\" srcset=\"https:\/\/www.travel-slovenia.si\/slo\/wp-content\/uploads\/2014\/08\/travel-slovenia-logarska-dolina-view.jpg 150w, https:\/\/www.travel-slovenia.si\/slo\/wp-content\/uploads\/2014\/08\/travel-slovenia-logarska-dolina-view-83x83.jpg 83w, https:\/\/www.travel-slovenia.si\/slo\/wp-content\/uploads\/2014\/08\/travel-slovenia-logarska-dolina-view-55x55.jpg 55w, https:\/\/www.travel-slovenia.si\/slo\/wp-content\/uploads\/2014\/08\/travel-slovenia-logarska-dolina-view-24x24.jpg 24w, https:\/\/www.travel-slovenia.si\/slo\/wp-content\/uploads\/2014\/08\/travel-slovenia-logarska-dolina-view-36x36.jpg 36w, https:\/\/www.travel-slovenia.si\/slo\/wp-content\/uploads\/2014\/08\/travel-slovenia-logarska-dolina-view-48x48.jpg 48w\" sizes=\"auto, (max-width: 150px) 100vw, 150px\" \/>Logarska dolina<br \/>\n<\/em><\/strong>Logarska dolina se nahaja v Kamni\u0161ko-Savinjskih Alpah in se glede na imena deli na spodnji del Log (moker, travnato glinasti svet), srednji del Plest (prete\u017eno gozdna svet) ter zgornji del Kot (gozdnat in kamnit svet). Dolina je bila 1987 zavarovana kot regijski park, ki se razprostira preko 24 kvadratnih km. [<a href=\"https:\/\/www.travel-slovenia.si\/slo\/location\/logarska-dolina\/\">_Preberite ve\u010d_<\/a>]\n","protected":false},"excerpt":{"rendered":"<p>Ob poti po Logarski dolini stoji Olcarska (gozdarska) bajta in zraven nje so postavljene lesene sani za spravilo lesa. V bli\u017eini je mo\u010d najti bulasta jesenska drevesa. V ko\u010di nas pozdravi prijeten ogenj v odprtem ognji\u0161\u010du, kjer se lahko prepustimo zgodbam o te\u017ekem \u017eivljenju gozdarjev. Delovni dan gozdarja v odro\u010dnih gozdovih se je za\u010del vsak [&hellip;]<\/p>\n","protected":false},"author":111,"featured_media":0,"parent":0,"menu_order":0,"comment_status":"closed","ping_status":"closed","template":"","meta":{"footnotes":""},"class_list":["post-1698","page","type-page","status-publish","hentry"],"yoast_head":"<!-- This site is optimized with the Yoast SEO plugin v25.4 - https:\/\/yoast.com\/wordpress\/plugins\/seo\/ -->\n<title>Olcarska (gozdarska) bajta : Travel-Slovenia<\/title>\n<meta name=\"description\" content=\"Ob poti po Logarski dolini stoji Olcarska (gozdarska) bajta in zraven nje so postavljene lesene sani za spravilo lesa.\" \/>\n<meta name=\"robots\" content=\"index, follow, max-snippet:-1, max-image-preview:large, max-video-preview:-1\" \/>\n<link rel=\"canonical\" href=\"https:\/\/www.travel-slovenia.si\/slo\/olcarska-gozdarska-bajta\/\" \/>\n<meta property=\"og:locale\" content=\"sl_SI\" \/>\n<meta property=\"og:type\" content=\"article\" \/>\n<meta property=\"og:title\" content=\"Olcarska (gozdarska) bajta : Travel-Slovenia\" \/>\n<meta property=\"og:description\" content=\"Ob poti po Logarski dolini stoji Olcarska (gozdarska) bakta in zraven nje so postavljene lesene sani za spravilo lesa.\" \/>\n<meta property=\"og:url\" content=\"https:\/\/www.travel-slovenia.si\/slo\/olcarska-gozdarska-bajta\/\" \/>\n<meta property=\"og:site_name\" content=\"Travel Slovenia - Sledite lepotam na\u0161e male dr\u017eavice\" \/>\n<meta property=\"article:modified_time\" content=\"2015-09-30T17:52:54+00:00\" \/>\n<meta property=\"og:image\" content=\"https:\/\/www.travel-slovenia.si\/slo\/wp-content\/uploads\/2014\/08\/travel-slovenia-logarska-dolina-orcarska-bajta.jpg\" \/>\n\t<meta property=\"og:image:width\" content=\"600\" \/>\n\t<meta property=\"og:image:height\" content=\"450\" \/>\n\t<meta property=\"og:image:type\" content=\"image\/jpeg\" \/>\n<meta name=\"twitter:card\" content=\"summary_large_image\" \/>\n<meta name=\"twitter:title\" content=\"Olcarska (gozdarska) bajta : Travel-Slovenia\" \/>\n<meta name=\"twitter:description\" content=\"Ob poti po Logarski dolini stoji Olcarska (gozdarska) bakta in zraven nje so postavljene lesene sani za spravilo lesa.\" \/>\n<meta name=\"twitter:image\" content=\"https:\/\/www.travel-slovenia.si\/slo\/wp-content\/uploads\/2014\/08\/travel-slovenia-logarska-dolina-orcarska-bajta.jpg\" \/>\n<meta name=\"twitter:label1\" content=\"Est. reading time\" \/>\n\t<meta name=\"twitter:data1\" content=\"1 minuta\" \/>\n<script type=\"application\/ld+json\" class=\"yoast-schema-graph\">{\"@context\":\"https:\/\/schema.org\",\"@graph\":[{\"@type\":\"WebPage\",\"@id\":\"https:\/\/www.travel-slovenia.si\/slo\/olcarska-gozdarska-bajta\/\",\"url\":\"https:\/\/www.travel-slovenia.si\/slo\/olcarska-gozdarska-bajta\/\",\"name\":\"Olcarska (gozdarska) bajta : Travel-Slovenia\",\"isPartOf\":{\"@id\":\"https:\/\/www.travel-slovenia.si\/slo\/#website\"},\"primaryImageOfPage\":{\"@id\":\"https:\/\/www.travel-slovenia.si\/slo\/olcarska-gozdarska-bajta\/#primaryimage\"},\"image\":{\"@id\":\"https:\/\/www.travel-slovenia.si\/slo\/olcarska-gozdarska-bajta\/#primaryimage\"},\"thumbnailUrl\":\"https:\/\/www.travel-slovenia.si\/slo\/wp-content\/uploads\/2014\/08\/travel-slovenia-logarska-dolina-orcarska-bajta2.jpg\",\"datePublished\":\"2014-08-28T14:47:31+00:00\",\"dateModified\":\"2015-09-30T17:52:54+00:00\",\"description\":\"Ob poti po Logarski dolini stoji Olcarska (gozdarska) bajta in zraven nje so postavljene lesene sani za spravilo lesa.\",\"breadcrumb\":{\"@id\":\"https:\/\/www.travel-slovenia.si\/slo\/olcarska-gozdarska-bajta\/#breadcrumb\"},\"inLanguage\":\"sl-SI\",\"potentialAction\":[{\"@type\":\"ReadAction\",\"target\":[\"https:\/\/www.travel-slovenia.si\/slo\/olcarska-gozdarska-bajta\/\"]}]},{\"@type\":\"ImageObject\",\"inLanguage\":\"sl-SI\",\"@id\":\"https:\/\/www.travel-slovenia.si\/slo\/olcarska-gozdarska-bajta\/#primaryimage\",\"url\":\"https:\/\/www.travel-slovenia.si\/slo\/wp-content\/uploads\/2014\/08\/travel-slovenia-logarska-dolina-orcarska-bajta2.jpg\",\"contentUrl\":\"https:\/\/www.travel-slovenia.si\/slo\/wp-content\/uploads\/2014\/08\/travel-slovenia-logarska-dolina-orcarska-bajta2.jpg\",\"width\":600,\"height\":800,\"caption\":\"Bulasto jesensko drevo\"},{\"@type\":\"BreadcrumbList\",\"@id\":\"https:\/\/www.travel-slovenia.si\/slo\/olcarska-gozdarska-bajta\/#breadcrumb\",\"itemListElement\":[{\"@type\":\"ListItem\",\"position\":1,\"name\":\"Home\",\"item\":\"https:\/\/www.travel-slovenia.si\/slo\/\"},{\"@type\":\"ListItem\",\"position\":2,\"name\":\"Olcarska (gozdarska) bajta\"}]},{\"@type\":\"WebSite\",\"@id\":\"https:\/\/www.travel-slovenia.si\/slo\/#website\",\"url\":\"https:\/\/www.travel-slovenia.si\/slo\/\",\"name\":\"Travel Slovenia - Sledite lepotam na\u0161e male dr\u017eavice\",\"description\":\"\",\"potentialAction\":[{\"@type\":\"SearchAction\",\"target\":{\"@type\":\"EntryPoint\",\"urlTemplate\":\"https:\/\/www.travel-slovenia.si\/slo\/?s={search_term_string}\"},\"query-input\":{\"@type\":\"PropertyValueSpecification\",\"valueRequired\":true,\"valueName\":\"search_term_string\"}}],\"inLanguage\":\"sl-SI\"}]}<\/script>\n<!-- \/ Yoast SEO plugin. -->","yoast_head_json":{"title":"Olcarska (gozdarska) bajta : Travel-Slovenia","description":"Ob poti po Logarski dolini stoji Olcarska (gozdarska) bajta in zraven nje so postavljene lesene sani za spravilo lesa.","robots":{"index":"index","follow":"follow","max-snippet":"max-snippet:-1","max-image-preview":"max-image-preview:large","max-video-preview":"max-video-preview:-1"},"canonical":"https:\/\/www.travel-slovenia.si\/slo\/olcarska-gozdarska-bajta\/","og_locale":"sl_SI","og_type":"article","og_title":"Olcarska (gozdarska) bajta : Travel-Slovenia","og_description":"Ob poti po Logarski dolini stoji Olcarska (gozdarska) bakta in zraven nje so postavljene lesene sani za spravilo lesa.","og_url":"https:\/\/www.travel-slovenia.si\/slo\/olcarska-gozdarska-bajta\/","og_site_name":"Travel Slovenia - Sledite lepotam na\u0161e male dr\u017eavice","article_modified_time":"2015-09-30T17:52:54+00:00","og_image":[{"width":600,"height":450,"url":"https:\/\/www.travel-slovenia.si\/slo\/wp-content\/uploads\/2014\/08\/travel-slovenia-logarska-dolina-orcarska-bajta.jpg","type":"image\/jpeg"}],"twitter_card":"summary_large_image","twitter_title":"Olcarska (gozdarska) bajta : Travel-Slovenia","twitter_description":"Ob poti po Logarski dolini stoji Olcarska (gozdarska) bakta in zraven nje so postavljene lesene sani za spravilo lesa.","twitter_image":"https:\/\/www.travel-slovenia.si\/slo\/wp-content\/uploads\/2014\/08\/travel-slovenia-logarska-dolina-orcarska-bajta.jpg","twitter_misc":{"Est. reading time":"1 minuta"},"schema":{"@context":"https:\/\/schema.org","@graph":[{"@type":"WebPage","@id":"https:\/\/www.travel-slovenia.si\/slo\/olcarska-gozdarska-bajta\/","url":"https:\/\/www.travel-slovenia.si\/slo\/olcarska-gozdarska-bajta\/","name":"Olcarska (gozdarska) bajta : Travel-Slovenia","isPartOf":{"@id":"https:\/\/www.travel-slovenia.si\/slo\/#website"},"primaryImageOfPage":{"@id":"https:\/\/www.travel-slovenia.si\/slo\/olcarska-gozdarska-bajta\/#primaryimage"},"image":{"@id":"https:\/\/www.travel-slovenia.si\/slo\/olcarska-gozdarska-bajta\/#primaryimage"},"thumbnailUrl":"https:\/\/www.travel-slovenia.si\/slo\/wp-content\/uploads\/2014\/08\/travel-slovenia-logarska-dolina-orcarska-bajta2.jpg","datePublished":"2014-08-28T14:47:31+00:00","dateModified":"2015-09-30T17:52:54+00:00","description":"Ob poti po Logarski dolini stoji Olcarska (gozdarska) bajta in zraven nje so postavljene lesene sani za spravilo lesa.","breadcrumb":{"@id":"https:\/\/www.travel-slovenia.si\/slo\/olcarska-gozdarska-bajta\/#breadcrumb"},"inLanguage":"sl-SI","potentialAction":[{"@type":"ReadAction","target":["https:\/\/www.travel-slovenia.si\/slo\/olcarska-gozdarska-bajta\/"]}]},{"@type":"ImageObject","inLanguage":"sl-SI","@id":"https:\/\/www.travel-slovenia.si\/slo\/olcarska-gozdarska-bajta\/#primaryimage","url":"https:\/\/www.travel-slovenia.si\/slo\/wp-content\/uploads\/2014\/08\/travel-slovenia-logarska-dolina-orcarska-bajta2.jpg","contentUrl":"https:\/\/www.travel-slovenia.si\/slo\/wp-content\/uploads\/2014\/08\/travel-slovenia-logarska-dolina-orcarska-bajta2.jpg","width":600,"height":800,"caption":"Bulasto jesensko drevo"},{"@type":"BreadcrumbList","@id":"https:\/\/www.travel-slovenia.si\/slo\/olcarska-gozdarska-bajta\/#breadcrumb","itemListElement":[{"@type":"ListItem","position":1,"name":"Home","item":"https:\/\/www.travel-slovenia.si\/slo\/"},{"@type":"ListItem","position":2,"name":"Olcarska (gozdarska) bajta"}]},{"@type":"WebSite","@id":"https:\/\/www.travel-slovenia.si\/slo\/#website","url":"https:\/\/www.travel-slovenia.si\/slo\/","name":"Travel Slovenia - Sledite lepotam na\u0161e male dr\u017eavice","description":"","potentialAction":[{"@type":"SearchAction","target":{"@type":"EntryPoint","urlTemplate":"https:\/\/www.travel-slovenia.si\/slo\/?s={search_term_string}"},"query-input":{"@type":"PropertyValueSpecification","valueRequired":true,"valueName":"search_term_string"}}],"inLanguage":"sl-SI"}]}},"post_mailing_queue_ids":[],"_links":{"self":[{"href":"https:\/\/www.travel-slovenia.si\/slo\/wp-json\/wp\/v2\/pages\/1698","targetHints":{"allow":["GET"]}}],"collection":[{"href":"https:\/\/www.travel-slovenia.si\/slo\/wp-json\/wp\/v2\/pages"}],"about":[{"href":"https:\/\/www.travel-slovenia.si\/slo\/wp-json\/wp\/v2\/types\/page"}],"author":[{"embeddable":true,"href":"https:\/\/www.travel-slovenia.si\/slo\/wp-json\/wp\/v2\/users\/111"}],"replies":[{"embeddable":true,"href":"https:\/\/www.travel-slovenia.si\/slo\/wp-json\/wp\/v2\/comments?post=1698"}],"version-history":[{"count":6,"href":"https:\/\/www.travel-slovenia.si\/slo\/wp-json\/wp\/v2\/pages\/1698\/revisions"}],"predecessor-version":[{"id":3885,"href":"https:\/\/www.travel-slovenia.si\/slo\/wp-json\/wp\/v2\/pages\/1698\/revisions\/3885"}],"wp:attachment":[{"href":"https:\/\/www.travel-slovenia.si\/slo\/wp-json\/wp\/v2\/media?parent=1698"}],"curies":[{"name":"wp","href":"https:\/\/api.w.org\/{rel}","templated":true}]}}