{"id":12,"date":"2014-05-21T11:26:08","date_gmt":"2014-05-21T11:26:08","guid":{"rendered":"https:\/\/www.travel-slovenia.si\/?page_id=12"},"modified":"2015-10-29T19:20:18","modified_gmt":"2015-10-29T17:20:18","slug":"obcine","status":"publish","type":"page","link":"https:\/\/www.travel-slovenia.si\/slo\/obcine\/","title":{"rendered":"OB\u010cINE"},"content":{"rendered":"<p style=\"text-align: justify;\">Ob\u010dina je osnovna lokalna skupnost, ki pod zakonom sama uravnava svoje zadeve in skrbi za dolo\u010dene legalne predpise na podro\u010djih, katera so ji dolo\u010dena. Ob\u010dina sestoji iz enega ali ve\u010d naselij, katere povezuje skupni interes prebivalcev. Predstavnik ob\u010dine je, z ve\u010dino glasov izvoljen, \u017eupan.<\/p>\n<p style=\"text-align: justify;\">Slovenija je administrativno razdeljena na 210 ob\u010din, od katerih jih ima 11 status mestne ob\u010dine. Vsaka slovenska ob\u010dina ima svoj ob\u010dinski grb, zastavo in ob\u010dinski praznik.<\/p>\n<figure id=\"attachment_3446\" class=\"wp-caption aligncenter\" style=\"max-width: 600px\"><img loading=\"lazy\" decoding=\"async\" class=\"size-full wp-image-3446\" src=\"https:\/\/www.travel-slovenia.si\/slo\/wp-content\/uploads\/2014\/05\/travel-slovenia-obcine.jpg\" alt=\"Zemljevid slovenskih ob\u010din\" width=\"600\" height=\"392\" srcset=\"https:\/\/www.travel-slovenia.si\/slo\/wp-content\/uploads\/2014\/05\/travel-slovenia-obcine.jpg 600w, https:\/\/www.travel-slovenia.si\/slo\/wp-content\/uploads\/2014\/05\/travel-slovenia-obcine-300x196.jpg 300w, https:\/\/www.travel-slovenia.si\/slo\/wp-content\/uploads\/2014\/05\/travel-slovenia-obcine-24x16.jpg 24w, https:\/\/www.travel-slovenia.si\/slo\/wp-content\/uploads\/2014\/05\/travel-slovenia-obcine-36x24.jpg 36w, https:\/\/www.travel-slovenia.si\/slo\/wp-content\/uploads\/2014\/05\/travel-slovenia-obcine-48x31.jpg 48w\" sizes=\"auto, (max-width: 600px) 100vw, 600px\" \/><figcaption class=\"wp-caption-text\">Zemljevid slovenskih ob\u010din<\/figcaption><\/figure>\n<p>&nbsp;<\/p>\n<hr \/>\n<h3><strong>MESTNE OB\u010cINE<\/strong><\/h3>\n<p>&#8211; Ljubljana<br \/>\n&#8211; Maribor<br \/>\n&#8211; Koper<br \/>\n&#8211; Murska Sobota<br \/>\n&#8211; Celje<br \/>\n&#8211; Kranj<br \/>\n&#8211; Nova Gorica<br \/>\n&#8211; Novo mesto<br \/>\n&#8211; Ptuj<br \/>\n&#8211; Slovenj Gradec<br \/>\n&#8211; Velenje<\/p>\n<hr \/>\n<h3><strong>OB\u010cINE<\/strong><\/h3>\n<p style=\"text-align: justify;\"><strong><em><img loading=\"lazy\" decoding=\"async\" class=\"alignleft size-full wp-image-3447\" src=\"https:\/\/www.travel-slovenia.si\/slo\/wp-content\/uploads\/2014\/05\/travel-slovenia-obcina-skofljica.jpg\" alt=\"travel-slovenia-obcina-skofljica\" width=\"150\" height=\"150\" srcset=\"https:\/\/www.travel-slovenia.si\/slo\/wp-content\/uploads\/2014\/05\/travel-slovenia-obcina-skofljica.jpg 150w, https:\/\/www.travel-slovenia.si\/slo\/wp-content\/uploads\/2014\/05\/travel-slovenia-obcina-skofljica-83x83.jpg 83w, https:\/\/www.travel-slovenia.si\/slo\/wp-content\/uploads\/2014\/05\/travel-slovenia-obcina-skofljica-55x55.jpg 55w, https:\/\/www.travel-slovenia.si\/slo\/wp-content\/uploads\/2014\/05\/travel-slovenia-obcina-skofljica-24x24.jpg 24w, https:\/\/www.travel-slovenia.si\/slo\/wp-content\/uploads\/2014\/05\/travel-slovenia-obcina-skofljica-36x36.jpg 36w, https:\/\/www.travel-slovenia.si\/slo\/wp-content\/uploads\/2014\/05\/travel-slovenia-obcina-skofljica-48x48.jpg 48w\" sizes=\"auto, (max-width: 150px) 100vw, 150px\" \/>Ob\u010dina<\/em>\u00a0<em>\u0160kofljica<\/em><\/strong><br \/>\nOb\u010dina \u0160kofljica\u00a0le\u017ei v centralnem delu Slovenije. Pokriva daljni ju\u017enovzhodni rob Ljubljanskega barja z zatoki, \u017delimeljsko dolino in hribovit del od Orel do Molnika, ki se vzpenja proti Vrhu nad \u017delimljami do vzno\u017eja gore Sv. Ahac nad Turjakom. Na severu meji na ob\u010dino Grosuplje in na zahodu na ob\u010dino Ig. [<a href=\"https:\/\/www.travel-slovenia.si\/slo\/obcina-skofljica\/\">_Preberite ve\u010d_<\/a>]\n","protected":false},"excerpt":{"rendered":"<p>Ob\u010dina je osnovna lokalna skupnost, ki pod zakonom sama uravnava svoje zadeve in skrbi za dolo\u010dene legalne predpise na podro\u010djih, katera so ji dolo\u010dena. Ob\u010dina sestoji iz enega ali ve\u010d naselij, katere povezuje skupni interes prebivalcev. Predstavnik ob\u010dine je, z ve\u010dino glasov izvoljen, \u017eupan. Slovenija je administrativno razdeljena na 210 ob\u010din, od katerih jih ima [&hellip;]<\/p>\n","protected":false},"author":111,"featured_media":0,"parent":0,"menu_order":2,"comment_status":"closed","ping_status":"closed","template":"","meta":{"footnotes":""},"class_list":["post-12","page","type-page","status-publish","hentry"],"yoast_head":"<!-- This site is optimized with the Yoast SEO plugin v25.4 - https:\/\/yoast.com\/wordpress\/plugins\/seo\/ -->\n<title>Ob\u010dine : Travel-Slovenia.si<\/title>\n<meta name=\"description\" content=\"Slovenija je administrativno razdeljena na 210 ob\u010din, od katerih jih ima 11 status mestne ob\u010dine.\" \/>\n<meta name=\"robots\" content=\"index, follow, max-snippet:-1, max-image-preview:large, max-video-preview:-1\" \/>\n<link rel=\"canonical\" href=\"https:\/\/www.travel-slovenia.si\/slo\/obcine\/\" \/>\n<meta property=\"og:locale\" content=\"sl_SI\" \/>\n<meta property=\"og:type\" content=\"article\" \/>\n<meta property=\"og:title\" content=\"Ob\u010dine : Travel-Slovenia.si\" \/>\n<meta property=\"og:description\" content=\"Slovenija je administrativno razdeljena na 210 ob\u010din, od katerih jih ima 11 status mestne ob\u010dine.\" \/>\n<meta property=\"og:url\" content=\"https:\/\/www.travel-slovenia.si\/slo\/obcine\/\" \/>\n<meta property=\"og:site_name\" content=\"Travel Slovenia - Sledite lepotam na\u0161e male dr\u017eavice\" \/>\n<meta property=\"article:modified_time\" content=\"2015-10-29T17:20:18+00:00\" \/>\n<meta property=\"og:image\" content=\"https:\/\/www.travel-slovenia.si\/slo\/wp-content\/uploads\/2014\/05\/travel-slovenia-obcine.jpg\" \/>\n\t<meta property=\"og:image:width\" content=\"600\" \/>\n\t<meta property=\"og:image:height\" content=\"392\" \/>\n\t<meta property=\"og:image:type\" content=\"image\/jpeg\" \/>\n<meta name=\"twitter:card\" content=\"summary_large_image\" \/>\n<meta name=\"twitter:title\" content=\"Ob\u010dine : Travel-Slovenia.si\" \/>\n<meta name=\"twitter:description\" content=\"Slovenija je administrativno razdeljena na 210 ob\u010din, od katerih jih ima 11 status mestne ob\u010dine.\" \/>\n<meta name=\"twitter:image\" content=\"https:\/\/www.travel-slovenia.si\/slo\/wp-content\/uploads\/2014\/05\/travel-slovenia-obcine.jpg\" \/>\n<meta name=\"twitter:label1\" content=\"Est. reading time\" \/>\n\t<meta name=\"twitter:data1\" content=\"1 minuta\" \/>\n<script type=\"application\/ld+json\" class=\"yoast-schema-graph\">{\"@context\":\"https:\/\/schema.org\",\"@graph\":[{\"@type\":\"WebPage\",\"@id\":\"https:\/\/www.travel-slovenia.si\/slo\/obcine\/\",\"url\":\"https:\/\/www.travel-slovenia.si\/slo\/obcine\/\",\"name\":\"Ob\u010dine : Travel-Slovenia.si\",\"isPartOf\":{\"@id\":\"https:\/\/www.travel-slovenia.si\/slo\/#website\"},\"primaryImageOfPage\":{\"@id\":\"https:\/\/www.travel-slovenia.si\/slo\/obcine\/#primaryimage\"},\"image\":{\"@id\":\"https:\/\/www.travel-slovenia.si\/slo\/obcine\/#primaryimage\"},\"thumbnailUrl\":\"https:\/\/www.travel-slovenia.si\/slo\/wp-content\/uploads\/2014\/05\/travel-slovenia-obcine.jpg\",\"datePublished\":\"2014-05-21T11:26:08+00:00\",\"dateModified\":\"2015-10-29T17:20:18+00:00\",\"description\":\"Slovenija je administrativno razdeljena na 210 ob\u010din, od katerih jih ima 11 status mestne ob\u010dine.\",\"breadcrumb\":{\"@id\":\"https:\/\/www.travel-slovenia.si\/slo\/obcine\/#breadcrumb\"},\"inLanguage\":\"sl-SI\",\"potentialAction\":[{\"@type\":\"ReadAction\",\"target\":[\"https:\/\/www.travel-slovenia.si\/slo\/obcine\/\"]}]},{\"@type\":\"ImageObject\",\"inLanguage\":\"sl-SI\",\"@id\":\"https:\/\/www.travel-slovenia.si\/slo\/obcine\/#primaryimage\",\"url\":\"https:\/\/www.travel-slovenia.si\/slo\/wp-content\/uploads\/2014\/05\/travel-slovenia-obcine.jpg\",\"contentUrl\":\"https:\/\/www.travel-slovenia.si\/slo\/wp-content\/uploads\/2014\/05\/travel-slovenia-obcine.jpg\",\"width\":600,\"height\":392,\"caption\":\"Zemljevid slovenskih ob\u010din\"},{\"@type\":\"BreadcrumbList\",\"@id\":\"https:\/\/www.travel-slovenia.si\/slo\/obcine\/#breadcrumb\",\"itemListElement\":[{\"@type\":\"ListItem\",\"position\":1,\"name\":\"Home\",\"item\":\"https:\/\/www.travel-slovenia.si\/slo\/\"},{\"@type\":\"ListItem\",\"position\":2,\"name\":\"OB\u010cINE\"}]},{\"@type\":\"WebSite\",\"@id\":\"https:\/\/www.travel-slovenia.si\/slo\/#website\",\"url\":\"https:\/\/www.travel-slovenia.si\/slo\/\",\"name\":\"Travel Slovenia - Sledite lepotam na\u0161e male dr\u017eavice\",\"description\":\"\",\"potentialAction\":[{\"@type\":\"SearchAction\",\"target\":{\"@type\":\"EntryPoint\",\"urlTemplate\":\"https:\/\/www.travel-slovenia.si\/slo\/?s={search_term_string}\"},\"query-input\":{\"@type\":\"PropertyValueSpecification\",\"valueRequired\":true,\"valueName\":\"search_term_string\"}}],\"inLanguage\":\"sl-SI\"}]}<\/script>\n<!-- \/ Yoast SEO plugin. -->","yoast_head_json":{"title":"Ob\u010dine : Travel-Slovenia.si","description":"Slovenija je administrativno razdeljena na 210 ob\u010din, od katerih jih ima 11 status mestne ob\u010dine.","robots":{"index":"index","follow":"follow","max-snippet":"max-snippet:-1","max-image-preview":"max-image-preview:large","max-video-preview":"max-video-preview:-1"},"canonical":"https:\/\/www.travel-slovenia.si\/slo\/obcine\/","og_locale":"sl_SI","og_type":"article","og_title":"Ob\u010dine : Travel-Slovenia.si","og_description":"Slovenija je administrativno razdeljena na 210 ob\u010din, od katerih jih ima 11 status mestne ob\u010dine.","og_url":"https:\/\/www.travel-slovenia.si\/slo\/obcine\/","og_site_name":"Travel Slovenia - Sledite lepotam na\u0161e male dr\u017eavice","article_modified_time":"2015-10-29T17:20:18+00:00","og_image":[{"width":600,"height":392,"url":"https:\/\/www.travel-slovenia.si\/slo\/wp-content\/uploads\/2014\/05\/travel-slovenia-obcine.jpg","type":"image\/jpeg"}],"twitter_card":"summary_large_image","twitter_title":"Ob\u010dine : Travel-Slovenia.si","twitter_description":"Slovenija je administrativno razdeljena na 210 ob\u010din, od katerih jih ima 11 status mestne ob\u010dine.","twitter_image":"https:\/\/www.travel-slovenia.si\/slo\/wp-content\/uploads\/2014\/05\/travel-slovenia-obcine.jpg","twitter_misc":{"Est. reading time":"1 minuta"},"schema":{"@context":"https:\/\/schema.org","@graph":[{"@type":"WebPage","@id":"https:\/\/www.travel-slovenia.si\/slo\/obcine\/","url":"https:\/\/www.travel-slovenia.si\/slo\/obcine\/","name":"Ob\u010dine : Travel-Slovenia.si","isPartOf":{"@id":"https:\/\/www.travel-slovenia.si\/slo\/#website"},"primaryImageOfPage":{"@id":"https:\/\/www.travel-slovenia.si\/slo\/obcine\/#primaryimage"},"image":{"@id":"https:\/\/www.travel-slovenia.si\/slo\/obcine\/#primaryimage"},"thumbnailUrl":"https:\/\/www.travel-slovenia.si\/slo\/wp-content\/uploads\/2014\/05\/travel-slovenia-obcine.jpg","datePublished":"2014-05-21T11:26:08+00:00","dateModified":"2015-10-29T17:20:18+00:00","description":"Slovenija je administrativno razdeljena na 210 ob\u010din, od katerih jih ima 11 status mestne ob\u010dine.","breadcrumb":{"@id":"https:\/\/www.travel-slovenia.si\/slo\/obcine\/#breadcrumb"},"inLanguage":"sl-SI","potentialAction":[{"@type":"ReadAction","target":["https:\/\/www.travel-slovenia.si\/slo\/obcine\/"]}]},{"@type":"ImageObject","inLanguage":"sl-SI","@id":"https:\/\/www.travel-slovenia.si\/slo\/obcine\/#primaryimage","url":"https:\/\/www.travel-slovenia.si\/slo\/wp-content\/uploads\/2014\/05\/travel-slovenia-obcine.jpg","contentUrl":"https:\/\/www.travel-slovenia.si\/slo\/wp-content\/uploads\/2014\/05\/travel-slovenia-obcine.jpg","width":600,"height":392,"caption":"Zemljevid slovenskih ob\u010din"},{"@type":"BreadcrumbList","@id":"https:\/\/www.travel-slovenia.si\/slo\/obcine\/#breadcrumb","itemListElement":[{"@type":"ListItem","position":1,"name":"Home","item":"https:\/\/www.travel-slovenia.si\/slo\/"},{"@type":"ListItem","position":2,"name":"OB\u010cINE"}]},{"@type":"WebSite","@id":"https:\/\/www.travel-slovenia.si\/slo\/#website","url":"https:\/\/www.travel-slovenia.si\/slo\/","name":"Travel Slovenia - Sledite lepotam na\u0161e male dr\u017eavice","description":"","potentialAction":[{"@type":"SearchAction","target":{"@type":"EntryPoint","urlTemplate":"https:\/\/www.travel-slovenia.si\/slo\/?s={search_term_string}"},"query-input":{"@type":"PropertyValueSpecification","valueRequired":true,"valueName":"search_term_string"}}],"inLanguage":"sl-SI"}]}},"post_mailing_queue_ids":[],"_links":{"self":[{"href":"https:\/\/www.travel-slovenia.si\/slo\/wp-json\/wp\/v2\/pages\/12","targetHints":{"allow":["GET"]}}],"collection":[{"href":"https:\/\/www.travel-slovenia.si\/slo\/wp-json\/wp\/v2\/pages"}],"about":[{"href":"https:\/\/www.travel-slovenia.si\/slo\/wp-json\/wp\/v2\/types\/page"}],"author":[{"embeddable":true,"href":"https:\/\/www.travel-slovenia.si\/slo\/wp-json\/wp\/v2\/users\/111"}],"replies":[{"embeddable":true,"href":"https:\/\/www.travel-slovenia.si\/slo\/wp-json\/wp\/v2\/comments?post=12"}],"version-history":[{"count":32,"href":"https:\/\/www.travel-slovenia.si\/slo\/wp-json\/wp\/v2\/pages\/12\/revisions"}],"predecessor-version":[{"id":4214,"href":"https:\/\/www.travel-slovenia.si\/slo\/wp-json\/wp\/v2\/pages\/12\/revisions\/4214"}],"wp:attachment":[{"href":"https:\/\/www.travel-slovenia.si\/slo\/wp-json\/wp\/v2\/media?parent=12"}],"curies":[{"name":"wp","href":"https:\/\/api.w.org\/{rel}","templated":true}]}}