{"id":1112,"date":"2014-08-02T12:45:00","date_gmt":"2014-08-02T12:45:00","guid":{"rendered":"https:\/\/www.travel-slovenia.si\/?page_id=1112"},"modified":"2016-09-16T09:20:46","modified_gmt":"2016-09-16T07:20:46","slug":"istrska-pramenka","status":"publish","type":"page","link":"https:\/\/www.travel-slovenia.si\/slo\/slovensko\/istrska-pramenka\/","title":{"rendered":"Istrska pramenka"},"content":{"rendered":"<figure id=\"attachment_3997\" class=\"wp-caption alignleft\" style=\"max-width: 300px\"><img loading=\"lazy\" decoding=\"async\" class=\"size-medium wp-image-3997\" src=\"https:\/\/www.travel-slovenia.si\/slo\/wp-content\/uploads\/2014\/08\/travel-slovenia-istrska-pramenka-300x242.jpg\" alt=\"Istrska pramenka ali Istrianka\" width=\"300\" height=\"242\" srcset=\"https:\/\/www.travel-slovenia.si\/slo\/wp-content\/uploads\/2014\/08\/travel-slovenia-istrska-pramenka-300x242.jpg 300w, https:\/\/www.travel-slovenia.si\/slo\/wp-content\/uploads\/2014\/08\/travel-slovenia-istrska-pramenka-24x19.jpg 24w, https:\/\/www.travel-slovenia.si\/slo\/wp-content\/uploads\/2014\/08\/travel-slovenia-istrska-pramenka-36x29.jpg 36w, https:\/\/www.travel-slovenia.si\/slo\/wp-content\/uploads\/2014\/08\/travel-slovenia-istrska-pramenka-48x39.jpg 48w, https:\/\/www.travel-slovenia.si\/slo\/wp-content\/uploads\/2014\/08\/travel-slovenia-istrska-pramenka.jpg 313w\" sizes=\"auto, (max-width: 300px) 100vw, 300px\" \/><figcaption class=\"wp-caption-text\">Istrska pramenka ali Istrianka<\/figcaption><\/figure>\n<p style=\"text-align: justify;\">Iz zgodovinskih virov lahko razberemo, da je\u00a0bila vzreja\u00a0ovac na Krasu \u017ee od nekdaj zelo razvito. Rejci so tako dobili mleko in meso in so ju potem predelovali v razli\u010dne prehrambene izdelke. Poleti so\u00a0se ovce pasle na Sne\u017eniku in v njegovi okolici, jeseni na podro\u010dju Vrem\u0161\u010dice, pozimi pa v Istri in Furlaniji.<\/p>\n<p style=\"text-align: justify;\">Istrska pramenka je precej velika ovca, njena velikost pa je posledica dolgega, visokega trupa in dolgih nog. Noge \u017eivali so tudi mo\u010dne in imajo \u010dvrste, trde biclje, na splo\u0161no pa so srednje mo\u010dnih mi\u0161ic. Na dolgem vratu imajo ozko glavo z nosnim grebenom, njihova u\u0161esa pa so \u0161trle\u010da. Rogov samice ve\u010d ali manj nimajo, za razliko od samcev, kateri se pona\u0161ajo z zavitimi, dobro razvitimi rogovi. Navadno so bele in s temnimi pikami po glavi in trupu, nekatere pa tudi temnej\u0161e. Pora\u0161\u010denost z volno ni tako dobra kot pri nekaterih drugih pasmah, prekrite so z grobo krovno dlako, po nogah in trebuhu pa so ve\u010dinoma gole.<\/p>\n<figure id=\"attachment_3998\" class=\"wp-caption alignright\" style=\"max-width: 300px\"><a href=\"https:\/\/www.travel-slovenia.si\/slo\/wp-content\/uploads\/2014\/08\/travel-slovenia-istrska-pramenka-obmocje.jpg\"><img loading=\"lazy\" decoding=\"async\" class=\"size-medium wp-image-3998\" src=\"https:\/\/www.travel-slovenia.si\/slo\/wp-content\/uploads\/2014\/08\/travel-slovenia-istrska-pramenka-obmocje-300x206.jpg\" alt=\"Obmo\u010dje istrske pramenke\" width=\"300\" height=\"206\" srcset=\"https:\/\/www.travel-slovenia.si\/slo\/wp-content\/uploads\/2014\/08\/travel-slovenia-istrska-pramenka-obmocje-300x206.jpg 300w, https:\/\/www.travel-slovenia.si\/slo\/wp-content\/uploads\/2014\/08\/travel-slovenia-istrska-pramenka-obmocje-24x16.jpg 24w, https:\/\/www.travel-slovenia.si\/slo\/wp-content\/uploads\/2014\/08\/travel-slovenia-istrska-pramenka-obmocje-36x25.jpg 36w, https:\/\/www.travel-slovenia.si\/slo\/wp-content\/uploads\/2014\/08\/travel-slovenia-istrska-pramenka-obmocje-48x33.jpg 48w, https:\/\/www.travel-slovenia.si\/slo\/wp-content\/uploads\/2014\/08\/travel-slovenia-istrska-pramenka-obmocje.jpg 600w\" sizes=\"auto, (max-width: 300px) 100vw, 300px\" \/><\/a><figcaption class=\"wp-caption-text\">Obmo\u010dje istrske pramenke<\/figcaption><\/figure>\n<p style=\"text-align: justify;\">Te\u017ea samice se giblje od 60 do 75 kg, ovni pa lahko dose\u017eejo tudi 95 kg in ve\u010d. Ovce nehajo rasti \u0161ele pri treh ali \u0161tirih letih, kar je precej pozno, ploditi pa se za\u010dnejo \u017ee pri starosti 16 do 18 mesecev in v povpre\u010dju imajo 1,21 rojenih jagnjet na gnezdo. V preteklosti so za parjenje izbirali samo skromne in vzdr\u017eljive \u017eivali z enim jagnjetom, ki so lahko prehodile na desetine kilometrov dnevno.<\/p>\n","protected":false},"excerpt":{"rendered":"<p>Iz zgodovinskih virov lahko razberemo, da je\u00a0bila vzreja\u00a0ovac na Krasu \u017ee od nekdaj zelo razvito. Rejci so tako dobili mleko in meso in so ju potem predelovali v razli\u010dne prehrambene izdelke. Poleti so\u00a0se ovce pasle na Sne\u017eniku in v njegovi okolici, jeseni na podro\u010dju Vrem\u0161\u010dice, pozimi pa v Istri in Furlaniji. Istrska pramenka je precej [&hellip;]<\/p>\n","protected":false},"author":111,"featured_media":0,"parent":10,"menu_order":0,"comment_status":"closed","ping_status":"closed","template":"","meta":{"footnotes":""},"class_list":["post-1112","page","type-page","status-publish","hentry"],"yoast_head":"<!-- This site is optimized with the Yoast SEO plugin v25.4 - https:\/\/yoast.com\/wordpress\/plugins\/seo\/ -->\n<title>Istrska pramenka : Travel-Slovenia<\/title>\n<meta name=\"description\" content=\"Istrska pramenka je precej velika ovca, njena velikost pa je posledica dolgega, visokega trupa in dolgih nog, ki so mo\u010dne in imajo \u010dvrste, trde biclje.\" \/>\n<meta name=\"robots\" content=\"index, follow, max-snippet:-1, max-image-preview:large, max-video-preview:-1\" \/>\n<link rel=\"canonical\" href=\"https:\/\/www.travel-slovenia.si\/slo\/slovensko\/istrska-pramenka\/\" \/>\n<meta property=\"og:locale\" content=\"sl_SI\" \/>\n<meta property=\"og:type\" content=\"article\" \/>\n<meta property=\"og:title\" content=\"Istrska pramenka : Travel-Slovenia\" \/>\n<meta property=\"og:description\" content=\"Istrska pramenka je precej velika ovca, njena velikost pa je posledica dolgega, visokega trupa in dolgih nog, ki so mo\u010dne in imajo \u010dvrste, trde biclje.\" \/>\n<meta property=\"og:url\" content=\"https:\/\/www.travel-slovenia.si\/slo\/slovensko\/istrska-pramenka\/\" \/>\n<meta property=\"og:site_name\" content=\"Travel Slovenia - Sledite lepotam na\u0161e male dr\u017eavice\" \/>\n<meta property=\"article:modified_time\" content=\"2016-09-16T07:20:46+00:00\" \/>\n<meta property=\"og:image\" content=\"https:\/\/www.travel-slovenia.si\/slo\/wp-content\/uploads\/2014\/08\/travel-slovenia-istrska-pramenka.jpg\" \/>\n\t<meta property=\"og:image:width\" content=\"313\" \/>\n\t<meta property=\"og:image:height\" content=\"253\" \/>\n\t<meta property=\"og:image:type\" content=\"image\/jpeg\" \/>\n<meta name=\"twitter:card\" content=\"summary_large_image\" \/>\n<meta name=\"twitter:title\" content=\"Istrska pramenka : Travel-Slovenia\" \/>\n<meta name=\"twitter:description\" content=\"Istrska pramenka je precej velika ovca, njena velikost pa je posledica dolgega, visokega trupa in dolgih nog, ki so mo\u010dne in imajo \u010dvrste, trde biclje.\" \/>\n<meta name=\"twitter:image\" content=\"https:\/\/www.travel-slovenia.si\/slo\/wp-content\/uploads\/2014\/08\/travel-slovenia-istrska-pramenka.jpg\" \/>\n<meta name=\"twitter:label1\" content=\"Est. reading time\" \/>\n\t<meta name=\"twitter:data1\" content=\"1 minuta\" \/>\n<script type=\"application\/ld+json\" class=\"yoast-schema-graph\">{\"@context\":\"https:\/\/schema.org\",\"@graph\":[{\"@type\":\"WebPage\",\"@id\":\"https:\/\/www.travel-slovenia.si\/slo\/slovensko\/istrska-pramenka\/\",\"url\":\"https:\/\/www.travel-slovenia.si\/slo\/slovensko\/istrska-pramenka\/\",\"name\":\"Istrska pramenka : Travel-Slovenia\",\"isPartOf\":{\"@id\":\"https:\/\/www.travel-slovenia.si\/slo\/#website\"},\"primaryImageOfPage\":{\"@id\":\"https:\/\/www.travel-slovenia.si\/slo\/slovensko\/istrska-pramenka\/#primaryimage\"},\"image\":{\"@id\":\"https:\/\/www.travel-slovenia.si\/slo\/slovensko\/istrska-pramenka\/#primaryimage\"},\"thumbnailUrl\":\"https:\/\/www.travel-slovenia.si\/slo\/wp-content\/uploads\/2014\/08\/travel-slovenia-istrska-pramenka-300x242.jpg\",\"datePublished\":\"2014-08-02T12:45:00+00:00\",\"dateModified\":\"2016-09-16T07:20:46+00:00\",\"description\":\"Istrska pramenka je precej velika ovca, njena velikost pa je posledica dolgega, visokega trupa in dolgih nog, ki so mo\u010dne in imajo \u010dvrste, trde biclje.\",\"breadcrumb\":{\"@id\":\"https:\/\/www.travel-slovenia.si\/slo\/slovensko\/istrska-pramenka\/#breadcrumb\"},\"inLanguage\":\"sl-SI\",\"potentialAction\":[{\"@type\":\"ReadAction\",\"target\":[\"https:\/\/www.travel-slovenia.si\/slo\/slovensko\/istrska-pramenka\/\"]}]},{\"@type\":\"ImageObject\",\"inLanguage\":\"sl-SI\",\"@id\":\"https:\/\/www.travel-slovenia.si\/slo\/slovensko\/istrska-pramenka\/#primaryimage\",\"url\":\"https:\/\/www.travel-slovenia.si\/slo\/wp-content\/uploads\/2014\/08\/travel-slovenia-istrska-pramenka.jpg\",\"contentUrl\":\"https:\/\/www.travel-slovenia.si\/slo\/wp-content\/uploads\/2014\/08\/travel-slovenia-istrska-pramenka.jpg\",\"width\":313,\"height\":253,\"caption\":\"Istrska pramenka ali Istrianka\"},{\"@type\":\"BreadcrumbList\",\"@id\":\"https:\/\/www.travel-slovenia.si\/slo\/slovensko\/istrska-pramenka\/#breadcrumb\",\"itemListElement\":[{\"@type\":\"ListItem\",\"position\":1,\"name\":\"Home\",\"item\":\"https:\/\/www.travel-slovenia.si\/slo\/\"},{\"@type\":\"ListItem\",\"position\":2,\"name\":\"SLOVENSKO\",\"item\":\"https:\/\/www.travel-slovenia.si\/slo\/slovensko\/\"},{\"@type\":\"ListItem\",\"position\":3,\"name\":\"Istrska pramenka\"}]},{\"@type\":\"WebSite\",\"@id\":\"https:\/\/www.travel-slovenia.si\/slo\/#website\",\"url\":\"https:\/\/www.travel-slovenia.si\/slo\/\",\"name\":\"Travel Slovenia - Sledite lepotam na\u0161e male dr\u017eavice\",\"description\":\"\",\"potentialAction\":[{\"@type\":\"SearchAction\",\"target\":{\"@type\":\"EntryPoint\",\"urlTemplate\":\"https:\/\/www.travel-slovenia.si\/slo\/?s={search_term_string}\"},\"query-input\":{\"@type\":\"PropertyValueSpecification\",\"valueRequired\":true,\"valueName\":\"search_term_string\"}}],\"inLanguage\":\"sl-SI\"}]}<\/script>\n<!-- \/ Yoast SEO plugin. -->","yoast_head_json":{"title":"Istrska pramenka : Travel-Slovenia","description":"Istrska pramenka je precej velika ovca, njena velikost pa je posledica dolgega, visokega trupa in dolgih nog, ki so mo\u010dne in imajo \u010dvrste, trde biclje.","robots":{"index":"index","follow":"follow","max-snippet":"max-snippet:-1","max-image-preview":"max-image-preview:large","max-video-preview":"max-video-preview:-1"},"canonical":"https:\/\/www.travel-slovenia.si\/slo\/slovensko\/istrska-pramenka\/","og_locale":"sl_SI","og_type":"article","og_title":"Istrska pramenka : Travel-Slovenia","og_description":"Istrska pramenka je precej velika ovca, njena velikost pa je posledica dolgega, visokega trupa in dolgih nog, ki so mo\u010dne in imajo \u010dvrste, trde biclje.","og_url":"https:\/\/www.travel-slovenia.si\/slo\/slovensko\/istrska-pramenka\/","og_site_name":"Travel Slovenia - Sledite lepotam na\u0161e male dr\u017eavice","article_modified_time":"2016-09-16T07:20:46+00:00","og_image":[{"width":313,"height":253,"url":"https:\/\/www.travel-slovenia.si\/slo\/wp-content\/uploads\/2014\/08\/travel-slovenia-istrska-pramenka.jpg","type":"image\/jpeg"}],"twitter_card":"summary_large_image","twitter_title":"Istrska pramenka : Travel-Slovenia","twitter_description":"Istrska pramenka je precej velika ovca, njena velikost pa je posledica dolgega, visokega trupa in dolgih nog, ki so mo\u010dne in imajo \u010dvrste, trde biclje.","twitter_image":"https:\/\/www.travel-slovenia.si\/slo\/wp-content\/uploads\/2014\/08\/travel-slovenia-istrska-pramenka.jpg","twitter_misc":{"Est. reading time":"1 minuta"},"schema":{"@context":"https:\/\/schema.org","@graph":[{"@type":"WebPage","@id":"https:\/\/www.travel-slovenia.si\/slo\/slovensko\/istrska-pramenka\/","url":"https:\/\/www.travel-slovenia.si\/slo\/slovensko\/istrska-pramenka\/","name":"Istrska pramenka : Travel-Slovenia","isPartOf":{"@id":"https:\/\/www.travel-slovenia.si\/slo\/#website"},"primaryImageOfPage":{"@id":"https:\/\/www.travel-slovenia.si\/slo\/slovensko\/istrska-pramenka\/#primaryimage"},"image":{"@id":"https:\/\/www.travel-slovenia.si\/slo\/slovensko\/istrska-pramenka\/#primaryimage"},"thumbnailUrl":"https:\/\/www.travel-slovenia.si\/slo\/wp-content\/uploads\/2014\/08\/travel-slovenia-istrska-pramenka-300x242.jpg","datePublished":"2014-08-02T12:45:00+00:00","dateModified":"2016-09-16T07:20:46+00:00","description":"Istrska pramenka je precej velika ovca, njena velikost pa je posledica dolgega, visokega trupa in dolgih nog, ki so mo\u010dne in imajo \u010dvrste, trde biclje.","breadcrumb":{"@id":"https:\/\/www.travel-slovenia.si\/slo\/slovensko\/istrska-pramenka\/#breadcrumb"},"inLanguage":"sl-SI","potentialAction":[{"@type":"ReadAction","target":["https:\/\/www.travel-slovenia.si\/slo\/slovensko\/istrska-pramenka\/"]}]},{"@type":"ImageObject","inLanguage":"sl-SI","@id":"https:\/\/www.travel-slovenia.si\/slo\/slovensko\/istrska-pramenka\/#primaryimage","url":"https:\/\/www.travel-slovenia.si\/slo\/wp-content\/uploads\/2014\/08\/travel-slovenia-istrska-pramenka.jpg","contentUrl":"https:\/\/www.travel-slovenia.si\/slo\/wp-content\/uploads\/2014\/08\/travel-slovenia-istrska-pramenka.jpg","width":313,"height":253,"caption":"Istrska pramenka ali Istrianka"},{"@type":"BreadcrumbList","@id":"https:\/\/www.travel-slovenia.si\/slo\/slovensko\/istrska-pramenka\/#breadcrumb","itemListElement":[{"@type":"ListItem","position":1,"name":"Home","item":"https:\/\/www.travel-slovenia.si\/slo\/"},{"@type":"ListItem","position":2,"name":"SLOVENSKO","item":"https:\/\/www.travel-slovenia.si\/slo\/slovensko\/"},{"@type":"ListItem","position":3,"name":"Istrska pramenka"}]},{"@type":"WebSite","@id":"https:\/\/www.travel-slovenia.si\/slo\/#website","url":"https:\/\/www.travel-slovenia.si\/slo\/","name":"Travel Slovenia - Sledite lepotam na\u0161e male dr\u017eavice","description":"","potentialAction":[{"@type":"SearchAction","target":{"@type":"EntryPoint","urlTemplate":"https:\/\/www.travel-slovenia.si\/slo\/?s={search_term_string}"},"query-input":{"@type":"PropertyValueSpecification","valueRequired":true,"valueName":"search_term_string"}}],"inLanguage":"sl-SI"}]}},"post_mailing_queue_ids":[],"_links":{"self":[{"href":"https:\/\/www.travel-slovenia.si\/slo\/wp-json\/wp\/v2\/pages\/1112","targetHints":{"allow":["GET"]}}],"collection":[{"href":"https:\/\/www.travel-slovenia.si\/slo\/wp-json\/wp\/v2\/pages"}],"about":[{"href":"https:\/\/www.travel-slovenia.si\/slo\/wp-json\/wp\/v2\/types\/page"}],"author":[{"embeddable":true,"href":"https:\/\/www.travel-slovenia.si\/slo\/wp-json\/wp\/v2\/users\/111"}],"replies":[{"embeddable":true,"href":"https:\/\/www.travel-slovenia.si\/slo\/wp-json\/wp\/v2\/comments?post=1112"}],"version-history":[{"count":19,"href":"https:\/\/www.travel-slovenia.si\/slo\/wp-json\/wp\/v2\/pages\/1112\/revisions"}],"predecessor-version":[{"id":5897,"href":"https:\/\/www.travel-slovenia.si\/slo\/wp-json\/wp\/v2\/pages\/1112\/revisions\/5897"}],"up":[{"embeddable":true,"href":"https:\/\/www.travel-slovenia.si\/slo\/wp-json\/wp\/v2\/pages\/10"}],"wp:attachment":[{"href":"https:\/\/www.travel-slovenia.si\/slo\/wp-json\/wp\/v2\/media?parent=1112"}],"curies":[{"name":"wp","href":"https:\/\/api.w.org\/{rel}","templated":true}]}}